{"id":40,"date":"2022-09-06T16:12:33","date_gmt":"2022-09-06T19:12:33","guid":{"rendered":"https:\/\/jandaiadosul.ufpr.br\/unidadedeapoioacademico\/?page_id=40"},"modified":"2023-02-16T13:05:06","modified_gmt":"2023-02-16T16:05:06","slug":"servicos-da-unidade","status":"publish","type":"page","link":"https:\/\/jandaiadosul.ufpr.br\/unidadedeapoioacademico\/servicos-da-unidade\/","title":{"rendered":"Servi\u00e7os da Unidade"},"content":{"rendered":"<h3><\/h3>\n<table style=\"width: 97.1979%\">\n<tbody>\n<tr style=\"height: 34px\">\n<td style=\"height: 34px;width: 15.0636%;border-style: solid;border-color: #000000;vertical-align: middle\"><span style=\"font-size: 12pt\"><strong>Formul\u00e1rio<\/strong><\/span><\/td>\n<td style=\"height: 34px;width: 22.1153%;border-style: solid;border-color: #000000;vertical-align: middle\"><span style=\"font-size: 12pt\"><strong>Quando solicitar<\/strong><\/span><\/td>\n<td style=\"height: 34px;width: 342.898%;border-style: solid;border-color: #000000;vertical-align: middle\"><span style=\"font-size: 12pt\"><strong>Normas<\/strong><\/span><\/td>\n<\/tr>\n<tr style=\"height: 52px\">\n<td style=\"height: 52px;width: 15.0636%;border-style: solid;border-color: #000000\">Adiantamento de Conhecimento<\/td>\n<td style=\"height: 52px;width: 22.1153%;border-style: solid;border-color: #000000\">Conforme Calend\u00e1rio Acad\u00eamico.<\/td>\n<td style=\"height: 52px;width: 342.898%;border-style: solid;border-color: #000000\">Apresentar documentos comprobat\u00f3rios ou fazer solicita\u00e7\u00e3o circunstanciada que indique o dom\u00ednio de conhecimento (Resolu\u00e7\u00e3o n\u00ba 92\/13 \u2013 CEPE e Instru\u00e7\u00e3o Normativa n\u00ba 01\/14 \u2013 PROGRAD).<\/p>\n<p>Estudante solicita via SIGA.\u00a0 Tutorial dispon\u00edvel em: <span style=\"text-decoration: underline;color: #0000ff\"><a style=\"color: #0000ff;text-decoration: underline\" href=\"https:\/\/ufpraberta.ufpr.br\/mod\/page\/view.php?id=162\">https:\/\/ufpraberta.ufpr.br\/mod\/page\/view.php?id=162\u00a0<\/a><\/span><\/td>\n<\/tr>\n<tr style=\"height: 34px\">\n<td style=\"height: 34px;width: 15.0636%;border-style: solid;border-color: #000000\">Ajuste de Matr\u00edcula<\/td>\n<td style=\"height: 34px;width: 22.1153%;border-style: solid;border-color: #000000\">Conforme Calend\u00e1rio Acad\u00eamico.<\/td>\n<td style=\"height: 34px;width: 342.898%;border-style: solid;border-color: #000000\">Estudante solicita via SIGA. V\u00eddeo tutorial dispon\u00edvel em: <span style=\"text-decoration: underline\"><span style=\"color: #0000ff\"><a style=\"color: #0000ff;text-decoration: underline\" href=\"https:\/\/www.youtube.com\/watch?v=ecvOkDx7UkU\">https:\/\/www.youtube.com\/watch?v=ecvOkDx7UkU<\/a><\/span><\/span><\/td>\n<\/tr>\n<tr style=\"height: 52px\">\n<td style=\"height: 52px;width: 15.0636%;border-style: solid;border-color: #000000\"><span style=\"text-decoration: underline\"><span style=\"color: #0000ff\"><a style=\"color: #0000ff;text-decoration: underline\" href=\"https:\/\/jandaiadosul.ufpr.br\/wp-content\/uploads\/2020\/02\/Altera\u00e7\u00e3o-de-Cadastro.pdf\">Altera\u00e7\u00e3o de Cadastro<\/a><\/span><\/span><\/td>\n<td style=\"height: 52px;width: 22.1153%;border-style: solid;border-color: #000000\">A qualquer tempo.<\/td>\n<td style=\"height: 52px;width: 342.898%;border-style: solid;border-color: #000000\">Unidade recebe a solicita\u00e7\u00e3o e envia \u00e0 COPAP para corre\u00e7\u00e3o.<\/td>\n<\/tr>\n<tr style=\"height: 88px\">\n<td style=\"height: 88px;width: 15.0636%;border-style: solid;border-color: #000000\">Aproveitamento de Conhecimento<\/td>\n<td style=\"height: 88px;width: 22.1153%;border-style: solid;border-color: #000000\">Conforme Calend\u00e1rio Acad\u00eamico.<\/td>\n<td style=\"height: 88px;width: 342.898%;border-style: solid;border-color: #000000\">Ter reprovado por nota, mas com frequ\u00eancia igual ou superior a 75% (apresentar Hist\u00f3rico Escolar); N\u00e3o haver solicitado o exame para a(s) disciplina(s) anteriormente e solicitar no m\u00e1ximo 2 exames por per\u00edodo (Resolu\u00e7\u00e3o n\u00ba 92\/13 \u2013 CEPE e Instru\u00e7\u00e3o Normativa n\u00ba 01\/14 \u2013 PROGRAD).<\/p>\n<p>Estudante solicita via SIGA. Tutorial dispon\u00edvel em: <span style=\"text-decoration: underline;color: #0000ff\"><a style=\"color: #0000ff;text-decoration: underline\" href=\"https:\/\/ufpraberta.ufpr.br\/mod\/page\/view.php?id=163\">https:\/\/ufpraberta.ufpr.br\/mod\/page\/view.php?id=163<\/a><\/span><\/td>\n<\/tr>\n<tr style=\"height: 88px\">\n<td style=\"height: 88px;width: 15.0636%;border-style: solid;border-color: #000000\">Cancelamento de Matr\u00edculas em Disciplinas<\/td>\n<td style=\"height: 88px;width: 22.1153%;border-style: solid;border-color: #000000\">Conforme Calend\u00e1rio Acad\u00eamico.<\/td>\n<td style=\"height: 88px;width: 342.898%;border-style: solid;border-color: #000000\">N\u00e3o ter solicitado cancelamento de matr\u00edcula na(s) disciplina(s), ou apresentar autoriza\u00e7\u00e3o do Colegiado; Apresentar comprovante de matr\u00edcula e autoriza\u00e7\u00e3o do Coordenador do Curso para cursar abaixo da carga hor\u00e1ria semanal m\u00ednima (Resolu\u00e7\u00e3o n\u00ba 37\/97 \u2013 CEPE, art. 60).<\/p>\n<p>Estudante solicita via SIGA. Tutorial dispon\u00edvel em: <span style=\"text-decoration: underline\"><span style=\"color: #0000ff\"><a style=\"color: #0000ff;text-decoration: underline\" href=\"https:\/\/ufpraberta.ufpr.br\/mod\/page\/view.php?id=166\">https:\/\/ufpraberta.ufpr.br\/mod\/page\/view.php?id=166<\/a><\/span><\/span><\/td>\n<\/tr>\n<tr style=\"height: 70px\">\n<td style=\"height: 70px;width: 15.0636%;border-style: solid;border-color: #000000\"><span style=\"text-decoration: underline\"><span style=\"color: #0000ff\"><a style=\"color: #0000ff;text-decoration: underline\" href=\"https:\/\/jandaiadosul.ufpr.br\/wp-content\/uploads\/2020\/02\/Cancelamento-de-Registro.pdf\">Cancelamento de Registro<\/a><\/span><\/span><\/td>\n<td style=\"height: 70px;width: 22.1153%;border-style: solid;border-color: #000000\">A qualquer tempo.<\/td>\n<td style=\"height: 70px;width: 342.898%;border-style: solid;border-color: #000000\">O aluno n\u00e3o pode estar em situa\u00e7\u00e3o de inadimpl\u00eancia com o Sistema de Bibliotecas. Unidade recebe a solicita\u00e7\u00e3o e envia \u00e0 COPAP.<\/td>\n<\/tr>\n<tr style=\"height: 52px\">\n<td style=\"height: 52px;width: 15.0636%;border-style: solid;border-color: #000000\">Comprovante e Declara\u00e7\u00e3o de Matr\u00edcula, Hist\u00f3rico Escolar e Relat\u00f3rio de Integraliza\u00e7\u00e3o<\/td>\n<td style=\"height: 52px;width: 22.1153%;border-style: solid;border-color: #000000\">A qualquer tempo.<\/td>\n<td style=\"height: 52px;width: 342.898%;border-style: solid;border-color: #000000\">Unidade emite no ato da solicita\u00e7\u00e3o, desde que n\u00e3o haja sobrecarga de trabalho no momento.<\/p>\n<p>Estudante tamb\u00e9m pode solicitar os documentos via SIGA. Tutorial dispon\u00edvel em: <span style=\"text-decoration: underline\"><span style=\"color: #0000ff\"><a style=\"color: #0000ff;text-decoration: underline\" href=\"https:\/\/ufpraberta.ufpr.br\/mod\/page\/view.php?id=821\">https:\/\/ufpraberta.ufpr.br\/mod\/page\/view.php?id=821<\/a><\/span><\/span><\/td>\n<\/tr>\n<tr style=\"height: 34px\">\n<td style=\"height: 34px;width: 15.0636%;border-style: solid;border-color: #000000\">Destrancamento de Curso<\/td>\n<td style=\"height: 34px;width: 22.1153%;border-style: solid;border-color: #000000\">Conforme Calend\u00e1rio Acad\u00eamico.<\/td>\n<td style=\"height: 34px;width: 342.898%;border-style: solid;border-color: #000000\">\u00c9 necess\u00e1rio que o aluno disponha de tempo h\u00e1bil para integraliza\u00e7\u00e3o de seu curr\u00edculo por ocasi\u00e3o do retorno (Resolu\u00e7\u00e3o n\u00ba 97-A\/15 \u2013 CEPE e Instru\u00e7\u00e3o Normativa n\u00ba 01\/16 \u2013 PROGRAD).<\/p>\n<p>Estudante solicita via SIGA. Tutorial dispon\u00edvel em: <span style=\"text-decoration: underline;color: #0000ff\"><a style=\"color: #0000ff;text-decoration: underline\" href=\"https:\/\/ufpraberta.ufpr.br\/mod\/page\/view.php?id=232\">https:\/\/ufpraberta.ufpr.br\/mod\/page\/view.php?id=232<\/a><\/span><\/td>\n<\/tr>\n<tr style=\"height: 89px\">\n<td style=\"height: 89px;width: 15.0636%;border-style: solid;border-color: #000000\"><span style=\"text-decoration: underline\"><span style=\"color: #0000ff\"><a style=\"color: #0000ff;text-decoration: underline\" href=\"https:\/\/jandaiadosul.ufpr.br\/wp-content\/uploads\/2020\/02\/Dispensa-de-Frequ\u00eancia.pdf\">Dispensa de Frequ\u00eancia<\/a><\/span><\/span><\/td>\n<td style=\"height: 89px;width: 22.1153%;border-style: solid;border-color: #000000\">N\u00e3o h\u00e1 abono de faltas.\u00a0O coordenador do curso, de comum acordo com o(s) professor(es) ministrante(s) da(s) disciplina(s) cursada(s) pelo aluno, poder\u00e3o dispensar esporadicamente das aulas regulares o aluno participante das atividades dispostas nos arts. 81 e 82 da Resolu\u00e7\u00e3o n\u00ba 37\/97-CEPE.<\/td>\n<td style=\"height: 89px;width: 342.898%;border-style: solid;border-color: #000000\">O aluno que participar das atividades descritas nos arts. 81 e 82 da Resolu\u00e7\u00e3o n\u00ba 37\/97-CEPE deve preencher requerimento e, encerrado o evento, de imediato apresentar documento comprobat\u00f3rio de sua participa\u00e7\u00e3o no mesmo.<\/td>\n<\/tr>\n<tr style=\"height: 53px\">\n<td style=\"height: 53px;width: 15.0636%;border-style: solid;border-color: #000000\">Equival\u00eancia de Disciplina<\/td>\n<td style=\"height: 53px;width: 22.1153%;border-style: solid;border-color: #000000\">Conforme Calend\u00e1rio Acad\u00eamico.<\/td>\n<td style=\"height: 53px;width: 342.898%;border-style: solid;border-color: #000000\">Apresentar Hist\u00f3rico Escolar ou Certificado originais e Programas das disciplinas cursadas na institui\u00e7\u00e3o de origem com autentica\u00e7\u00e3o (Resolu\u00e7\u00e3o n\u00ba 92\/13 \u2013 CEPE e Instru\u00e7\u00e3o Normativa n\u00ba 01\/14 \u2013 PROGRAD).<\/p>\n<p>Estudante solicita via SIGA. Tutorial dispon\u00edvel em: <span style=\"text-decoration: underline\"><span style=\"color: #0000ff\"><a style=\"color: #0000ff;text-decoration: underline\" href=\"https:\/\/ufpraberta.ufpr.br\/mod\/page\/view.php?id=161\">https:\/\/ufpraberta.ufpr.br\/mod\/page\/view.php?id=161<\/a><\/span><\/span><\/td>\n<\/tr>\n<tr style=\"height: 71px\">\n<td style=\"height: 71px;width: 15.0636%;border-style: solid;border-color: #000000\"><span style=\"text-decoration: underline;color: #0000ff\"><a style=\"color: #0000ff;text-decoration: underline\" href=\"https:\/\/jandaiadosul.ufpr.br\/wp-content\/uploads\/2020\/02\/Exerc\u00edcios-Domiciliares.pdf\">Exerc\u00edcios Domiciliares<\/a><\/span><\/td>\n<td style=\"height: 71px;width: 22.1153%;border-style: solid;border-color: #000000\">No prazo de 5 dias \u00fateis contados do in\u00edcio do impedimento.<\/td>\n<td style=\"height: 71px;width: 342.898%;border-style: solid;border-color: #000000\">Apresentar atestado emitido por profissional da \u00e1rea de sa\u00fade que comprove enquadramento ao Decreto-Lei n\u00ba 1044\/69 (portadores de afec\u00e7\u00f5es), ou \u00e0 Lei n\u00ba 6202\/75 (alunas em estado de gravidez). (Resolu\u00e7\u00e3o n\u00ba 37\/97 \u2013 CEPE, arts. 84 e 85).<\/td>\n<\/tr>\n<tr style=\"height: 53px\">\n<td style=\"height: 53px;width: 15.0636%;border-style: solid;border-color: #000000\">Matr\u00edcula em Disciplina Eletiva<\/td>\n<td style=\"height: 53px;width: 22.1153%;border-style: solid;border-color: #000000\">Conforme Calend\u00e1rio Acad\u00eamico.<\/td>\n<td style=\"height: 53px;width: 342.898%;border-style: solid;border-color: #000000\">Haver vaga na turma; N\u00e3o ser disciplina do seu curso; n\u00e3o lhe faltar pr\u00e9-requisito ou co-requisito; N\u00e3o exceder 8 horas di\u00e1rias e\/ou 40 semanais (Resolu\u00e7\u00e3o n\u00ba 37\/97 \u2013 CEPE, arts. 55 a 59).<\/p>\n<p>Estudante solicita via SIGA. Tutorial dispon\u00edvel em:<span style=\"text-decoration: underline\"><span style=\"color: #0000ff\"> <a style=\"color: #0000ff;text-decoration: underline\" href=\"https:\/\/ufpraberta.ufpr.br\/mod\/page\/view.php?id=168\">https:\/\/ufpraberta.ufpr.br\/mod\/page\/view.php?id=168<\/a><\/span><\/span><\/td>\n<\/tr>\n<tr style=\"height: 53px\">\n<td style=\"height: 53px;width: 15.0636%;border-style: solid;border-color: #000000\"><span style=\"text-decoration: underline\"><span style=\"color: #0000ff\"><a style=\"color: #0000ff;text-decoration: underline\" href=\"http:\/\/jandaiadosul.ufpr.br\/unidadedeapoioacademico\/wp-content\/uploads\/sites\/18\/2022\/10\/matricula-em-disciplina-isolada.pdf\">Matr\u00edcula em Disciplina Isolada<\/a><\/span><\/span><\/td>\n<td style=\"height: 53px;width: 22.1153%;border-style: solid;border-color: #000000\">Conforme Calend\u00e1rio Acad\u00eamico.<\/td>\n<td style=\"height: 53px;width: 342.898%;border-style: solid;border-color: #000000\">N\u00e3o ser aluno da UFPR; Apresentar c\u00f3pias do RG, CPF e Certificado de Conclus\u00e3o do Ensino M\u00e9dio ou Superior; Matr\u00edcula em no m\u00e1ximo tr\u00eas disciplinas por per\u00edodo letivo (Resolu\u00e7\u00e3o n\u00ba 37\/97 \u2013 CEPE, arts. 26 a 28).<\/td>\n<\/tr>\n<tr style=\"height: 189px\">\n<td style=\"height: 189px;width: 15.0636%;border-style: solid;border-color: #000000\"><span style=\"text-decoration: underline\"><span style=\"color: #0000ff\"><a style=\"color: #0000ff;text-decoration: underline\" href=\"https:\/\/jandaiadosul.ufpr.br\/wp-content\/uploads\/2020\/02\/Mudan\u00e7a-de-Habilita\u00e7\u00e3o.pdf\">Mudan\u00e7a de Habilita\u00e7\u00e3o<\/a><\/span><\/span><\/td>\n<td style=\"height: 189px;width: 22.1153%;border-style: solid;border-color: #000000\">Anterior ao per\u00edodo para o qual entrar\u00e1 em vigor o cadastramento.<\/td>\n<td style=\"height: 189px;width: 342.898%;border-style: solid;border-color: #000000\">Aos colegiados dos cursos que possuem mais de uma (01) habilita\u00e7\u00e3o, para cujo ingresso n\u00e3o haja discrimina\u00e7\u00e3o de vagas no processo de sele\u00e7\u00e3o e admiss\u00e3o (concurso vestibular), ser\u00e1 facultado aceitar para o conjunto dos alunos do curso, mudan\u00e7a de uma para outra habilita\u00e7\u00e3o.<\/p>\n<p>A mudan\u00e7a de habilita\u00e7\u00e3o do aluno, requerida diretamente \u00e0 coordena\u00e7\u00e3o do curso, uma vez deferida pelo respectivo colegiado, dever\u00e1 ser formalmente comunicada pela coordena\u00e7\u00e3o ao NAA, para fins de registro no sistema de controle acad\u00eamico, at\u00e9 o \u00faltimo dia \u00fatil do primeiro m\u00eas letivo do per\u00edodo para o qual entrar\u00e1 em vigor o cadastramento (Resolu\u00e7\u00e3o n\u00ba 37\/97 \u2013 CEPE, art. 36).<\/td>\n<\/tr>\n<tr style=\"height: 35px\">\n<td style=\"height: 35px;width: 15.0636%;border-style: solid;border-color: #000000\"><span style=\"text-decoration: underline\"><span style=\"color: #0000ff\"><a style=\"color: #0000ff\" href=\"https:\/\/jandaiadosul.ufpr.br\/wp-content\/uploads\/2020\/02\/Perman\u00eancia-no-Curso.pdf\">Perman\u00eancia no Curso<\/a><\/span><\/span><\/td>\n<td style=\"height: 35px;width: 22.1153%;border-style: solid;border-color: #000000\">Dever\u00e1 ser apresentado ao colegiado do curso at\u00e9 trinta (30) dias \u00fateis antes do \u00faltimo dia letivo previsto no Calend\u00e1rio Escolar para o semestre em que se dar\u00e1 a conclus\u00e3o da habilita\u00e7\u00e3o de origem pelo aluno.<\/td>\n<td style=\"height: 35px;width: 342.898%;border-style: solid;border-color: #000000\">O aluno que concluir curso de gradua\u00e7\u00e3o no qual exista mais de uma habilita\u00e7\u00e3o poder\u00e1 permanecer na UFPR para obter outra habilita\u00e7\u00e3o no mesmo curso (Resolu\u00e7\u00e3o n\u00ba 37\/97 \u2013 CEPE, art.120).<\/td>\n<\/tr>\n<tr style=\"height: 35px\">\n<td style=\"height: 35px;width: 15.0636%;border-style: solid;border-color: #000000\">Registro Acad\u00eamico<\/td>\n<td style=\"height: 35px;width: 22.1153%;border-style: solid;border-color: #000000\">Conforme editais de processo seletivo ou SISU.<\/td>\n<td style=\"height: 35px;width: 342.898%;border-style: solid;border-color: #000000\">Conforme editais de processo seletivo ou SISU.<\/td>\n<\/tr>\n<tr style=\"height: 35px\">\n<td style=\"height: 35px;width: 15.0636%;border-style: solid;border-color: #000000\"><span style=\"text-decoration: underline\"><span style=\"color: #0000ff\"><a style=\"color: #0000ff;text-decoration: underline\" href=\"https:\/\/jandaiadosul.ufpr.br\/wp-content\/uploads\/2020\/02\/Requerimento-Externo.pdf\">Requerimento Externo<\/a><\/span><\/span><\/td>\n<td style=\"height: 35px;width: 22.1153%;border-style: solid;border-color: #000000\">Conforme o assunto do requerimento.<\/td>\n<td style=\"height: 35px;width: 342.898%;border-style: solid;border-color: #000000\">Conforme o assunto do requerimento.<\/td>\n<\/tr>\n<tr style=\"height: 35px\">\n<td style=\"height: 35px;width: 15.0636%;border-style: solid;border-color: #000000\"><span style=\"text-decoration: underline\"><span style=\"color: #0000ff\"><a style=\"color: #0000ff\" href=\"https:\/\/jandaiadosul.ufpr.br\/wp-content\/uploads\/2020\/02\/Requerimento-Geral-Interno.pdf\">Requerimento Geral Interno<\/a><\/span><\/span><\/td>\n<td style=\"height: 35px;width: 22.1153%;border-style: solid;border-color: #000000\">Conforme o assunto do requerimento.<\/td>\n<td style=\"height: 35px;width: 342.898%;border-style: solid;border-color: #000000\">Conforme o assunto do requerimento.<\/td>\n<\/tr>\n<tr style=\"height: 53px\">\n<td style=\"height: 53px;width: 15.0636%;border-style: solid;border-color: #000000\"><span style=\"text-decoration: underline\"><span style=\"color: #0000ff\"><a style=\"color: #0000ff\" href=\"https:\/\/jandaiadosul.ufpr.br\/wp-content\/uploads\/2020\/02\/Segunda-Chamada.pdf\">Segunda Chamada<\/a><\/span><\/span><\/td>\n<td style=\"height: 53px;width: 22.1153%;border-style: solid;border-color: #000000\">No prazo de 5 dias \u00fateis, contados a partir da data da realiza\u00e7\u00e3o da avalia\u00e7\u00e3o.<\/td>\n<td style=\"height: 53px;width: 342.898%;border-style: solid;border-color: #000000\">O direito \u00e9 assegurado ao aluno que comprovar um dos impedimentos descritos no \u00a7 1\u00ba do art. 106 da Resolu\u00e7\u00e3o n\u00ba 37\/97-CEPE.<\/td>\n<\/tr>\n<tr style=\"height: 35px\">\n<td style=\"height: 35px;width: 15.0636%;border-style: solid;border-color: #000000\"><span style=\"text-decoration: underline\"><span style=\"color: #0000ff\"><a style=\"color: #0000ff\" href=\"https:\/\/jandaiadosul.ufpr.br\/wp-content\/uploads\/2020\/02\/Termo-de-Op\u00e7\u00e3o.pdf\">Termo de Op\u00e7\u00e3o<\/a><\/span><\/span><\/td>\n<td style=\"height: 35px;width: 22.1153%;border-style: solid;border-color: #000000\">Na implementa\u00e7\u00e3o de novo Curr\u00edculo de Curso.<\/td>\n<td style=\"height: 35px;width: 342.898%;border-style: solid;border-color: #000000\">Formaliza\u00e7\u00e3o pelos alunos da escolha entre curr\u00edculos do seu curso.<\/td>\n<\/tr>\n<tr style=\"height: 71px\">\n<td style=\"height: 71px;width: 15.0636%;border-style: solid;border-color: #000000\">Trancamento de Curso<\/td>\n<td style=\"height: 71px;width: 22.1153%;border-style: solid;border-color: #000000\">Conforme Calend\u00e1rio Acad\u00eamico.<\/td>\n<td style=\"height: 71px;width: 342.898%;border-style: solid;border-color: #000000\">O aluno n\u00e3o pode estar em situa\u00e7\u00e3o de inadimpl\u00eancia com o Sistema de Bibliotecas e deve possuir aprova\u00e7\u00e3o em pelo menos uma (1) disciplina do curr\u00edculo do seu curso efetivamente cursada na UFPR. Caso contr\u00e1rio, por motivo relevante, caber\u00e1 ao Colegiado do Curso julgar o m\u00e9rito da solicita\u00e7\u00e3o, devidamente justificada e documentada (Resolu\u00e7\u00e3o n\u00ba 97-A\/15 \u2013 CEPE e Instru\u00e7\u00e3o Normativa 01\/16 \u2013 PROGRAD). Estudante solicita via SIGA. Tutorial dispon\u00edvel em: <span style=\"text-decoration: underline\"><span style=\"color: #0000ff\"><a style=\"color: #0000ff;text-decoration: underline\" href=\"https:\/\/ufpraberta.ufpr.br\/mod\/page\/view.php?id=167\">https:\/\/ufpraberta.ufpr.br\/mod\/page\/view.php?id=167<\/a><\/span><\/span><\/td>\n<\/tr>\n<tr style=\"height: 71px\">\n<td style=\"height: 71px;width: 15.0636%;border-style: solid;border-color: #000000\">Valida\u00e7\u00e3o de Atividades Formativas<\/td>\n<td style=\"height: 71px;width: 22.1153%;border-style: solid;border-color: #000000\">Ao completar a carga hor\u00e1ria definida no Curr\u00edculo Pleno do Curso. (Edital de entrega lan\u00e7ado uma vez por per\u00edodo).<\/td>\n<td style=\"height: 71px;width: 342.898%;border-style: solid;border-color: #000000\"><span style=\"color: #333333\">A data e forma de entrega \u00e9 definida pela coordena\u00e7\u00e3o do curso em Edital pr\u00f3prio, sendo lan\u00e7ado um Edital de entrega por per\u00edodo letivo. A comiss\u00e3o analisar\u00e1 se a carga hor\u00e1ria das Atividades Formativas est\u00e1 em conson\u00e2ncia com as diretrizes curriculares do curso.<\/span><\/td>\n<\/tr>\n<tr style=\"height: 71px\">\n<td style=\"height: 71px;width: 15.0636%;border-style: solid;border-color: #000000\"><span style=\"text-decoration: underline\"><span style=\"color: #0000ff\"><a style=\"color: #0000ff;text-decoration: underline\" href=\"https:\/\/jandaiadosul.ufpr.br\/wp-content\/uploads\/2020\/02\/Vista-de-Prova-e-Revis\u00e3o-de-Quest\u00f5es.pdf\">Vista de Prova e Revis\u00e3o de Quest\u00f5es<\/a><\/span><\/span><\/td>\n<td style=\"height: 71px;width: 22.1153%;border-style: solid;border-color: #000000\">At\u00e9 3 dias \u00fateis ap\u00f3s a divulga\u00e7\u00e3o das notas.<\/td>\n<td style=\"height: 71px;width: 342.898%;border-style: solid;border-color: #000000\"><span style=\"color: #333333\">A vista ser\u00e1 concedida no prazo m\u00e1ximo de 3 dias \u00fateis, podendo o aluno ap\u00f3s a vista apresentar, no prazo de 3 dias \u00fateis, requerimento de revis\u00e3o das quest\u00f5es (Resolu\u00e7\u00e3o n\u00ba 37\/97 \u2013 CEPE, art.105).<\/span><\/td>\n<\/tr>\n<\/tbody>\n<\/table>\n<h3><\/h3>\n","protected":false},"excerpt":{"rendered":"<p>Formul\u00e1rio Quando solicitar Normas Adiantamento de Conhecimento Conforme Calend\u00e1rio Acad\u00eamico. Apresentar documentos comprobat\u00f3rios ou fazer solicita\u00e7\u00e3o circunstanciada que indique o dom\u00ednio de conhecimento (Resolu\u00e7\u00e3o n\u00ba [&hellip;]<\/p>\n","protected":false},"author":3637,"featured_media":0,"parent":0,"menu_order":0,"comment_status":"closed","ping_status":"closed","template":"","meta":{"_acf_changed":false,"footnotes":""},"class_list":["post-40","page","type-page","status-publish","hentry"],"acf":[],"_links":{"self":[{"href":"https:\/\/jandaiadosul.ufpr.br\/unidadedeapoioacademico\/wp-json\/wp\/v2\/pages\/40","targetHints":{"allow":["GET"]}}],"collection":[{"href":"https:\/\/jandaiadosul.ufpr.br\/unidadedeapoioacademico\/wp-json\/wp\/v2\/pages"}],"about":[{"href":"https:\/\/jandaiadosul.ufpr.br\/unidadedeapoioacademico\/wp-json\/wp\/v2\/types\/page"}],"author":[{"embeddable":true,"href":"https:\/\/jandaiadosul.ufpr.br\/unidadedeapoioacademico\/wp-json\/wp\/v2\/users\/3637"}],"replies":[{"embeddable":true,"href":"https:\/\/jandaiadosul.ufpr.br\/unidadedeapoioacademico\/wp-json\/wp\/v2\/comments?post=40"}],"version-history":[{"count":7,"href":"https:\/\/jandaiadosul.ufpr.br\/unidadedeapoioacademico\/wp-json\/wp\/v2\/pages\/40\/revisions"}],"predecessor-version":[{"id":108,"href":"https:\/\/jandaiadosul.ufpr.br\/unidadedeapoioacademico\/wp-json\/wp\/v2\/pages\/40\/revisions\/108"}],"wp:attachment":[{"href":"https:\/\/jandaiadosul.ufpr.br\/unidadedeapoioacademico\/wp-json\/wp\/v2\/media?parent=40"}],"curies":[{"name":"wp","href":"https:\/\/api.w.org\/{rel}","templated":true}]}}