{"id":13,"date":"2022-09-06T15:02:54","date_gmt":"2022-09-06T18:02:54","guid":{"rendered":"https:\/\/jandaiadosul.ufpr.br\/unidadedeapoioacademico\/?page_id=13"},"modified":"2026-04-02T09:35:25","modified_gmt":"2026-04-02T12:35:25","slug":"resolucoes-e-tutoriais","status":"publish","type":"page","link":"https:\/\/jandaiadosul.ufpr.br\/unidadedeapoioacademico\/resolucoes-e-tutoriais\/","title":{"rendered":"\u00a0Resolu\u00e7\u00f5es e Tutoriais"},"content":{"rendered":"<p>&nbsp;<\/p>\n<table style=\"width: 97.6%;height: 1499px\">\n<tbody>\n<tr style=\"height: 62px\">\n<td style=\"border-style: solid;border-color: #000000;width: 21.8911%;height: 62px\"><span style=\"color: #0000ff\"><a style=\"color: #0000ff\" href=\"https:\/\/www.instagram.com\/agticufpr\/reel\/CrLat-7IVTM\/\">https:\/\/www.instagram.com\/agticufpr\/reel\/CrLat-7IVTM\/<\/a><\/span><\/td>\n<td style=\"border-style: solid;border-color: #000000;width: 75.3351%;height: 62px\">Como acessar o SIGA<\/td>\n<\/tr>\n<tr style=\"height: 80px\">\n<td style=\"border-style: solid;border-color: #000000;width: 21.8911%;height: 80px\"><span style=\"color: #0000ff\"><a style=\"color: #0000ff\" href=\"https:\/\/ufpraberta.ufpr.br\/mod\/page\/view.php?id=161\">https:\/\/ufpraberta.ufpr.br\/mod\/page\/view.php?id=161<\/a><\/span><\/td>\n<td style=\"border-style: solid;border-color: #000000;width: 75.3351%;height: 80px\"><span style=\"font-size: 12pt\">Como solicitar equival\u00eancia pelo SIGA (calouros)<\/span><\/td>\n<\/tr>\n<tr style=\"height: 48px\">\n<td style=\"border-style: solid;border-color: #000000;width: 21.8911%;height: 48px\"><span style=\"color: #0000ff\"><a style=\"color: #0000ff\" href=\"https:\/\/ufpraberta.ufpr.br\/mod\/page\/view.php?id=162\">https:\/\/ufpraberta.ufpr.br\/mod\/page\/view.php?id=162<\/a><\/span><\/td>\n<td style=\"border-style: solid;border-color: #000000;width: 75.3351%;height: 48px\">Como solicitar exame de adiantamento de conhecimento<\/td>\n<\/tr>\n<tr style=\"height: 48px\">\n<td style=\"border-style: solid;border-color: #000000;width: 21.8911%;height: 48px\"><span style=\"color: #0000ff\"><a style=\"color: #0000ff\" href=\"https:\/\/ufpraberta.ufpr.br\/mod\/page\/view.php?id=163\">https:\/\/ufpraberta.ufpr.br\/mod\/page\/view.php?id=163<\/a><\/span><\/td>\n<td style=\"border-style: solid;border-color: #000000;width: 75.3351%;height: 48px\">Como solicitar exame de aproveitamento de conhecimento<\/td>\n<\/tr>\n<tr style=\"height: 62px\">\n<td style=\"border-style: solid;border-color: #000000;width: 21.8911%;height: 62px\"><span style=\"color: #0000ff\"><a style=\"color: #0000ff\" href=\"https:\/\/www.youtube.com\/watch?v=I0A9_WlXzms\">https:\/\/www.youtube.com\/watch?v=I0A9_WlXzms<\/a><\/span><\/td>\n<td style=\"border-style: solid;border-color: #000000;width: 75.3351%;height: 62px\">Como solicitar matr\u00edcula pelo SIGA<\/td>\n<\/tr>\n<tr style=\"height: 48px\">\n<td style=\"border-style: solid;border-color: #000000;width: 21.8911%;height: 48px\"><span style=\"color: #0000ff\"><a style=\"color: #0000ff\" href=\"https:\/\/www.youtube.com\/watch?v=ecvOkDx7UkU\">https:\/\/www.youtube.com\/watch?v=ecvOkDx7UkU<\/a><\/span><\/td>\n<td style=\"border-style: solid;border-color: #000000;width: 75.3351%;height: 48px\">Como realizar ajuste de matr\u00edcula pelo SIGA<\/td>\n<\/tr>\n<tr style=\"height: 80px\">\n<td style=\"border-style: solid;border-color: #000000;width: 21.8911%;height: 80px\"><span style=\"color: #0000ff\"><a style=\"color: #0000ff\" href=\"https:\/\/ufpraberta.ufpr.br\/mod\/page\/view.php?id=166\">https:\/\/ufpraberta.ufpr.br\/mod\/page\/view.php?id=166<\/a><\/span><\/td>\n<td style=\"border-style: solid;border-color: #000000;width: 75.3351%;height: 80px\">Como solicitar cancelamento de matr\u00edcula em disciplinas pelo SIGA<\/td>\n<\/tr>\n<tr style=\"height: 80px\">\n<td style=\"border-style: solid;border-color: #000000;width: 21.8911%;height: 80px\"><span style=\"color: #0000ff\"><a style=\"color: #0000ff\" href=\"https:\/\/ufpraberta.ufpr.br\/mod\/page\/view.php?id=168\">https:\/\/ufpraberta.ufpr.br\/mod\/page\/view.php?id=168<\/a><\/span><\/td>\n<td style=\"border-style: solid;border-color: #000000;width: 75.3351%;height: 80px\">Como realizar matr\u00edcula em disciplinas eletivas pelo SIGA<\/td>\n<\/tr>\n<tr style=\"height: 56px\">\n<td style=\"border-style: solid;border-color: #000000;width: 21.8911%;height: 56px\"><span style=\"color: #0000ff\"><a style=\"color: #0000ff\" href=\"https:\/\/ufpraberta.ufpr.br\/mod\/page\/view.php?id=167\">https:\/\/ufpraberta.ufpr.br\/mod\/page\/view.php?id=167<\/a><\/span><\/td>\n<td style=\"border-style: solid;border-color: #000000;width: 75.3351%;height: 56px\">Como solicitar trancamento pelo SIGA<\/td>\n<\/tr>\n<tr style=\"height: 56px\">\n<td style=\"border-style: solid;border-color: #000000;width: 21.8911%;height: 56px\"><span style=\"color: #0000ff\"><a style=\"color: #0000ff\" href=\"https:\/\/ufpraberta.ufpr.br\/mod\/page\/view.php?id=232\">https:\/\/ufpraberta.ufpr.br\/mod\/page\/view.php?id=232<\/a><\/span><\/td>\n<td style=\"border-style: solid;border-color: #000000;width: 75.3351%;height: 56px\">Como solicitar destrancamento pelo SIGA<\/td>\n<\/tr>\n<tr style=\"height: 104px\">\n<td style=\"border-style: solid;border-color: #000000;width: 21.8911%;height: 104px\"><span style=\"color: #0000ff\"><a style=\"color: #0000ff\" href=\"https:\/\/ufpraberta.ufpr.br\/mod\/page\/view.php?id=821\">https:\/\/ufpraberta.ufpr.br\/mod\/page\/view.php?id=821<\/a><\/span><\/td>\n<td style=\"border-style: solid;border-color: #000000;width: 75.3351%;height: 104px\">Como obter Hist\u00f3rico Escolar, Relat\u00f3rio de Integraliza\u00e7\u00e3o, Declara\u00e7\u00e3o e Comprovante de Matr\u00edcula pelo SIGA<\/td>\n<\/tr>\n<tr style=\"height: 80px\">\n<td style=\"border-style: solid;border-color: #000000;width: 21.8911%;height: 80px\"><span style=\"color: #0000ff\"><a style=\"color: #0000ff\" href=\"https:\/\/ufpraberta.ufpr.br\/mod\/page\/view.php?id=10361\">https:\/\/ufpraberta.ufpr.br\/mod\/page\/view.php?id=10361<\/a><\/span><\/td>\n<td style=\"border-style: solid;border-color: #000000;width: 75.3351%;height: 80px\">Como realizar o upload de documentos pessoais no SIGA<\/td>\n<\/tr>\n<tr style=\"height: 80px\">\n<td style=\"border-style: solid;border-color: #000000;width: 21.8911%;height: 80px\"><span style=\"color: #0000ff\"><a style=\"color: #0000ff\" href=\"https:\/\/ufpraberta.ufpr.br\/mod\/page\/view.php?id=12057\">https:\/\/ufpraberta.ufpr.br\/mod\/page\/view.php?id=12057<\/a><\/span><\/td>\n<td style=\"border-style: solid;border-color: #000000;width: 75.3351%;height: 80px\">Como entregar o comprovante de vacina\u00e7\u00e3o pelo SIGA<\/td>\n<\/tr>\n<tr style=\"height: 80px\">\n<td style=\"border-style: solid;border-color: #000000;width: 21.8911%;height: 80px\"><span style=\"color: #0000ff\"><a style=\"color: #0000ff\" href=\"https:\/\/ufpraberta.ufpr.br\/mod\/page\/view.php?id=13439\">https:\/\/ufpraberta.ufpr.br\/mod\/page\/view.php?id=13439<\/a><\/span><\/td>\n<td style=\"border-style: solid;border-color: #000000;width: 75.3351%;height: 80px\">Como fazer upload da foto de perfil no SIGA<\/td>\n<\/tr>\n<tr style=\"height: 80px\">\n<td style=\"border-style: solid;border-color: #000000;width: 21.8911%;height: 80px\"><span style=\"color: #0000ff\"><a style=\"color: #0000ff\" href=\"http:\/\/jandaiadosul.ufpr.br\/unidadedeapoioacademico\/wp-content\/uploads\/sites\/18\/2023\/05\/tutorial_diploma_digital___perfil_egresso.pdf\">Perfil do Egresso &#8211; Diploma Digital e Hist\u00f3rico Escolar<\/a><\/span><\/td>\n<td style=\"border-style: solid;border-color: #000000;width: 75.3351%;height: 80px\">Tutorial para acesso ao Perfil do Egresso. Nesse perfil, o egresso poder\u00e1 visualizar o tr\u00e2mite do diploma e seus dados pessoais, al\u00e9m disso ter\u00e1 acesso ao Diploma Digital e ao Hist\u00f3rico Escolar.<\/td>\n<\/tr>\n<tr style=\"height: 18px\">\n<td style=\"height: 18px;border-style: solid;border-color: #000000;width: 21.8911%\"><span style=\"color: #0000ff\"><a style=\"color: #0000ff\" href=\"http:\/\/jandaiadosul.ufpr.br\/unidadedeapoioacademico\/wp-content\/uploads\/sites\/18\/2022\/11\/resolucao-cepe-37-97-alterada-pelas-res-10-19-42-22-e-43-22-2.pdf\">Resolu\u00e7\u00e3o CEPE 37-97<\/a><\/span><\/td>\n<td style=\"height: 18px;border-style: solid;border-color: #000000;width: 75.3351%\">Aprova normas b\u00e1sicas de controle e registro da atividade\u00a0acad\u00eamica dos cursos de gradua\u00e7\u00e3o da Universidade.<\/td>\n<\/tr>\n<tr style=\"height: 62px\">\n<td style=\"border-style: solid;border-color: #000000;width: 21.8911%;height: 62px\"><span style=\"color: #0000ff\"><a style=\"color: #0000ff\" href=\"https:\/\/jandaiadosul.ufpr.br\/wp-content\/uploads\/2019\/07\/Resolu\u00e7\u00e3o-CEPE-92-13-Equiv.-Adiant.-e-Aprov.pdf\">Resolu\u00e7\u00e3o CEPE 92-13<\/a><\/span><\/td>\n<td style=\"border-style: solid;border-color: #000000;width: 75.3351%;height: 62px\">Aprova normas de dispensa de Disciplinas, de Equival\u00eancia de Disciplinas, de Exames de Adiantamento e Aproveitamento de Conhecimento.<\/td>\n<\/tr>\n<tr style=\"height: 85px\">\n<td style=\"border-style: solid;border-color: #000000;width: 21.8911%;height: 85px\"><span style=\"color: #0000ff\"><a style=\"color: #0000ff\" href=\"https:\/\/jandaiadosul.ufpr.br\/wp-content\/uploads\/2019\/07\/IN-01-14-Regulamenta-92-13.pdf\">IN 01-14 &#8211; Regulamenta 92-13<\/a><\/span><\/td>\n<td style=\"border-style: solid;border-color: #000000;width: 75.3351%;height: 85px\">Regulamenta os procedimentos administrativos de dispensa e equival\u00eancia de disciplinas e dos exames de Adiantamento e de Aproveitamento de Conhecimento de que trata a Resolu\u00e7\u00e3o n\u00ba 92\/13-CEPE.<\/td>\n<\/tr>\n<tr style=\"height: 62px\">\n<td style=\"border-style: solid;border-color: #000000;width: 21.8911%;height: 62px\"><span style=\"color: #0000ff\"><a style=\"color: #0000ff\" href=\"https:\/\/jandaiadosul.ufpr.br\/wp-content\/uploads\/2019\/07\/Resolu\u00e7\u00e3o-CEPE-97-A-15-Trancamento.pdf\">Resolu\u00e7\u00e3o CEPE 97-A-15<\/a><\/span><\/td>\n<td style=\"border-style: solid;border-color: #000000;width: 75.3351%;height: 62px\">Estabelece as normas para trancamento de curso.<\/td>\n<\/tr>\n<tr style=\"height: 108px\">\n<td style=\"border-style: solid;border-color: #000000;width: 21.8911%;height: 108px\"><span style=\"color: #0000ff\"><a style=\"color: #0000ff\" href=\"https:\/\/jandaiadosul.ufpr.br\/wp-content\/uploads\/2021\/07\/IN-01-16-Regulamenta-97-A-15-Trancamento-de-Curso.pdf\">IN 01-16 &#8211; Regulamenta 97-A-15 &#8211; Trancamento de Curso <\/a><\/span><\/td>\n<td style=\"border-style: solid;border-color: #000000;width: 75.3351%;height: 108px\">Regulamenta os procedimentos administrativos de trancamento de curso de que trata a Resolu\u00e7\u00e3o 97-A\/15-CEPE.<\/td>\n<\/tr>\n<tr style=\"height: 24px\">\n<td style=\"border-style: solid;border-color: #000000;width: 21.8911%;height: 24px\"><span style=\"color: #0000ff\"><a style=\"color: #0000ff\" href=\"http:\/\/jandaiadosul.ufpr.br\/unidadedeapoioacademico\/wp-content\/uploads\/sites\/18\/2025\/05\/resolucao-no-19-24-cepe.pdf\">Resolu\u00e7\u00e3o CEPE 19-24<\/a><\/span><\/td>\n<td style=\"border-style: solid;border-color: #000000;width: 75.3351%;height: 24px\">Calend\u00e1rio acad\u00eamico para o per\u00edodo letivo de 2025<\/td>\n<\/tr>\n<tr style=\"height: 24px\">\n<td style=\"border-style: solid;border-color: #000000;width: 21.8911%;height: 24px\"><span style=\"color: #0000ff\"><a style=\"color: #0000ff\" href=\"http:\/\/jandaiadosul.ufpr.br\/unidadedeapoioacademico\/wp-content\/uploads\/sites\/18\/2026\/04\/resolucao-22-25-cepe-retificada.pdf\">Resolu\u00e7\u00e3o 22-25 &#8211; CEPE &#8211; RETIFICADA<\/a><\/span><\/td>\n<td style=\"border-style: solid;border-color: #000000;width: 75.3351%;height: 24px\">Calend\u00e1rio acad\u00eamico para o per\u00edodo letivo de 2026<\/td>\n<\/tr>\n<tr style=\"height: 24px\">\n<td style=\"border-style: solid;border-color: #000000;width: 21.8911%;height: 24px\"><span style=\"color: #0000ff\"><a style=\"color: #0000ff\" href=\"http:\/\/jandaiadosul.ufpr.br\/unidadedeapoioacademico\/wp-content\/uploads\/sites\/18\/2026\/01\/calendario-geral-estudantes-2026.pdf\">Calend\u00e1rio Acad\u00eamico 2026 &#8211; estudantes<\/a><\/span><\/td>\n<td style=\"border-style: solid;border-color: #000000;width: 75.3351%;height: 24px\">Principais datas para estudantes<\/td>\n<\/tr>\n<tr style=\"height: 24px\">\n<td style=\"border-style: solid;border-color: #000000;width: 21.8911%;height: 24px\"><span style=\"color: #0000ff\"><a style=\"color: #0000ff\" href=\"http:\/\/jandaiadosul.ufpr.br\/unidadedeapoioacademico\/wp-content\/uploads\/sites\/18\/2026\/01\/calendario-geral-coordenacao-2026-2.pdf\">Calend\u00e1rio Acad\u00eamico 2026 &#8211; coordena\u00e7\u00f5es<\/a><\/span><\/td>\n<td style=\"border-style: solid;border-color: #000000;width: 75.3351%;height: 24px\">Principais datas para coordena\u00e7\u00f5es de curso<\/td>\n<\/tr>\n<tr style=\"height: 24px\">\n<td style=\"border-style: solid;border-color: #000000;width: 21.8911%;height: 24px\"><span style=\"color: #0000ff\"><a style=\"color: #0000ff\" href=\"http:\/\/jandaiadosul.ufpr.br\/unidadedeapoioacademico\/wp-content\/uploads\/sites\/18\/2026\/01\/calendario-geral-departamentos-2026.pdf\">Calend\u00e1rio Acad\u00eamico 2026 &#8211; departamentos<\/a><\/span><\/td>\n<td style=\"border-style: solid;border-color: #000000;width: 75.3351%;height: 24px\">Principais datas para departamentos<\/td>\n<\/tr>\n<\/tbody>\n<\/table>\n","protected":false},"excerpt":{"rendered":"<p>&nbsp; https:\/\/www.instagram.com\/agticufpr\/reel\/CrLat-7IVTM\/ Como acessar o SIGA https:\/\/ufpraberta.ufpr.br\/mod\/page\/view.php?id=161 Como solicitar equival\u00eancia pelo SIGA (calouros) https:\/\/ufpraberta.ufpr.br\/mod\/page\/view.php?id=162 Como solicitar exame de adiantamento de conhecimento https:\/\/ufpraberta.ufpr.br\/mod\/page\/view.php?id=163 Como solicitar exame [&hellip;]<\/p>\n","protected":false},"author":3637,"featured_media":0,"parent":0,"menu_order":0,"comment_status":"closed","ping_status":"closed","template":"","meta":{"_acf_changed":false,"footnotes":""},"class_list":["post-13","page","type-page","status-publish","hentry"],"acf":[],"_links":{"self":[{"href":"https:\/\/jandaiadosul.ufpr.br\/unidadedeapoioacademico\/wp-json\/wp\/v2\/pages\/13","targetHints":{"allow":["GET"]}}],"collection":[{"href":"https:\/\/jandaiadosul.ufpr.br\/unidadedeapoioacademico\/wp-json\/wp\/v2\/pages"}],"about":[{"href":"https:\/\/jandaiadosul.ufpr.br\/unidadedeapoioacademico\/wp-json\/wp\/v2\/types\/page"}],"author":[{"embeddable":true,"href":"https:\/\/jandaiadosul.ufpr.br\/unidadedeapoioacademico\/wp-json\/wp\/v2\/users\/3637"}],"replies":[{"embeddable":true,"href":"https:\/\/jandaiadosul.ufpr.br\/unidadedeapoioacademico\/wp-json\/wp\/v2\/comments?post=13"}],"version-history":[{"count":33,"href":"https:\/\/jandaiadosul.ufpr.br\/unidadedeapoioacademico\/wp-json\/wp\/v2\/pages\/13\/revisions"}],"predecessor-version":[{"id":336,"href":"https:\/\/jandaiadosul.ufpr.br\/unidadedeapoioacademico\/wp-json\/wp\/v2\/pages\/13\/revisions\/336"}],"wp:attachment":[{"href":"https:\/\/jandaiadosul.ufpr.br\/unidadedeapoioacademico\/wp-json\/wp\/v2\/media?parent=13"}],"curies":[{"name":"wp","href":"https:\/\/api.w.org\/{rel}","templated":true}]}}