{"id":27,"date":"2022-08-31T16:02:55","date_gmt":"2022-08-31T19:02:55","guid":{"rendered":"https:\/\/jandaiadosul.ufpr.br\/uipa\/?page_id=27"},"modified":"2023-02-02T10:17:27","modified_gmt":"2023-02-02T13:17:27","slug":"almoxarifado","status":"publish","type":"page","link":"https:\/\/jandaiadosul.ufpr.br\/uipa\/almoxarifado\/","title":{"rendered":"Almoxarifado"},"content":{"rendered":"\t\t<div data-elementor-type=\"wp-page\" data-elementor-id=\"27\" class=\"elementor elementor-27\">\n\t\t\t\t\t\t<section class=\"elementor-section elementor-top-section elementor-element elementor-element-2304c3b elementor-section-boxed elementor-section-height-default elementor-section-height-default\" data-id=\"2304c3b\" data-element_type=\"section\">\n\t\t\t\t\t\t<div class=\"elementor-container elementor-column-gap-default\">\n\t\t\t\t\t<div class=\"elementor-column elementor-col-100 elementor-top-column elementor-element elementor-element-83de796\" data-id=\"83de796\" data-element_type=\"column\">\n\t\t\t<div class=\"elementor-widget-wrap elementor-element-populated\">\n\t\t\t\t\t\t<div class=\"elementor-element elementor-element-9ecdb42 elementor-widget elementor-widget-heading\" data-id=\"9ecdb42\" data-element_type=\"widget\" data-widget_type=\"heading.default\">\n\t\t\t\t<div class=\"elementor-widget-container\">\n\t\t\t\t\t<h2 class=\"elementor-heading-title elementor-size-medium\">Servi\u00e7os<\/h2>\t\t\t\t<\/div>\n\t\t\t\t<\/div>\n\t\t\t\t\t<\/div>\n\t\t<\/div>\n\t\t\t\t\t<\/div>\n\t\t<\/section>\n\t\t\t\t<section class=\"elementor-section elementor-top-section elementor-element elementor-element-fae5013 elementor-section-boxed elementor-section-height-default elementor-section-height-default\" data-id=\"fae5013\" data-element_type=\"section\">\n\t\t\t\t\t\t<div class=\"elementor-container elementor-column-gap-default\">\n\t\t\t\t\t<div class=\"elementor-column elementor-col-100 elementor-top-column elementor-element elementor-element-4b40fa2\" data-id=\"4b40fa2\" data-element_type=\"column\">\n\t\t\t<div class=\"elementor-widget-wrap elementor-element-populated\">\n\t\t\t\t\t\t<div class=\"elementor-element elementor-element-7d613f7 elementor-widget elementor-widget-text-editor\" data-id=\"7d613f7\" data-element_type=\"widget\" data-widget_type=\"text-editor.default\">\n\t\t\t\t<div class=\"elementor-widget-container\">\n\t\t\t\t\t\t\t\t\t<p style=\"font-size: 16px;color: #000000;font-family: OpenSans, sans-serif\">\u2666 Recep\u00e7\u00e3o de bens permanentes e encaminhamento dos processos financeiros para registro patrimonial, liquida\u00e7\u00e3o e pagamento.<\/p><p style=\"font-size: 16px;color: #000000;font-family: OpenSans, sans-serif\">\u2666 Elabora\u00e7\u00e3o do Invent\u00e1rio Anual do Patrim\u00f4nio do\u00a0<em>Campus<\/em>, ou seja, realizar o levantamento f\u00edsico dos bens permanentes, identificar a situa\u00e7\u00e3o patrimonial e o estado de conserva\u00e7\u00e3o dos bens inventariados.<\/p><p style=\"font-size: 16px;color: #000000;font-family: OpenSans, sans-serif\">\u2666 Coletar assinaturas dos respons\u00e1veis nos Termos Patrimoniais emitidos pelo SAP e envi\u00e1-los \u00e0 Divis\u00e3o de Patrim\u00f4nio, para valida\u00e7\u00e3o.<\/p><p style=\"font-size: 16px;color: #000000;font-family: OpenSans, sans-serif\">\u2666 Presta\u00e7\u00e3o de apoio e orienta\u00e7\u00e3o constantes aos respons\u00e1veis por bens patrimoniais.<\/p><p style=\"font-size: 16px;color: #000000;font-family: OpenSans, sans-serif\">\u2666 Atividades de organiza\u00e7\u00e3o e controle do Patrim\u00f4nio e distribui\u00e7\u00e3o dos m\u00f3veis e equipamentos do\u00a0<em>Campus<\/em><\/p>\t\t\t\t\t\t\t\t<\/div>\n\t\t\t\t<\/div>\n\t\t\t\t<div class=\"elementor-element elementor-element-3715aec elementor-widget elementor-widget-heading\" data-id=\"3715aec\" data-element_type=\"widget\" data-widget_type=\"heading.default\">\n\t\t\t\t<div class=\"elementor-widget-container\">\n\t\t\t\t\t<h2 class=\"elementor-heading-title elementor-size-default\">Solicita\u00e7\u00e3o de materiais de consumo<\/h2>\t\t\t\t<\/div>\n\t\t\t\t<\/div>\n\t\t\t\t<div class=\"elementor-element elementor-element-bca8d9a elementor-widget elementor-widget-text-editor\" data-id=\"bca8d9a\" data-element_type=\"widget\" data-widget_type=\"text-editor.default\">\n\t\t\t\t<div class=\"elementor-widget-container\">\n\t\t\t\t\t\t\t\t\t<p><span style=\"color: #000000;font-family: OpenSans, sans-serif;text-align: justify\">Para pedido de material de consumo o solicitante dever\u00e1 preencher o formul\u00e1rio abaixo, utilizando o c\u00f3digo reduzido e a descri\u00e7\u00e3o do produto listados na rela\u00e7\u00e3o de produtos em estoque, e envi\u00e1-lo a <span style=\"color: #0000ff\"><u><i>uipajandaia@ufpr.br<\/i><\/u>\u00a0<\/span><\/span><span style=\"color: #000000;font-family: OpenSans, sans-serif;text-align: justify\">at\u00e9 o dia 25 de cada m\u00eas. O solicitante ser\u00e1 informado via e-mail da chegada do material, tendo a partir desse momento sete dias para realizar a retirada em nosso almoxarifado, excedido o prazo o material ser\u00e1 disponibilizado aos demais servidores.<\/span><\/p>\t\t\t\t\t\t\t\t<\/div>\n\t\t\t\t<\/div>\n\t\t\t\t\t<\/div>\n\t\t<\/div>\n\t\t\t\t\t<\/div>\n\t\t<\/section>\n\t\t\t\t<section class=\"elementor-section elementor-top-section elementor-element elementor-element-2814bf2 elementor-section-boxed elementor-section-height-default elementor-section-height-default\" data-id=\"2814bf2\" data-element_type=\"section\">\n\t\t\t\t\t\t<div class=\"elementor-container elementor-column-gap-default\">\n\t\t\t\t\t<div class=\"elementor-column elementor-col-100 elementor-top-column elementor-element elementor-element-8357513\" data-id=\"8357513\" data-element_type=\"column\">\n\t\t\t<div class=\"elementor-widget-wrap elementor-element-populated\">\n\t\t\t\t\t\t<div class=\"elementor-element elementor-element-e4c8985 elementor-align-center elementor-widget elementor-widget-button\" data-id=\"e4c8985\" data-element_type=\"widget\" data-widget_type=\"button.default\">\n\t\t\t\t<div class=\"elementor-widget-container\">\n\t\t\t\t\t\t\t\t\t<div class=\"elementor-button-wrapper\">\n\t\t\t\t\t<a class=\"elementor-button elementor-button-link elementor-size-md\" href=\"https:\/\/200.238.174.2:28080\/formularios\/solicitacao_material_consumo\/\" target=\"_blank\">\n\t\t\t\t\t\t<span class=\"elementor-button-content-wrapper\">\n\t\t\t\t\t\t\t\t\t<span class=\"elementor-button-text\">Solicita\u00e7\u00e3o Materiais de Consumo<\/span>\n\t\t\t\t\t<\/span>\n\t\t\t\t\t<\/a>\n\t\t\t\t<\/div>\n\t\t\t\t\t\t\t\t<\/div>\n\t\t\t\t<\/div>\n\t\t\t\t<div class=\"elementor-element elementor-element-f83cff8 elementor-align-center elementor-widget elementor-widget-button\" data-id=\"f83cff8\" data-element_type=\"widget\" data-widget_type=\"button.default\">\n\t\t\t\t<div class=\"elementor-widget-container\">\n\t\t\t\t\t\t\t\t\t<div class=\"elementor-button-wrapper\">\n\t\t\t\t\t<a class=\"elementor-button elementor-button-link elementor-size-md\" href=\"https:\/\/jandaiadosul.ufpr.br\/novosite\/wp-content\/uploads\/2014\/06\/pdf-almo-preto.pdf\" target=\"_blank\">\n\t\t\t\t\t\t<span class=\"elementor-button-content-wrapper\">\n\t\t\t\t\t\t\t\t\t<span class=\"elementor-button-text\">Listagem dos C\u00f3digos dos Produtos<\/span>\n\t\t\t\t\t<\/span>\n\t\t\t\t\t<\/a>\n\t\t\t\t<\/div>\n\t\t\t\t\t\t\t\t<\/div>\n\t\t\t\t<\/div>\n\t\t\t\t\t<\/div>\n\t\t<\/div>\n\t\t\t\t\t<\/div>\n\t\t<\/section>\n\t\t\t\t<\/div>\n\t\t","protected":false},"excerpt":{"rendered":"<p>\/*! elementor &#8211; v3.7.7 &#8211; 20-09-2022 *\/ .elementor-heading-title{padding:0;margin:0;line-height:1}.elementor-widget-heading .elementor-heading-title[class*=elementor-size-]&gt;a{color:inherit;font-size:inherit;line-height:inherit}.elementor-widget-heading .elementor-heading-title.elementor-size-small{font-size:15px}.elementor-widget-heading .elementor-heading-title.elementor-size-medium{font-size:19px}.elementor-widget-heading .elementor-heading-title.elementor-size-large{font-size:29px}.elementor-widget-heading .elementor-heading-title.elementor-size-xl{font-size:39px}.elementor-widget-heading .elementor-heading-title.elementor-size-xxl{font-size:59px} Servi\u00e7os \u2666 Recep\u00e7\u00e3o de bens permanentes e encaminhamento dos processos financeiros [&hellip;]<\/p>\n","protected":false},"author":3627,"featured_media":0,"parent":0,"menu_order":0,"comment_status":"closed","ping_status":"closed","template":"","meta":{"_acf_changed":false,"footnotes":""},"class_list":["post-27","page","type-page","status-publish","hentry"],"acf":[],"_links":{"self":[{"href":"https:\/\/jandaiadosul.ufpr.br\/uipa\/wp-json\/wp\/v2\/pages\/27","targetHints":{"allow":["GET"]}}],"collection":[{"href":"https:\/\/jandaiadosul.ufpr.br\/uipa\/wp-json\/wp\/v2\/pages"}],"about":[{"href":"https:\/\/jandaiadosul.ufpr.br\/uipa\/wp-json\/wp\/v2\/types\/page"}],"author":[{"embeddable":true,"href":"https:\/\/jandaiadosul.ufpr.br\/uipa\/wp-json\/wp\/v2\/users\/3627"}],"replies":[{"embeddable":true,"href":"https:\/\/jandaiadosul.ufpr.br\/uipa\/wp-json\/wp\/v2\/comments?post=27"}],"version-history":[{"count":38,"href":"https:\/\/jandaiadosul.ufpr.br\/uipa\/wp-json\/wp\/v2\/pages\/27\/revisions"}],"predecessor-version":[{"id":294,"href":"https:\/\/jandaiadosul.ufpr.br\/uipa\/wp-json\/wp\/v2\/pages\/27\/revisions\/294"}],"wp:attachment":[{"href":"https:\/\/jandaiadosul.ufpr.br\/uipa\/wp-json\/wp\/v2\/media?parent=27"}],"curies":[{"name":"wp","href":"https:\/\/api.w.org\/{rel}","templated":true}]}}