{"id":26,"date":"2024-06-28T11:38:12","date_gmt":"2024-06-28T14:38:12","guid":{"rendered":"https:\/\/jandaiadosul.ufpr.br\/teec\/?page_id=26"},"modified":"2024-07-09T17:42:43","modified_gmt":"2024-07-09T20:42:43","slug":"metodologia","status":"publish","type":"page","link":"https:\/\/jandaiadosul.ufpr.br\/teec\/metodologia\/","title":{"rendered":"Metodologia"},"content":{"rendered":"<p>Um processo educacional humanista, cr\u00edtico e \u00e9tico, centrado na assimila\u00e7\u00e3o de conhecimentos pelo estudante que os preparem integralmente para a vida cidad\u00e3 e profissional, deve adotar estrat\u00e9gias metodol\u00f3gicas ativas. Essas estrat\u00e9gias devem enfatizar os princ\u00edpios da indissociabilidade entre ensino, pesquisa e extens\u00e3o, integra\u00e7\u00e3o entre teoria e pr\u00e1tica, interdisciplinaridade e flexibilidade, entre outros.<\/p>\n<p>Os processos de ensino e de aprendizagem, integrados com a pesquisa e a extens\u00e3o, devem ser percebidos como um ambiente prop\u00edcio para a consolida\u00e7\u00e3o do pensamento cr\u00edtico. Esse contexto proporciona ao estudante, experi\u00eancias tanto no curr\u00edculo formal quanto em atividades extracurriculares, promovendo uma postura investigativa e extensionista. Nessa perspectiva, a matriz curricular deve gerar oportunidades significativas para a apropria\u00e7\u00e3o dos conhecimentos essenciais ao perfil do especialista.<\/p>\n<p>Dessa forma, para atingir os objetivos do curso, a metodologia se fundamenta na:<\/p>\n<ul>\n<li>Apropria\u00e7\u00e3o de conceitos cient\u00edficos da \u00e1rea da Computa\u00e7\u00e3o e, com isso, a compreens\u00e3o dos fen\u00f4menos da cultura digital;<\/li>\n<li>Integra\u00e7\u00e3o entre teoria e pr\u00e1tica, orientando o desenvolvimento do estudante de maneira progressiva;<\/li>\n<li>Compreens\u00e3o das possibilidades e limites das tecnologias digitais para utiliza\u00e7\u00e3o no ensino de conceitos de diversos campos do conhecimento;<\/li>\n<li>Integra\u00e7\u00e3o das atividades de pesquisa e extens\u00e3o como partes integrantes do curr\u00edculo;<\/li>\n<li>Utiliza\u00e7\u00e3o de plataformas e ferramentas computacionais no planejamento e implementa\u00e7\u00e3o de planos de ensino.<\/li>\n<\/ul>\n","protected":false},"excerpt":{"rendered":"<p>Um processo educacional humanista, cr\u00edtico e \u00e9tico, centrado na assimila\u00e7\u00e3o de conhecimentos pelo estudante que os preparem integralmente para a vida cidad\u00e3 e profissional, deve [&hellip;]<\/p>\n","protected":false},"author":3669,"featured_media":0,"parent":0,"menu_order":0,"comment_status":"closed","ping_status":"closed","template":"","meta":{"_acf_changed":false,"footnotes":""},"class_list":["post-26","page","type-page","status-publish","hentry"],"acf":[],"_links":{"self":[{"href":"https:\/\/jandaiadosul.ufpr.br\/teec\/wp-json\/wp\/v2\/pages\/26","targetHints":{"allow":["GET"]}}],"collection":[{"href":"https:\/\/jandaiadosul.ufpr.br\/teec\/wp-json\/wp\/v2\/pages"}],"about":[{"href":"https:\/\/jandaiadosul.ufpr.br\/teec\/wp-json\/wp\/v2\/types\/page"}],"author":[{"embeddable":true,"href":"https:\/\/jandaiadosul.ufpr.br\/teec\/wp-json\/wp\/v2\/users\/3669"}],"replies":[{"embeddable":true,"href":"https:\/\/jandaiadosul.ufpr.br\/teec\/wp-json\/wp\/v2\/comments?post=26"}],"version-history":[{"count":2,"href":"https:\/\/jandaiadosul.ufpr.br\/teec\/wp-json\/wp\/v2\/pages\/26\/revisions"}],"predecessor-version":[{"id":113,"href":"https:\/\/jandaiadosul.ufpr.br\/teec\/wp-json\/wp\/v2\/pages\/26\/revisions\/113"}],"wp:attachment":[{"href":"https:\/\/jandaiadosul.ufpr.br\/teec\/wp-json\/wp\/v2\/media?parent=26"}],"curies":[{"name":"wp","href":"https:\/\/api.w.org\/{rel}","templated":true}]}}