{"id":110,"date":"2022-09-16T11:04:42","date_gmt":"2022-09-16T14:04:42","guid":{"rendered":"https:\/\/jandaiadosul.ufpr.br\/slac\/?page_id=110"},"modified":"2023-01-04T10:14:26","modified_gmt":"2023-01-04T13:14:26","slug":"sala-b205","status":"publish","type":"page","link":"https:\/\/jandaiadosul.ufpr.br\/slac\/sala-b205\/","title":{"rendered":"Laborat\u00f3rio de Pesquisa Multiusu\u00e1rio 02 (Sala B205)"},"content":{"rendered":"\t\t<div data-elementor-type=\"wp-page\" data-elementor-id=\"110\" class=\"elementor elementor-110\">\n\t\t\t\t\t\t<section class=\"elementor-section elementor-top-section elementor-element elementor-element-4af15e1 elementor-section-boxed elementor-section-height-default elementor-section-height-default\" data-id=\"4af15e1\" data-element_type=\"section\" data-e-type=\"section\">\n\t\t\t\t\t\t<div class=\"elementor-container elementor-column-gap-default\">\n\t\t\t\t\t<div class=\"elementor-column elementor-col-50 elementor-top-column elementor-element elementor-element-cdce6b6\" data-id=\"cdce6b6\" data-element_type=\"column\" data-e-type=\"column\">\n\t\t\t<div class=\"elementor-widget-wrap elementor-element-populated\">\n\t\t\t\t\t\t<div class=\"elementor-element elementor-element-0308281 elementor-widget elementor-widget-image\" data-id=\"0308281\" data-element_type=\"widget\" data-e-type=\"widget\" data-widget_type=\"image.default\">\n\t\t\t\t<div class=\"elementor-widget-container\">\n\t\t\t\t\t\t\t\t\t\t\t\t\t\t\t<img fetchpriority=\"high\" decoding=\"async\" width=\"300\" height=\"224\" src=\"https:\/\/jandaiadosul.ufpr.br\/slac\/wp-content\/uploads\/sites\/20\/2022\/09\/laboratorio-de-pesquisa-multiusuario-02-sala-b205_3-1-300x224.jpeg\" class=\"attachment-medium size-medium wp-image-586\" alt=\"\" srcset=\"https:\/\/jandaiadosul.ufpr.br\/slac\/wp-content\/uploads\/sites\/20\/2022\/09\/laboratorio-de-pesquisa-multiusuario-02-sala-b205_3-1-300x224.jpeg 300w, https:\/\/jandaiadosul.ufpr.br\/slac\/wp-content\/uploads\/sites\/20\/2022\/09\/laboratorio-de-pesquisa-multiusuario-02-sala-b205_3-1-1024x765.jpeg 1024w, https:\/\/jandaiadosul.ufpr.br\/slac\/wp-content\/uploads\/sites\/20\/2022\/09\/laboratorio-de-pesquisa-multiusuario-02-sala-b205_3-1-768x574.jpeg 768w, https:\/\/jandaiadosul.ufpr.br\/slac\/wp-content\/uploads\/sites\/20\/2022\/09\/laboratorio-de-pesquisa-multiusuario-02-sala-b205_3-1-1536x1148.jpeg 1536w, https:\/\/jandaiadosul.ufpr.br\/slac\/wp-content\/uploads\/sites\/20\/2022\/09\/laboratorio-de-pesquisa-multiusuario-02-sala-b205_3-1-131x98.jpeg 131w, https:\/\/jandaiadosul.ufpr.br\/slac\/wp-content\/uploads\/sites\/20\/2022\/09\/laboratorio-de-pesquisa-multiusuario-02-sala-b205_3-1-75x57.jpeg 75w, https:\/\/jandaiadosul.ufpr.br\/slac\/wp-content\/uploads\/sites\/20\/2022\/09\/laboratorio-de-pesquisa-multiusuario-02-sala-b205_3-1-600x450.jpeg 600w, https:\/\/jandaiadosul.ufpr.br\/slac\/wp-content\/uploads\/sites\/20\/2022\/09\/laboratorio-de-pesquisa-multiusuario-02-sala-b205_3-1.jpeg 1600w\" sizes=\"(max-width: 300px) 100vw, 300px\" \/>\t\t\t\t\t\t\t\t\t\t\t\t\t\t\t<\/div>\n\t\t\t\t<\/div>\n\t\t\t\t\t<\/div>\n\t\t<\/div>\n\t\t\t\t<div class=\"elementor-column elementor-col-50 elementor-top-column elementor-element elementor-element-3a8304e\" data-id=\"3a8304e\" data-element_type=\"column\" data-e-type=\"column\">\n\t\t\t<div class=\"elementor-widget-wrap elementor-element-populated\">\n\t\t\t\t\t\t<div class=\"elementor-element elementor-element-f78d65b elementor-widget elementor-widget-image\" data-id=\"f78d65b\" data-element_type=\"widget\" data-e-type=\"widget\" data-widget_type=\"image.default\">\n\t\t\t\t<div class=\"elementor-widget-container\">\n\t\t\t\t\t\t\t\t\t\t\t\t\t\t\t<img decoding=\"async\" width=\"300\" height=\"224\" src=\"https:\/\/jandaiadosul.ufpr.br\/slac\/wp-content\/uploads\/sites\/20\/2022\/09\/laboratorio-de-pesquisa-multiusuario-02-sala-b205_5-300x224.jpeg\" class=\"attachment-medium size-medium wp-image-587\" alt=\"\" srcset=\"https:\/\/jandaiadosul.ufpr.br\/slac\/wp-content\/uploads\/sites\/20\/2022\/09\/laboratorio-de-pesquisa-multiusuario-02-sala-b205_5-300x224.jpeg 300w, https:\/\/jandaiadosul.ufpr.br\/slac\/wp-content\/uploads\/sites\/20\/2022\/09\/laboratorio-de-pesquisa-multiusuario-02-sala-b205_5-1024x765.jpeg 1024w, https:\/\/jandaiadosul.ufpr.br\/slac\/wp-content\/uploads\/sites\/20\/2022\/09\/laboratorio-de-pesquisa-multiusuario-02-sala-b205_5-768x574.jpeg 768w, https:\/\/jandaiadosul.ufpr.br\/slac\/wp-content\/uploads\/sites\/20\/2022\/09\/laboratorio-de-pesquisa-multiusuario-02-sala-b205_5-1536x1148.jpeg 1536w, https:\/\/jandaiadosul.ufpr.br\/slac\/wp-content\/uploads\/sites\/20\/2022\/09\/laboratorio-de-pesquisa-multiusuario-02-sala-b205_5-131x98.jpeg 131w, https:\/\/jandaiadosul.ufpr.br\/slac\/wp-content\/uploads\/sites\/20\/2022\/09\/laboratorio-de-pesquisa-multiusuario-02-sala-b205_5-75x57.jpeg 75w, https:\/\/jandaiadosul.ufpr.br\/slac\/wp-content\/uploads\/sites\/20\/2022\/09\/laboratorio-de-pesquisa-multiusuario-02-sala-b205_5-600x450.jpeg 600w, https:\/\/jandaiadosul.ufpr.br\/slac\/wp-content\/uploads\/sites\/20\/2022\/09\/laboratorio-de-pesquisa-multiusuario-02-sala-b205_5.jpeg 1600w\" sizes=\"(max-width: 300px) 100vw, 300px\" \/>\t\t\t\t\t\t\t\t\t\t\t\t\t\t\t<\/div>\n\t\t\t\t<\/div>\n\t\t\t\t\t<\/div>\n\t\t<\/div>\n\t\t\t\t\t<\/div>\n\t\t<\/section>\n\t\t\t\t<section class=\"elementor-section elementor-top-section elementor-element elementor-element-160017c3 elementor-section-boxed elementor-section-height-default elementor-section-height-default\" data-id=\"160017c3\" data-element_type=\"section\" data-e-type=\"section\">\n\t\t\t\t\t\t<div class=\"elementor-container elementor-column-gap-default\">\n\t\t\t\t\t<div class=\"elementor-column elementor-col-100 elementor-top-column elementor-element elementor-element-3df18cec\" data-id=\"3df18cec\" data-element_type=\"column\" data-e-type=\"column\">\n\t\t\t<div class=\"elementor-widget-wrap elementor-element-populated\">\n\t\t\t\t\t\t<div class=\"elementor-element elementor-element-2ed61b89 elementor-widget elementor-widget-text-editor\" data-id=\"2ed61b89\" data-element_type=\"widget\" data-e-type=\"widget\" data-widget_type=\"text-editor.default\">\n\t\t\t\t<div class=\"elementor-widget-container\">\n\t\t\t\t\t\t\t\t\t<p>\u00a0<\/p><p><span style=\"font-family: arial, helvetica, sans-serif;font-size: 12pt;color: #000000\"><b>As vidrarias deste laborat\u00f3rio est\u00e3o identificadas na cor <span style=\"color: #808080\">cinza<\/span>.<\/b><\/span><\/p><p><span style=\"font-family: arial, helvetica, sans-serif;font-size: 12pt;color: #000000\"><b>Equipamentos:<\/b><\/span><\/p><table style=\"height: 192px;width: 97.7565%;border-collapse: collapse;border-style: hidden;border-color: #ffffff;background-color: #ffffff\"><tbody><tr style=\"height: 24px\"><td style=\"width: 56.0911%;height: 24px\"><span style=\"font-family: arial, helvetica, sans-serif;font-size: 12pt;color: #000000\">Agitador magn\u00e9tico com aquecimento<\/span><\/td><td style=\"width: 52.6547%;height: 24px\"><span style=\"font-family: arial, helvetica, sans-serif;font-size: 12pt;color: #000000\">Estufas bacteriol\u00f3gicas<\/span><\/td><\/tr><tr style=\"height: 24px;border-style: none;border-color: #ffffff;background-color: #ffffff\"><td style=\"width: 56.0911%;height: 24px\"><span style=\"font-family: arial, helvetica, sans-serif;font-size: 12pt;color: #000000\">Agitador v\u00f3rtex<\/span><\/td><td style=\"width: 52.6547%;height: 24px\"><span style=\"font-family: arial, helvetica, sans-serif;font-size: 12pt;color: #000000\">Estufa de secagem<\/span><\/td><\/tr><tr style=\"height: 24px\"><td style=\"width: 56.0911%;height: 24px\"><span style=\"font-family: arial, helvetica, sans-serif;font-size: 12pt;color: #000000\">Autoclave horizontal<\/span><\/td><td style=\"width: 52.6547%;height: 24px\"><span style=\"font-family: arial, helvetica, sans-serif;font-size: 12pt;color: #000000\">Geladeira<\/span><\/td><\/tr><tr style=\"height: 24px;background-color: #ffffff;border-color: #ffffff\"><td style=\"width: 56.0911%;height: 24px\"><span style=\"font-family: arial, helvetica, sans-serif;font-size: 12pt;color: #000000\">Balan\u00e7a anal\u00edtica<\/span><\/td><td style=\"width: 52.6547%;height: 24px\"><span style=\"font-family: arial, helvetica, sans-serif;font-size: 12pt;color: #000000\">Incubadora BOD<\/span><\/td><\/tr><tr style=\"height: 24px\"><td style=\"width: 56.0911%;height: 24px\"><span style=\"font-family: arial, helvetica, sans-serif;font-size: 12pt;color: #000000\">Balan\u00e7a semianal\u00edtica<\/span><\/td><td style=\"width: 52.6547%;height: 24px\"><span style=\"color: #000000;font-family: arial, helvetica, sans-serif\">I<span style=\"font-size: 12pt\">ncubadora shaker<\/span><\/span><\/td><\/tr><tr style=\"height: 24px;border-color: #ffffff;background-color: #ffffff\"><td style=\"width: 56.0911%;height: 24px\"><span style=\"font-family: arial, helvetica, sans-serif;font-size: 12pt;color: #000000\">Banho-maria<\/span><\/td><td style=\"width: 52.6547%;height: 24px\"><span style=\"font-family: arial, helvetica, sans-serif;font-size: 12pt;color: #000000\">Micro-ondas<\/span><\/td><\/tr><tr style=\"height: 24px\"><td style=\"width: 56.0911%;height: 24px\"><span style=\"font-family: arial, helvetica, sans-serif;font-size: 12pt;color: #000000\">Capela de exaust\u00e3o de gases<\/span><\/td><td style=\"width: 52.6547%;height: 24px\"><span style=\"font-family: arial, helvetica, sans-serif;font-size: 12pt;color: #000000\">pHmetro<\/span><\/td><\/tr><tr style=\"height: 24px;background-color: #ffffff\"><td style=\"width: 56.0911%;height: 24px\"><span style=\"font-family: arial, helvetica, sans-serif;font-size: 12pt;color: #000000\">Capela de fluxo laminar<\/span><\/td><td style=\"width: 52.6547%;height: 24px\">\u00a0<\/td><\/tr><\/tbody><\/table><p><span style=\"color: #000000\"><em>* Para o uso do espa\u00e7o e dos materiais do laborat\u00f3rio, entrar em contato com prof.\/profa. respons\u00e1vel.<\/em><\/span><\/p>\t\t\t\t\t\t\t\t<\/div>\n\t\t\t\t<\/div>\n\t\t\t\t\t<\/div>\n\t\t<\/div>\n\t\t\t\t\t<\/div>\n\t\t<\/section>\n\t\t\t\t<section class=\"elementor-section elementor-top-section elementor-element elementor-element-8ebc016 elementor-section-boxed elementor-section-height-default elementor-section-height-default\" data-id=\"8ebc016\" data-element_type=\"section\" data-e-type=\"section\">\n\t\t\t\t\t\t<div class=\"elementor-container elementor-column-gap-default\">\n\t\t\t\t\t<div class=\"elementor-column elementor-col-100 elementor-top-column elementor-element elementor-element-f953d39\" data-id=\"f953d39\" data-element_type=\"column\" data-e-type=\"column\">\n\t\t\t<div class=\"elementor-widget-wrap elementor-element-populated\">\n\t\t\t\t\t\t<div class=\"elementor-element elementor-element-8479a45 elementor-align-right elementor-widget elementor-widget-button\" data-id=\"8479a45\" data-element_type=\"widget\" data-e-type=\"widget\" data-widget_type=\"button.default\">\n\t\t\t\t<div class=\"elementor-widget-container\">\n\t\t\t\t\t\t\t\t\t<div class=\"elementor-button-wrapper\">\n\t\t\t\t\t<a class=\"elementor-button elementor-button-link elementor-size-xs\" href=\"#\">\n\t\t\t\t\t\t<span class=\"elementor-button-content-wrapper\">\n\t\t\t\t\t\t<span class=\"elementor-button-icon\">\n\t\t\t\t<i aria-hidden=\"true\" class=\"far fa-caret-square-up\"><\/i>\t\t\t<\/span>\n\t\t\t\t\t\t\t\t<\/span>\n\t\t\t\t\t<\/a>\n\t\t\t\t<\/div>\n\t\t\t\t\t\t\t\t<\/div>\n\t\t\t\t<\/div>\n\t\t\t\t\t<\/div>\n\t\t<\/div>\n\t\t\t\t\t<\/div>\n\t\t<\/section>\n\t\t\t\t<\/div>\n\t\t","protected":false},"excerpt":{"rendered":"<p>\/*! elementor &#8211; v3.7.7 &#8211; 20-09-2022 *\/ .elementor-widget-image{text-align:center}.elementor-widget-image a{display:inline-block}.elementor-widget-image a img[src$=&#8221;.svg&#8221;]{width:48px}.elementor-widget-image img{vertical-align:middle;display:inline-block} \u00a0 As vidrarias deste laborat\u00f3rio est\u00e3o identificadas na cor cinza. Equipamentos: Agitador magn\u00e9tico [&hellip;]<\/p>\n","protected":false},"author":3636,"featured_media":0,"parent":0,"menu_order":0,"comment_status":"closed","ping_status":"closed","template":"","meta":{"_acf_changed":false,"footnotes":""},"class_list":["post-110","page","type-page","status-publish","hentry"],"acf":[],"_links":{"self":[{"href":"https:\/\/jandaiadosul.ufpr.br\/slac\/wp-json\/wp\/v2\/pages\/110","targetHints":{"allow":["GET"]}}],"collection":[{"href":"https:\/\/jandaiadosul.ufpr.br\/slac\/wp-json\/wp\/v2\/pages"}],"about":[{"href":"https:\/\/jandaiadosul.ufpr.br\/slac\/wp-json\/wp\/v2\/types\/page"}],"author":[{"embeddable":true,"href":"https:\/\/jandaiadosul.ufpr.br\/slac\/wp-json\/wp\/v2\/users\/3636"}],"replies":[{"embeddable":true,"href":"https:\/\/jandaiadosul.ufpr.br\/slac\/wp-json\/wp\/v2\/comments?post=110"}],"version-history":[{"count":70,"href":"https:\/\/jandaiadosul.ufpr.br\/slac\/wp-json\/wp\/v2\/pages\/110\/revisions"}],"predecessor-version":[{"id":1824,"href":"https:\/\/jandaiadosul.ufpr.br\/slac\/wp-json\/wp\/v2\/pages\/110\/revisions\/1824"}],"wp:attachment":[{"href":"https:\/\/jandaiadosul.ufpr.br\/slac\/wp-json\/wp\/v2\/media?parent=110"}],"curies":[{"name":"wp","href":"https:\/\/api.w.org\/{rel}","templated":true}]}}