{"id":258,"date":"2022-12-08T19:40:11","date_gmt":"2022-12-08T22:40:11","guid":{"rendered":"https:\/\/jandaiadosul.ufpr.br\/lce\/?page_id=258"},"modified":"2025-04-22T15:14:59","modified_gmt":"2025-04-22T18:14:59","slug":"representacao-discente","status":"publish","type":"page","link":"https:\/\/jandaiadosul.ufpr.br\/lce\/representacao-discente\/","title":{"rendered":"Representa\u00e7\u00e3o discente"},"content":{"rendered":"<p><span style=\"font-family: 'andale mono', monospace\">Os\/as estudantes da LCE possuem um representante titular e um\/a suplente no Colegiado do Curso. Eles\/as participam das discuss\u00f5es administrativas e pedag\u00f3gicas, encaminham suas pautas ao debate coletivo e deliberam a respeito junto com os docentes e t\u00e9cnicos nas reuni\u00f5es ordin\u00e1rias que ocorrem o in\u00edcio e final de semestre (ou, extraordin\u00e1rias, convocadas sempre que necess\u00e1rio).<br \/>\n<\/span><\/p>\n<p><span style=\"font-family: 'andale mono', monospace\">Os atuais representantes s\u00e3o os estudantes:\u00a0<\/span><\/p>\n<p><span style=\"font-family: 'andale mono', monospace\">Deivisom Lucas Campos Sanches &#8211;\u00a0 <a href=\"mailto:ana.guilhen@ufpr.br\">deivisom.sanches@ufpr.br<\/a><\/span><\/p>\n<p><span style=\"font-family: 'andale mono', monospace\">Daniel Ortega Marques &#8211; <a href=\"mailto:anacastro@ufpr.br\">danielortega@ufpr.br<\/a><\/span><\/p>\n<p>&nbsp;<\/p>\n","protected":false},"excerpt":{"rendered":"<p>Os\/as estudantes da LCE possuem um representante titular e um\/a suplente no Colegiado do Curso. Eles\/as participam das discuss\u00f5es administrativas e pedag\u00f3gicas, encaminham suas pautas [&hellip;]<\/p>\n","protected":false},"author":3673,"featured_media":0,"parent":0,"menu_order":0,"comment_status":"closed","ping_status":"closed","template":"","meta":{"_acf_changed":false,"footnotes":""},"class_list":["post-258","page","type-page","status-publish","hentry"],"acf":[],"_links":{"self":[{"href":"https:\/\/jandaiadosul.ufpr.br\/lce\/wp-json\/wp\/v2\/pages\/258","targetHints":{"allow":["GET"]}}],"collection":[{"href":"https:\/\/jandaiadosul.ufpr.br\/lce\/wp-json\/wp\/v2\/pages"}],"about":[{"href":"https:\/\/jandaiadosul.ufpr.br\/lce\/wp-json\/wp\/v2\/types\/page"}],"author":[{"embeddable":true,"href":"https:\/\/jandaiadosul.ufpr.br\/lce\/wp-json\/wp\/v2\/users\/3673"}],"replies":[{"embeddable":true,"href":"https:\/\/jandaiadosul.ufpr.br\/lce\/wp-json\/wp\/v2\/comments?post=258"}],"version-history":[{"count":4,"href":"https:\/\/jandaiadosul.ufpr.br\/lce\/wp-json\/wp\/v2\/pages\/258\/revisions"}],"predecessor-version":[{"id":1014,"href":"https:\/\/jandaiadosul.ufpr.br\/lce\/wp-json\/wp\/v2\/pages\/258\/revisions\/1014"}],"wp:attachment":[{"href":"https:\/\/jandaiadosul.ufpr.br\/lce\/wp-json\/wp\/v2\/media?parent=258"}],"curies":[{"name":"wp","href":"https:\/\/api.w.org\/{rel}","templated":true}]}}