{"id":226,"date":"2022-12-06T19:14:37","date_gmt":"2022-12-06T22:14:37","guid":{"rendered":"https:\/\/jandaiadosul.ufpr.br\/lce\/?page_id=226"},"modified":"2023-05-20T12:58:59","modified_gmt":"2023-05-20T15:58:59","slug":"2a-licenciatura","status":"publish","type":"page","link":"https:\/\/jandaiadosul.ufpr.br\/lce\/2a-licenciatura\/","title":{"rendered":"Segunda Licenciatura"},"content":{"rendered":"<p><span style=\"font-family: 'andale mono', monospace;font-size: 12pt\">Entre 2019 e 2023 o curso de Licenciatura em Ci\u00eancias Exatas do Campus Avan\u00e7ado da UFPR\u00a0 em Jandaia do Sul ofereceu a oportunidade de uma segunda habilita\u00e7\u00e3o para professores\/as j\u00e1 licenciados\/as em \u00e1reas de conhecimento afins.<\/span><\/p>\n<p><strong><span style=\"font-family: 'andale mono', monospace\">Ap\u00f3s a reformula\u00e7\u00e3o do curso, uma comiss\u00e3o estuda a reformula\u00e7\u00e3o tamb\u00e9m da 2a Licenciatura para os pr\u00f3ximos anos.<\/span><\/strong><\/p>\n<p><span style=\"font-family: 'andale mono', monospace\">Quem ingressa pela segunda licenciatura se insere normalmente como aluno\/a UFPR e, inclusive, cursa disciplinas com os outros estudantes do curso. A oportunidade \u00e9, obviamente,\u00a0<span style=\"font-size: 12pt\">gratuita, e tem dura\u00e7\u00e3o prevista de tr\u00eas semestres letivos. Ou seja, depois de 1,5 ano j\u00e1 \u00e9 poss\u00edvel concluir o curso e colar grau como licenciado\/a na terminalidade escolhida.<\/span><\/span><\/p>\n<p><span style=\"font-family: 'andale mono', monospace\"><span style=\"font-size: 12pt\">O curso \u00e9 presencial,<\/span><span style=\"font-size: 12pt\"> no Campus Avan\u00e7<\/span><\/span><span style=\"font-size: 12pt;font-family: 'andale mono', monospace\">ado da UFPR em Jandaia do Sul\/PR, durante o per\u00edodo noturno.\u00a0<\/span><\/p>\n<p><span style=\"font-family: 'andale mono', monospace\"><span style=\"font-family: andale mono, monospace\">O edital de sele\u00e7\u00e3o \u00e9 divulgado no s\u00edtio <em>web\u00a0<\/em>do\u00a0<em>campus\u00a0<\/em>e amplamente pela comunica\u00e7\u00e3o institucional e redes sociais da UFPR.<\/span><\/span><\/p>\n<p><span style=\"font-family: 'andale mono', monospace\">E os documentos espec\u00edficos:\u00a0<\/span><\/p>\n<table style=\"width: 100%;border-collapse: collapse;border-color: #000000;border-style: double\">\n<tbody>\n<tr>\n<td style=\"width: 100%\"><span style=\"font-family: 'andale mono', monospace\"><a href=\"https:\/\/jandaiadosul.ufpr.br\/wp-content\/uploads\/2019\/01\/Resolucao_n__84_18_CEPE-1.pdf\">Curr\u00edculo Pleno da Segunda Licenciatura at\u00e9 2023<\/a><\/span><\/td>\n<\/tr>\n<tr>\n<td style=\"width: 100%\"><span style=\"font-family: 'andale mono', monospace\"><a href=\"https:\/\/jandaiadosul.ufpr.br\/wp-content\/uploads\/2019\/01\/PPC_-2-licenciatura.pdf\">Projeto Pedag\u00f3gico da Segunda Licenciatura at\u00e9 2023<\/a><\/span><\/td>\n<\/tr>\n<tr>\n<td style=\"width: 100%\"><span style=\"font-family: 'andale mono', monospace\"><a href=\"https:\/\/jandaiadosul.ufpr.br\/wp-content\/uploads\/2019\/01\/Segunda-Licenciatura-disciplinas-para-Qu\u00edmica.png\">Matriz da Segunda Licenciatura &#8211; Qu\u00edmica<\/a><\/span><\/td>\n<\/tr>\n<tr>\n<td style=\"width: 100%\"><span style=\"font-family: 'andale mono', monospace\"><a href=\"https:\/\/jandaiadosul.ufpr.br\/wp-content\/uploads\/2019\/01\/segunda-Licenciatura-disciplinas-para-Matem\u00e1tica.png\">Matriz da Segunda Licenciatura &#8211; Matem\u00e1tica<\/a><\/span><\/td>\n<\/tr>\n<tr>\n<td style=\"width: 100%\"><span style=\"font-family: 'andale mono', monospace\"><a href=\"https:\/\/jandaiadosul.ufpr.br\/wp-content\/uploads\/2019\/01\/segunda-Licenciatura-disciplinas-para-F\u00edsica.png\">Matriz da Segunda Licenciatura &#8211; F\u00edsica<\/a><\/span><\/td>\n<\/tr>\n<\/tbody>\n<\/table>\n<p><span style=\"font-family: 'andale mono', monospace\">Ainda ficou com d\u00favidas? Entre em contato com nossa secretaria pelas redes sociais ou <a href=\"https:\/\/wa.me\/5541984870005\" target=\"_blank\" rel=\"noopener\">whatsapp do campus <\/a><br \/>\n<\/span><\/p>\n","protected":false},"excerpt":{"rendered":"<p>Entre 2019 e 2023 o curso de Licenciatura em Ci\u00eancias Exatas do Campus Avan\u00e7ado da UFPR\u00a0 em Jandaia do Sul ofereceu a oportunidade de uma [&hellip;]<\/p>\n","protected":false},"author":3673,"featured_media":0,"parent":0,"menu_order":0,"comment_status":"closed","ping_status":"closed","template":"","meta":{"_acf_changed":false,"footnotes":""},"class_list":["post-226","page","type-page","status-publish","hentry"],"acf":[],"_links":{"self":[{"href":"https:\/\/jandaiadosul.ufpr.br\/lce\/wp-json\/wp\/v2\/pages\/226","targetHints":{"allow":["GET"]}}],"collection":[{"href":"https:\/\/jandaiadosul.ufpr.br\/lce\/wp-json\/wp\/v2\/pages"}],"about":[{"href":"https:\/\/jandaiadosul.ufpr.br\/lce\/wp-json\/wp\/v2\/types\/page"}],"author":[{"embeddable":true,"href":"https:\/\/jandaiadosul.ufpr.br\/lce\/wp-json\/wp\/v2\/users\/3673"}],"replies":[{"embeddable":true,"href":"https:\/\/jandaiadosul.ufpr.br\/lce\/wp-json\/wp\/v2\/comments?post=226"}],"version-history":[{"count":15,"href":"https:\/\/jandaiadosul.ufpr.br\/lce\/wp-json\/wp\/v2\/pages\/226\/revisions"}],"predecessor-version":[{"id":462,"href":"https:\/\/jandaiadosul.ufpr.br\/lce\/wp-json\/wp\/v2\/pages\/226\/revisions\/462"}],"wp:attachment":[{"href":"https:\/\/jandaiadosul.ufpr.br\/lce\/wp-json\/wp\/v2\/media?parent=226"}],"curies":[{"name":"wp","href":"https:\/\/api.w.org\/{rel}","templated":true}]}}