{"id":79,"date":"2023-11-21T12:13:24","date_gmt":"2023-11-21T15:13:24","guid":{"rendered":"https:\/\/jandaiadosul.ufpr.br\/biaes\/?page_id=79"},"modified":"2024-09-12T11:10:54","modified_gmt":"2024-09-12T14:10:54","slug":"projeto-pedagogico","status":"publish","type":"page","link":"https:\/\/jandaiadosul.ufpr.br\/iaes\/projeto-pedagogico\/","title":{"rendered":"Projeto Pedag\u00f3gico"},"content":{"rendered":"<p>O Projeto Pedag\u00f3gico do Curso (PPC) de Intelig\u00eancia Artificial e Engenharia de Software foi elaborado por uma comiss\u00e3o composta por oito professores doutores, todos efetivos da UFPR, Campus Jandaia do Sul. Tais professores possuem forma\u00e7\u00f5es das \u00e1reas da Computa\u00e7\u00e3o, Matem\u00e1tica, F\u00edsica, Psicologia e Engenharia, com vasta experi\u00eancia nesses campos de conhecimento.<\/p>\n<p>O PPC completo pode ser visualizado no link a seguir: <a href=\"http:\/\/jandaiadosul.ufpr.br\/iaes\/wp-content\/uploads\/sites\/41\/2024\/09\/ppc_iaes_2023.pdf\">PPC &#8211; Intelig\u00eancia Artificial e Engenharia de Software<\/a><\/p>\n","protected":false},"excerpt":{"rendered":"<p>O Projeto Pedag\u00f3gico do Curso (PPC) de Intelig\u00eancia Artificial e Engenharia de Software foi elaborado por uma comiss\u00e3o composta por oito professores doutores, todos efetivos [&hellip;]<\/p>\n","protected":false},"author":3634,"featured_media":0,"parent":0,"menu_order":0,"comment_status":"closed","ping_status":"closed","template":"","meta":{"_acf_changed":false,"footnotes":""},"class_list":["post-79","page","type-page","status-publish","hentry"],"acf":[],"_links":{"self":[{"href":"https:\/\/jandaiadosul.ufpr.br\/iaes\/wp-json\/wp\/v2\/pages\/79","targetHints":{"allow":["GET"]}}],"collection":[{"href":"https:\/\/jandaiadosul.ufpr.br\/iaes\/wp-json\/wp\/v2\/pages"}],"about":[{"href":"https:\/\/jandaiadosul.ufpr.br\/iaes\/wp-json\/wp\/v2\/types\/page"}],"author":[{"embeddable":true,"href":"https:\/\/jandaiadosul.ufpr.br\/iaes\/wp-json\/wp\/v2\/users\/3634"}],"replies":[{"embeddable":true,"href":"https:\/\/jandaiadosul.ufpr.br\/iaes\/wp-json\/wp\/v2\/comments?post=79"}],"version-history":[{"count":5,"href":"https:\/\/jandaiadosul.ufpr.br\/iaes\/wp-json\/wp\/v2\/pages\/79\/revisions"}],"predecessor-version":[{"id":216,"href":"https:\/\/jandaiadosul.ufpr.br\/iaes\/wp-json\/wp\/v2\/pages\/79\/revisions\/216"}],"wp:attachment":[{"href":"https:\/\/jandaiadosul.ufpr.br\/iaes\/wp-json\/wp\/v2\/media?parent=79"}],"curies":[{"name":"wp","href":"https:\/\/api.w.org\/{rel}","templated":true}]}}