{"id":396,"date":"2025-04-23T10:26:34","date_gmt":"2025-04-23T13:26:34","guid":{"rendered":"https:\/\/jandaiadosul.ufpr.br\/iaes\/?page_id=396"},"modified":"2025-04-25T09:17:54","modified_gmt":"2025-04-25T12:17:54","slug":"atas-colegiado-2025","status":"publish","type":"page","link":"https:\/\/jandaiadosul.ufpr.br\/iaes\/atas-colegiado-2025\/","title":{"rendered":"Atas de Colegiado 2024"},"content":{"rendered":"<p><span style=\"font-family: arial, helvetica, sans-serif\"><strong>Atas das reuni\u00f5es ordin\u00e1rias do Colegiado do Curso de Intelig\u00eancia Artificial e Engenharia de Software (IAES)<\/strong><\/span><\/p>\n<p><span style=\"text-decoration: underline;font-family: arial, helvetica, sans-serif\"><span style=\"color: #800080\"><a style=\"color: #800080;text-decoration: underline\" href=\"http:\/\/jandaiadosul.ufpr.br\/iaes\/wp-content\/uploads\/sites\/41\/2025\/04\/1a-reuniao-ordinaria.pdf\">Ata da 1\u00aa Reuni\u00e3o Ordin\u00e1ria do Colegiado do Curso de Intelig\u00eancia Artificial e Engenharia de Software, aprovada em 13\/03\/2025<\/a><\/span><\/span><\/p>\n<p>&nbsp;<\/p>\n<p>&nbsp;<\/p>\n<p>&nbsp;<\/p>\n","protected":false},"excerpt":{"rendered":"<p>Atas das reuni\u00f5es ordin\u00e1rias do Colegiado do Curso de Intelig\u00eancia Artificial e Engenharia de Software (IAES) Ata da 1\u00aa Reuni\u00e3o Ordin\u00e1ria do Colegiado do Curso [&hellip;]<\/p>\n","protected":false},"author":3651,"featured_media":0,"parent":0,"menu_order":0,"comment_status":"closed","ping_status":"closed","template":"","meta":{"_acf_changed":false,"footnotes":""},"class_list":["post-396","page","type-page","status-publish","hentry"],"acf":[],"_links":{"self":[{"href":"https:\/\/jandaiadosul.ufpr.br\/iaes\/wp-json\/wp\/v2\/pages\/396","targetHints":{"allow":["GET"]}}],"collection":[{"href":"https:\/\/jandaiadosul.ufpr.br\/iaes\/wp-json\/wp\/v2\/pages"}],"about":[{"href":"https:\/\/jandaiadosul.ufpr.br\/iaes\/wp-json\/wp\/v2\/types\/page"}],"author":[{"embeddable":true,"href":"https:\/\/jandaiadosul.ufpr.br\/iaes\/wp-json\/wp\/v2\/users\/3651"}],"replies":[{"embeddable":true,"href":"https:\/\/jandaiadosul.ufpr.br\/iaes\/wp-json\/wp\/v2\/comments?post=396"}],"version-history":[{"count":8,"href":"https:\/\/jandaiadosul.ufpr.br\/iaes\/wp-json\/wp\/v2\/pages\/396\/revisions"}],"predecessor-version":[{"id":427,"href":"https:\/\/jandaiadosul.ufpr.br\/iaes\/wp-json\/wp\/v2\/pages\/396\/revisions\/427"}],"wp:attachment":[{"href":"https:\/\/jandaiadosul.ufpr.br\/iaes\/wp-json\/wp\/v2\/media?parent=396"}],"curies":[{"name":"wp","href":"https:\/\/api.w.org\/{rel}","templated":true}]}}