{"id":132,"date":"2023-11-23T10:49:58","date_gmt":"2023-11-23T13:49:58","guid":{"rendered":"https:\/\/jandaiadosul.ufpr.br\/biaes\/?page_id=132"},"modified":"2024-09-12T16:50:36","modified_gmt":"2024-09-12T19:50:36","slug":"projetos-de-pesquisa-e-extensao","status":"publish","type":"page","link":"https:\/\/jandaiadosul.ufpr.br\/iaes\/projetos-de-pesquisa-e-extensao\/","title":{"rendered":"Projetos de Extens\u00e3o"},"content":{"rendered":"<p>Os professores do curso de Intelig\u00eancia Artificial e Engenharia de Software coordenam os seguintes projetos de extens\u00e3o:<\/p>\n<table style=\"border-collapse: collapse;width: 100%\">\n<tbody>\n<tr>\n<td style=\"width: 100%\">Por dentro do Computador<br \/>\n&#8211; <a href=\"https:\/\/jandaiadosul.ufpr.br\/por-dentro-do-computador\/\">P\u00e1gina Institucional<\/a><br \/>\n&#8211; <a href=\"https:\/\/www.instagram.com\/pordentrodocomputador\">Perfil no Instagram<\/a><br \/>\n&#8211; <a href=\"https:\/\/www.youtube.com\/c\/Pordentrodocomputador\">Canal no Youtube<\/a><br \/>\n&#8211; <a href=\"https:\/\/www.facebook.com\/pordentrodocomputador\/\">P\u00e1gina no Facebook<\/a><\/td>\n<\/tr>\n<\/tbody>\n<\/table>\n<p>&nbsp;<\/p>\n","protected":false},"excerpt":{"rendered":"<p>Os professores do curso de Intelig\u00eancia Artificial e Engenharia de Software coordenam os seguintes projetos de extens\u00e3o: Por dentro do Computador &#8211; P\u00e1gina Institucional &#8211; [&hellip;]<\/p>\n","protected":false},"author":3634,"featured_media":0,"parent":0,"menu_order":0,"comment_status":"closed","ping_status":"closed","template":"","meta":{"_acf_changed":false,"footnotes":""},"class_list":["post-132","page","type-page","status-publish","hentry"],"acf":[],"_links":{"self":[{"href":"https:\/\/jandaiadosul.ufpr.br\/iaes\/wp-json\/wp\/v2\/pages\/132","targetHints":{"allow":["GET"]}}],"collection":[{"href":"https:\/\/jandaiadosul.ufpr.br\/iaes\/wp-json\/wp\/v2\/pages"}],"about":[{"href":"https:\/\/jandaiadosul.ufpr.br\/iaes\/wp-json\/wp\/v2\/types\/page"}],"author":[{"embeddable":true,"href":"https:\/\/jandaiadosul.ufpr.br\/iaes\/wp-json\/wp\/v2\/users\/3634"}],"replies":[{"embeddable":true,"href":"https:\/\/jandaiadosul.ufpr.br\/iaes\/wp-json\/wp\/v2\/comments?post=132"}],"version-history":[{"count":3,"href":"https:\/\/jandaiadosul.ufpr.br\/iaes\/wp-json\/wp\/v2\/pages\/132\/revisions"}],"predecessor-version":[{"id":315,"href":"https:\/\/jandaiadosul.ufpr.br\/iaes\/wp-json\/wp\/v2\/pages\/132\/revisions\/315"}],"wp:attachment":[{"href":"https:\/\/jandaiadosul.ufpr.br\/iaes\/wp-json\/wp\/v2\/media?parent=132"}],"curies":[{"name":"wp","href":"https:\/\/api.w.org\/{rel}","templated":true}]}}