{"id":107,"date":"2023-11-23T10:46:29","date_gmt":"2023-11-23T13:46:29","guid":{"rendered":"https:\/\/jandaiadosul.ufpr.br\/biaes\/?page_id=107"},"modified":"2024-09-12T16:11:14","modified_gmt":"2024-09-12T19:11:14","slug":"infraestrutura","status":"publish","type":"page","link":"https:\/\/jandaiadosul.ufpr.br\/iaes\/infraestrutura\/","title":{"rendered":"Infraestrutura"},"content":{"rendered":"<p>&#8211; <strong>Infraestrutura de acessibilidade:<\/strong> H\u00e1 disponibilidade de instala\u00e7\u00f5es sanit\u00e1rias com barras de apoio nas paredes, bebedouros e telefone p\u00fablico com altura adequada para portadores de necessidades especiais. O estacionamento disp\u00f5e de vagas preferenciais. As estantes na biblioteca e as bancadas nos laborat\u00f3rios apresentam-se em condi\u00e7\u00f5es apropriadas para a circula\u00e7\u00e3o.<\/p>\n<p>&#8211; <strong>Acesso \u00e0 Internet:<\/strong> O campus em Jandaia do Sul conta com a rede UFPR Sem Fio que oferece acesso \u00e0 Internet \u00e0 comunidade universit\u00e1ria. O Projeto \u201cUFPR Sem Fio\u201d visa levar cobertura de rede wireless para todos os Campi da UFPR. O discente pode se conectar ao sistema pelo tablet, celular ou notebook. Para obter o acesso a este sistema, o discente utiliza o e-mail institucional. Nos laborat\u00f3rios, o acesso \u00e0 internet tamb\u00e9m pode ser realizado por conex\u00e3o via cabo de rede.<br \/>\nA UFPR conta com Ambiente Virtual de Aprendizagem (AVA) \u2013 UFPR Virtual, plataforma web de apoio ao ensino e aprendizagem dos discentes da Universidade Federal do Paran\u00e1, o presente aplicativo visa facilitar o acesso a plataforma via dispositivo m\u00f3vel provendo interface mais adequada a esse tipo de dispositivo do que o proporcionado atrav\u00e9s de navegadores. Da mesma forma, o campus conta com o suporte do N\u00facleo de Tecnologias Educacionais (NTEs), que constituem espa\u00e7os destinados a favorecer a inser\u00e7\u00e3o da Educa\u00e7\u00e3o H\u00edbrida e da EaD nos diversos setores da UFPR por meio de a\u00e7\u00f5es que facilitem a produ\u00e7\u00e3o e a inclus\u00e3o das Tecnologias Digitais da Informa\u00e7\u00e3o e Comunica\u00e7\u00e3o (TDICs) \u00e0s a\u00e7\u00f5es de ensino, pesquisa e extens\u00e3o privilegiando, dessa forma, a aprendizagem colaborativa, cooperativa e aut\u00f4noma.<\/p>\n<p>&#8211; <strong>Infraestrutura Espec\u00edfica para o funcionamento do curso:<\/strong><\/p>\n<p style=\"padding-left: 40px\">&#8211; 12 Salas de Aula comum, de aproximadamente 80m2, equipadas com quadro, projetor multim\u00eddia fixo (instalado no teto), tela de proje\u00e7\u00e3o retr\u00e1til e 50 conjuntos escolares compostos de cadeira e carteira. Todas as salas de aula possuem as condi\u00e7\u00f5es de acessibilidade exigidas por lei;<br \/>\n&#8211; 4 Laborat\u00f3rios de inform\u00e1tica, equipados com internet de alta velocidade, mobili\u00e1rio completo, computadores, tela de proje\u00e7\u00e3o retr\u00e1til, projetor multim\u00eddia fixo (instalado no teto) e condi\u00e7\u00f5es de acessibilidade exigidas por lei. De maneira estratificada, com rela\u00e7\u00e3o ao n\u00famero de computadores, cada um possui: 22, 28, 17 e 30 computadores;<br \/>\n&#8211; 1 Laborat\u00f3rio Did\u00e1tico de F\u00edsica, completo com todos os instrumentos necess\u00e1rios para todas as pr\u00e1ticas necess\u00e1rias;<br \/>\n&#8211; 1 Laborat\u00f3rio Integrado Maker &#8211; Espa\u00e7o multiusu\u00e1rio did\u00e1tico, de pesquisa e extens\u00e3o, composto por: 12 impressoras 3D abertas e fechadas, m\u00e1quinas de corte a laser, kits arduino, esta\u00e7\u00f5es de eletr\u00f4nica, componentes eletr\u00f4nicos, 4 computadores de alto desempenho, tela de proje\u00e7\u00e3o retr\u00e1til, lousa e projetor multim\u00eddia fixo (instalado no teto);<br \/>\n&#8211; 1 Laborat\u00f3rio Integrado de Instala\u00e7\u00f5es El\u00e9tricas, Eletrot\u00e9cnica e Eletr\u00f4nica &#8211; Espa\u00e7o multiusu\u00e1rio did\u00e1tico, de pesquisa e extens\u00e3o, composto por: bancadas de estudo em el\u00e9trica, eletr\u00f4nica e automa\u00e7\u00e3o, esta\u00e7\u00f5es de eletr\u00f4nica, componentes eletr\u00f4nicos, 4 computadores de alto desempenho, tela de proje\u00e7\u00e3o retr\u00e1til, lousa e projetor multim\u00eddia fixo (instalado no teto), geradores de fun\u00e7\u00e3o, oscilosc\u00f3pios, mult\u00edmetros, fontes de tens\u00e3o, entre outros itens relativos \u00e0s atividades pr\u00e1ticas;<br \/>\n&#8211; 2 Laborat\u00f3rios de Extens\u00e3o, sendo um deles um espa\u00e7o para cria\u00e7\u00e3o, confec\u00e7\u00e3o e produ\u00e7\u00e3o, e outro sendo um espa\u00e7o para a execu\u00e7\u00e3o de atividades extensionistas. Todos os espa\u00e7os s\u00e3o completamente mobiliados, com toda a estrutura necess\u00e1ria dispon\u00edvel;<br \/>\n&#8211; 1 Laborat\u00f3rio de Pr\u00e1ticas Pedag\u00f3gicas da Computa\u00e7\u00e3o: Espa\u00e7o dedicado e exclusivo ao curso, equipado com todo o mobili\u00e1rio necess\u00e1rio, computadores, lousas digitais, projetores multim\u00eddia, telas de proje\u00e7\u00e3o, lousa, mesas e cadeiras;<br \/>\n&#8211; 1 N\u00facleo de Tecnologias Educacionais \u2013 NTE. Espa\u00e7o composto por 2 est\u00fadios de grava\u00e7\u00e3o, completamente equipados, e 1 ilha de edi\u00e7\u00e3o, tamb\u00e9m completamente equipada;<br \/>\n&#8211; 1 Espa\u00e7o Coworking, dedicado \u00e0s empresas j\u00faniores;<br \/>\n&#8211; 1 Biblioteca completa, com mobili\u00e1rios para estudo coletivo e individual, computadores para pesquisa e climatiza\u00e7\u00e3o;<br \/>\n&#8211; 1 Audit\u00f3rio para reuni\u00f5es, com capacidade para 50 lugares, climatiza\u00e7\u00e3o e sistema multim\u00eddia completo;<br \/>\n&#8211; 1 Sala de Coordena\u00e7\u00e3o de Curso;<br \/>\n&#8211; 1 Audit\u00f3rio, com capacidade para 400 pessoas;<br \/>\n&#8211; 1 Gin\u00e1sio de esportes.<\/p>\n","protected":false},"excerpt":{"rendered":"<p>&#8211; Infraestrutura de acessibilidade: H\u00e1 disponibilidade de instala\u00e7\u00f5es sanit\u00e1rias com barras de apoio nas paredes, bebedouros e telefone p\u00fablico com altura adequada para portadores de [&hellip;]<\/p>\n","protected":false},"author":3634,"featured_media":0,"parent":0,"menu_order":0,"comment_status":"closed","ping_status":"closed","template":"","meta":{"_acf_changed":false,"footnotes":""},"class_list":["post-107","page","type-page","status-publish","hentry"],"acf":[],"_links":{"self":[{"href":"https:\/\/jandaiadosul.ufpr.br\/iaes\/wp-json\/wp\/v2\/pages\/107","targetHints":{"allow":["GET"]}}],"collection":[{"href":"https:\/\/jandaiadosul.ufpr.br\/iaes\/wp-json\/wp\/v2\/pages"}],"about":[{"href":"https:\/\/jandaiadosul.ufpr.br\/iaes\/wp-json\/wp\/v2\/types\/page"}],"author":[{"embeddable":true,"href":"https:\/\/jandaiadosul.ufpr.br\/iaes\/wp-json\/wp\/v2\/users\/3634"}],"replies":[{"embeddable":true,"href":"https:\/\/jandaiadosul.ufpr.br\/iaes\/wp-json\/wp\/v2\/comments?post=107"}],"version-history":[{"count":6,"href":"https:\/\/jandaiadosul.ufpr.br\/iaes\/wp-json\/wp\/v2\/pages\/107\/revisions"}],"predecessor-version":[{"id":263,"href":"https:\/\/jandaiadosul.ufpr.br\/iaes\/wp-json\/wp\/v2\/pages\/107\/revisions\/263"}],"wp:attachment":[{"href":"https:\/\/jandaiadosul.ufpr.br\/iaes\/wp-json\/wp\/v2\/media?parent=107"}],"curies":[{"name":"wp","href":"https:\/\/api.w.org\/{rel}","templated":true}]}}