{"id":169,"date":"2023-01-18T15:07:47","date_gmt":"2023-01-18T18:07:47","guid":{"rendered":"https:\/\/jandaiadosul.ufpr.br\/engenhariadeproducao\/?page_id=169"},"modified":"2025-07-01T10:39:04","modified_gmt":"2025-07-01T13:39:04","slug":"tcc","status":"publish","type":"page","link":"https:\/\/jandaiadosul.ufpr.br\/engenhariadeproducao\/tcc\/","title":{"rendered":"TCC"},"content":{"rendered":"<div>\n<p style=\"text-align: left\">O Trabalho de Conclus\u00e3o de Curso (TCC) tem por finalidade oportunizar ao discente do Curso de Engenharia de Produ\u00e7\u00e3o o desenvolvimento de um projeto, que integre e sistematize as habilidades desenvolvidas ao longo da periodiza\u00e7\u00e3o curricular, a partir de fundamenta\u00e7\u00e3o te\u00f3rica e metodol\u00f3gica orientada pelos docentes do Curso.<\/p>\n<p style=\"text-align: left\">A carga hor\u00e1ria \u00e9 de 120 horas e a oferta est\u00e1 prevista para o nono e d\u00e9cimos per\u00edodos.<\/p>\n<p style=\"text-align: left\">O Regulamento do TCC est\u00e1 dispon\u00edvel no link a seguir:<\/p>\n<p style=\"text-align: left\"><a href=\"http:\/\/jandaiadosul.ufpr.br\/engenhariadeproducao\/wp-content\/uploads\/sites\/13\/2025\/07\/regulamento_tcc_siga_2025.pdf\">Regulamento TCC Engenharia de Produ\u00e7\u00e3o<\/a><\/p>\n<\/div>\n<div class=\"box box-default box-solid\"><\/div>\n","protected":false},"excerpt":{"rendered":"<p>O Trabalho de Conclus\u00e3o de Curso (TCC) tem por finalidade oportunizar ao discente do Curso de Engenharia de Produ\u00e7\u00e3o o desenvolvimento de um projeto, que [&hellip;]<\/p>\n","protected":false},"author":3629,"featured_media":0,"parent":0,"menu_order":0,"comment_status":"closed","ping_status":"closed","template":"","meta":{"_acf_changed":false,"footnotes":""},"class_list":["post-169","page","type-page","status-publish","hentry"],"acf":[],"_links":{"self":[{"href":"https:\/\/jandaiadosul.ufpr.br\/engenhariadeproducao\/wp-json\/wp\/v2\/pages\/169","targetHints":{"allow":["GET"]}}],"collection":[{"href":"https:\/\/jandaiadosul.ufpr.br\/engenhariadeproducao\/wp-json\/wp\/v2\/pages"}],"about":[{"href":"https:\/\/jandaiadosul.ufpr.br\/engenhariadeproducao\/wp-json\/wp\/v2\/types\/page"}],"author":[{"embeddable":true,"href":"https:\/\/jandaiadosul.ufpr.br\/engenhariadeproducao\/wp-json\/wp\/v2\/users\/3629"}],"replies":[{"embeddable":true,"href":"https:\/\/jandaiadosul.ufpr.br\/engenhariadeproducao\/wp-json\/wp\/v2\/comments?post=169"}],"version-history":[{"count":5,"href":"https:\/\/jandaiadosul.ufpr.br\/engenhariadeproducao\/wp-json\/wp\/v2\/pages\/169\/revisions"}],"predecessor-version":[{"id":1353,"href":"https:\/\/jandaiadosul.ufpr.br\/engenhariadeproducao\/wp-json\/wp\/v2\/pages\/169\/revisions\/1353"}],"wp:attachment":[{"href":"https:\/\/jandaiadosul.ufpr.br\/engenhariadeproducao\/wp-json\/wp\/v2\/media?parent=169"}],"curies":[{"name":"wp","href":"https:\/\/api.w.org\/{rel}","templated":true}]}}