{"id":152,"date":"2023-01-18T15:02:07","date_gmt":"2023-01-18T18:02:07","guid":{"rendered":"https:\/\/jandaiadosul.ufpr.br\/engenhariadeproducao\/?page_id=152"},"modified":"2026-03-10T15:58:41","modified_gmt":"2026-03-10T18:58:41","slug":"grade-curricular","status":"publish","type":"page","link":"https:\/\/jandaiadosul.ufpr.br\/engenhariadeproducao\/grade-curricular\/","title":{"rendered":"Projeto Pedag\u00f3gico Engenharia de Produ\u00e7\u00e3o"},"content":{"rendered":"\t\t<div data-elementor-type=\"wp-page\" data-elementor-id=\"152\" class=\"elementor elementor-152\">\n\t\t\t\t\t\t<section class=\"elementor-section elementor-top-section elementor-element elementor-element-4c7d441 elementor-section-boxed elementor-section-height-default elementor-section-height-default\" data-id=\"4c7d441\" data-element_type=\"section\" data-e-type=\"section\">\n\t\t\t\t\t\t<div class=\"elementor-container elementor-column-gap-default\">\n\t\t\t\t\t<div class=\"elementor-column elementor-col-100 elementor-top-column elementor-element elementor-element-a823668\" data-id=\"a823668\" data-element_type=\"column\" data-e-type=\"column\">\n\t\t\t<div class=\"elementor-widget-wrap elementor-element-populated\">\n\t\t\t\t\t\t<div class=\"elementor-element elementor-element-f5252be elementor-widget elementor-widget-text-editor\" data-id=\"f5252be\" data-element_type=\"widget\" data-e-type=\"widget\" data-widget_type=\"text-editor.default\">\n\t\t\t\t<div class=\"elementor-widget-container\">\n\t\t\t\t\t\t\t\t\t<p><span style=\"font-family: arial, helvetica, sans-serif;color: #000000\">O curso de Engenharia de Produ\u00e7\u00e3o passou por um processo de reformula\u00e7\u00e3o, onde ser\u00e1 ofertada uma nova grade para os <strong>alunos ingressantes a partir de 2023.<\/strong><\/span><strong>\u00a0<\/strong><\/p><p><span style=\"font-family: arial, helvetica, sans-serif;color: #000000\">A principal mudan\u00e7a realizada na matriz curricular foi a inser\u00e7\u00e3o da carga hor\u00e1ria extensionista.\u00a0<\/span><\/p><p><span style=\"font-family: arial, helvetica, sans-serif;color: #000000\">Todas as disciplinas do curr\u00edculo antigo (at\u00e9 2022) possuem equival\u00eancia com as disciplinas do curr\u00edculo novo (a partir de 2023). <strong><a href=\"https:\/\/jandaiadosul.ufpr.br\/engenhariadeproducao\/wp-content\/uploads\/sites\/13\/2023\/02\/plano-adaptacao-curricular.pdf\" target=\"_blank\" rel=\"noopener\">Clique aqui e confira o Plano de Adapta\u00e7\u00e3o Curricular<\/a><\/strong>.\u00a0<\/span><\/p>\t\t\t\t\t\t\t\t<\/div>\n\t\t\t\t<\/div>\n\t\t\t\t\t<\/div>\n\t\t<\/div>\n\t\t\t\t\t<\/div>\n\t\t<\/section>\n\t\t\t\t<section class=\"elementor-section elementor-top-section elementor-element elementor-element-1efa272 elementor-section-boxed elementor-section-height-default elementor-section-height-default\" data-id=\"1efa272\" data-element_type=\"section\" data-e-type=\"section\">\n\t\t\t\t\t\t<div class=\"elementor-container elementor-column-gap-default\">\n\t\t\t\t\t<div class=\"elementor-column elementor-col-50 elementor-top-column elementor-element elementor-element-9bcb135\" data-id=\"9bcb135\" data-element_type=\"column\" data-e-type=\"column\">\n\t\t\t<div class=\"elementor-widget-wrap elementor-element-populated\">\n\t\t\t\t\t\t<div class=\"elementor-element elementor-element-e51f25b elementor-widget elementor-widget-heading\" data-id=\"e51f25b\" data-element_type=\"widget\" data-e-type=\"widget\" data-widget_type=\"heading.default\">\n\t\t\t\t<div class=\"elementor-widget-container\">\n\t\t\t\t\t<h6 class=\"elementor-heading-title elementor-size-medium\">Para ingressantes at\u00e9 2022 (PPC 2014)<\/h6>\t\t\t\t<\/div>\n\t\t\t\t<\/div>\n\t\t\t\t\t<\/div>\n\t\t<\/div>\n\t\t\t\t<div class=\"elementor-column elementor-col-50 elementor-top-column elementor-element elementor-element-97b6deb\" data-id=\"97b6deb\" data-element_type=\"column\" data-e-type=\"column\">\n\t\t\t<div class=\"elementor-widget-wrap elementor-element-populated\">\n\t\t\t\t\t\t<div class=\"elementor-element elementor-element-9db4d05 elementor-widget elementor-widget-heading\" data-id=\"9db4d05\" data-element_type=\"widget\" data-e-type=\"widget\" data-widget_type=\"heading.default\">\n\t\t\t\t<div class=\"elementor-widget-container\">\n\t\t\t\t\t<h6 class=\"elementor-heading-title elementor-size-medium\">Para ingressantes a partir de 2023 (PPC 2023)<\/h6>\t\t\t\t<\/div>\n\t\t\t\t<\/div>\n\t\t\t\t\t<\/div>\n\t\t<\/div>\n\t\t\t\t\t<\/div>\n\t\t<\/section>\n\t\t\t\t<section class=\"elementor-section elementor-top-section elementor-element elementor-element-0f09038 elementor-section-boxed elementor-section-height-default elementor-section-height-default\" data-id=\"0f09038\" data-element_type=\"section\" data-e-type=\"section\">\n\t\t\t\t\t\t<div class=\"elementor-container elementor-column-gap-default\">\n\t\t\t\t\t<div class=\"elementor-column elementor-col-50 elementor-top-column elementor-element elementor-element-e5b9c2e\" data-id=\"e5b9c2e\" data-element_type=\"column\" data-e-type=\"column\">\n\t\t\t<div class=\"elementor-widget-wrap elementor-element-populated\">\n\t\t\t\t\t\t<div class=\"elementor-element elementor-element-ae99c56 elementor-widget__width-initial elementor-widget elementor-widget-text-editor\" data-id=\"ae99c56\" data-element_type=\"widget\" data-e-type=\"widget\" data-widget_type=\"text-editor.default\">\n\t\t\t\t<div class=\"elementor-widget-container\">\n\t\t\t\t\t\t\t\t\t<ul><li><span style=\"font-family: arial, helvetica, sans-serif;color: #000000;font-size: 12pt\"><strong>Carga hor\u00e1ria:<\/strong> 3800 horas<\/span><\/li><li><span style=\"font-family: arial, helvetica, sans-serif;color: #000000;font-size: 12pt\"><strong>Dura\u00e7\u00e3o:<\/strong> 5 anos<\/span><\/li><li><span style=\"font-size: 12pt\"><strong><span style=\"font-family: arial, helvetica, sans-serif;color: #000000\">Projeto Pedag\u00f3gico: <\/span><\/strong><span style=\"font-family: arial, helvetica, sans-serif;color: #0000ff\"><a style=\"color: #0000ff\" href=\"http:\/\/jandaiadosul.ufpr.br\/engenhariadeproducao\/wp-content\/uploads\/sites\/13\/2026\/02\/ppc_2014_2026_02_19.pdf\" target=\"_blank\" rel=\"noopener\"><strong>Download\u00a0<\/strong><\/a><\/span><\/span><\/li><li><span style=\"font-size: 12pt\"><strong><span style=\"font-family: arial, helvetica, sans-serif;color: #000000\">Matriz Curricular: <span style=\"color: #0000ff\"><a style=\"color: #0000ff\" href=\"http:\/\/jandaiadosul.ufpr.br\/engenhariadeproducao\/wp-content\/uploads\/sites\/13\/2025\/11\/matriz-curricular-9.pdf\" target=\"_blank\" rel=\"noopener\">Download<\/a><\/span><\/span><\/strong><\/span><\/li><li><span style=\"font-size: 12pt\"><span style=\"color: #000000\"><strong><span style=\"font-family: arial, helvetica, sans-serif\">Ementas:\u00a0<\/span><\/strong><\/span><span style=\"color: #0000ff\"><strong><span style=\"font-family: arial, helvetica, sans-serif\"><a style=\"color: #0000ff\" href=\"http:\/\/jandaiadosul.ufpr.br\/engenhariadeproducao\/wp-content\/uploads\/sites\/13\/2026\/01\/ementario-ppc-2014.pdf\">Download<\/a><\/span><\/strong><\/span><\/span><\/li><li><span style=\"font-size: 12pt\"><strong><span style=\"color: #000000;font-family: arial, helvetica, sans-serif\">Regulamento Atividades Formativas: <span style=\"color: #0000ff\"><a style=\"color: #0000ff\" href=\"http:\/\/jandaiadosul.ufpr.br\/engenhariadeproducao\/wp-content\/uploads\/sites\/13\/2023\/01\/2014_regulamento-afs.pdf\" target=\"_blank\" rel=\"noopener\">Download<\/a><\/span><\/span><\/strong><\/span><\/li><li><span style=\"font-size: 12pt\"><strong><span style=\"color: #000000;font-family: arial, helvetica, sans-serif\">Regulamento Orienta\u00e7\u00e3o Acad\u00eamica &#8211; POA: <a href=\"http:\/\/jandaiadosul.ufpr.br\/engenhariadeproducao\/wp-content\/uploads\/sites\/13\/2023\/01\/2014_regulamento-orientacao-academica.pdf\" target=\"_blank\" rel=\"noopener\"><span style=\"color: #3366ff\"><span style=\"color: #808080\"><span style=\"color: #0000ff\">Download<\/span><\/span><\/span><\/a><\/span><\/strong><\/span><\/li><li><span style=\"font-size: 12pt\"><strong><span style=\"color: #000000;font-family: arial, helvetica, sans-serif\">Regulamento de Est\u00e1gio:\u00a0<span style=\"color: #0000ff\"><a style=\"color: #0000ff\" href=\"http:\/\/jandaiadosul.ufpr.br\/engenhariadeproducao\/wp-content\/uploads\/sites\/13\/2026\/01\/regulamento-de-estagio-ppc-2014.pdf\">Download<\/a><\/span><\/span><\/strong><\/span><\/li><li><span style=\"font-size: 12pt\"><strong><span style=\"color: #000000;font-family: arial, helvetica, sans-serif\">Regulamento do Trabalho de Conclus\u00e3o de Curso &#8211; TCC: <span style=\"color: #0000ff\"><a style=\"color: #0000ff\" href=\"http:\/\/jandaiadosul.ufpr.br\/engenhariadeproducao\/wp-content\/uploads\/sites\/13\/2023\/01\/2014_regulamento-tcc.pdf\" target=\"_blank\" rel=\"noopener\">Download<\/a><\/span><\/span><\/strong><\/span><\/li><li><span style=\"font-size: 12pt\"><strong><strong><span style=\"color: #000000;font-family: arial, helvetica, sans-serif\"><span style=\"color: #0000ff\"><span style=\"color: #000000\">Edital &#8211; POA 2026:<\/span> <a style=\"color: #0000ff\" href=\"http:\/\/jandaiadosul.ufpr.br\/engenhariadeproducao\/wp-content\/uploads\/sites\/13\/2026\/03\/edital_orientacao_academica_ep-2026-1_e_2026-2.pdf\" target=\"_blank\" rel=\"noopener\">Download<\/a><\/span><\/span><\/strong><\/strong><\/span><\/li><\/ul>\t\t\t\t\t\t\t\t<\/div>\n\t\t\t\t<\/div>\n\t\t\t\t\t<\/div>\n\t\t<\/div>\n\t\t\t\t<div class=\"elementor-column elementor-col-50 elementor-top-column elementor-element elementor-element-46350f8\" data-id=\"46350f8\" data-element_type=\"column\" data-e-type=\"column\">\n\t\t\t<div class=\"elementor-widget-wrap elementor-element-populated\">\n\t\t\t\t\t\t<div class=\"elementor-element elementor-element-94d371e elementor-widget__width-initial elementor-widget elementor-widget-text-editor\" data-id=\"94d371e\" data-element_type=\"widget\" data-e-type=\"widget\" data-widget_type=\"text-editor.default\">\n\t\t\t\t<div class=\"elementor-widget-container\">\n\t\t\t\t\t\t\t\t\t<ul><li><span style=\"font-family: arial, helvetica, sans-serif;color: #000000\"><strong>Carga hor\u00e1ria:<\/strong> 3630 horas<\/span><\/li><li><strong><span style=\"font-family: arial, helvetica, sans-serif;color: #000000\">Dura\u00e7\u00e3o: <\/span><\/strong><span style=\"font-family: arial, helvetica, sans-serif;color: #000000\">5 anos<\/span><\/li><li><strong><span style=\"font-family: arial, helvetica, sans-serif;color: #000000\">Projeto Pedag\u00f3gico: <span style=\"color: #0000ff\"><a style=\"color: #0000ff\" href=\"http:\/\/jandaiadosul.ufpr.br\/engenhariadeproducao\/wp-content\/uploads\/sites\/13\/2026\/02\/ppc_2023_2026_02_19.pdf\" target=\"_blank\" rel=\"noopener\">Download<\/a><\/span><\/span><\/strong><\/li><li><strong><span style=\"font-family: arial, helvetica, sans-serif;color: #000000\">Matriz Curricular: <span style=\"color: #0000ff\"><a style=\"color: #0000ff\" href=\"http:\/\/jandaiadosul.ufpr.br\/engenhariadeproducao\/wp-content\/uploads\/sites\/13\/2025\/11\/matriz-curricular-8.pdf\" target=\"_blank\" rel=\"noopener\">Download<\/a><\/span><\/span><\/strong><\/li><li><span style=\"color: #000000\"><strong><span style=\"font-family: arial, helvetica, sans-serif\">Ementas:<\/span><\/strong>\u00a0<strong><span style=\"font-family: arial, helvetica, sans-serif;color: #0000ff\"><a style=\"color: #0000ff\" href=\"http:\/\/jandaiadosul.ufpr.br\/engenhariadeproducao\/wp-content\/uploads\/sites\/13\/2026\/01\/ementario-ppc-2023.pdf\">Download<\/a><\/span><\/strong><\/span><\/li><li><strong><span style=\"font-family: arial, helvetica, sans-serif;color: #000000\">Regulamento Atividades Formativas:\u00a0<\/span><span style=\"color: #0000ff;font-family: arial, helvetica, sans-serif\"><a style=\"color: #0000ff\" href=\"http:\/\/jandaiadosul.ufpr.br\/engenhariadeproducao\/wp-content\/uploads\/sites\/13\/2023\/11\/regulamento-atividades-formativas_ppc-2023.pdf\" target=\"_blank\" rel=\"noopener\">Download<\/a><\/span><\/strong><\/li><li><strong><span style=\"font-family: arial, helvetica, sans-serif;color: #000000\">Regulamento Orienta\u00e7\u00e3o Acad\u00eamica &#8211; POA: <span style=\"color: #0000ff\"><a style=\"color: #0000ff\" href=\"http:\/\/jandaiadosul.ufpr.br\/engenhariadeproducao\/wp-content\/uploads\/sites\/13\/2026\/01\/regulamento-de-orientacao-academica-ppc-2023.pdf\">Download<\/a><\/span><br \/><\/span><\/strong><\/li><li><strong><span style=\"font-family: arial, helvetica, sans-serif;color: #000000\">Regulamento de Est\u00e1gio:\u00a0<span style=\"color: #0000ff\"><a style=\"color: #0000ff\" href=\"http:\/\/jandaiadosul.ufpr.br\/engenhariadeproducao\/wp-content\/uploads\/sites\/13\/2026\/01\/regulamento-de-estagio-ppc-2023.pdf\">Download<\/a><\/span><\/span><\/strong><\/li><li><strong><span style=\"font-family: arial, helvetica, sans-serif;color: #000000\"><span style=\"color: #000000;font-family: arial, helvetica, sans-serif;font-size: inherit\">Regulamento do Trabalho de Conclus\u00e3o de Curso &#8211; TCC:<\/span>\u00a0<span style=\"color: #0000ff\"><a style=\"color: #0000ff\" href=\"http:\/\/jandaiadosul.ufpr.br\/engenhariadeproducao\/wp-content\/uploads\/sites\/13\/2026\/01\/regulamento-de-tcc-ppc-2023.pdf\">Download<\/a><\/span><\/span><\/strong><\/li><li><strong><span style=\"color: #000000;font-family: arial, helvetica, sans-serif;font-size: inherit\"><span style=\"color: #0000ff\"><span style=\"color: #000000\">Edital &#8211; POA 2026:<\/span>\u00a0<a style=\"color: #0000ff\" href=\"http:\/\/jandaiadosul.ufpr.br\/engenhariadeproducao\/wp-content\/uploads\/sites\/13\/2026\/03\/edital_orientacao_academica_ep-2026-1_e_2026-2.pdf\" target=\"_blank\" rel=\"noopener\">Download<\/a><\/span><\/span><\/strong><\/li><\/ul>\t\t\t\t\t\t\t\t<\/div>\n\t\t\t\t<\/div>\n\t\t\t\t\t<\/div>\n\t\t<\/div>\n\t\t\t\t\t<\/div>\n\t\t<\/section>\n\t\t\t\t<section class=\"elementor-section elementor-top-section elementor-element elementor-element-a760c23 elementor-section-boxed elementor-section-height-default elementor-section-height-default\" data-id=\"a760c23\" data-element_type=\"section\" data-e-type=\"section\">\n\t\t\t\t\t\t<div class=\"elementor-container elementor-column-gap-default\">\n\t\t\t\t\t<div class=\"elementor-column elementor-col-100 elementor-top-column elementor-element elementor-element-1dd6696\" data-id=\"1dd6696\" data-element_type=\"column\" data-e-type=\"column\">\n\t\t\t<div class=\"elementor-widget-wrap elementor-element-populated\">\n\t\t\t\t\t\t<div class=\"elementor-element elementor-element-eb030b4 elementor-widget elementor-widget-heading\" data-id=\"eb030b4\" data-element_type=\"widget\" data-e-type=\"widget\" data-widget_type=\"heading.default\">\n\t\t\t\t<div class=\"elementor-widget-container\">\n\t\t\t\t\t<h4 class=\"elementor-heading-title elementor-size-default\">Perfil Forma\u00e7\u00e3o Profissional (PPC 2023)<\/h4>\t\t\t\t<\/div>\n\t\t\t\t<\/div>\n\t\t\t\t\t<\/div>\n\t\t<\/div>\n\t\t\t\t\t<\/div>\n\t\t<\/section>\n\t\t\t\t<section class=\"elementor-section elementor-top-section elementor-element elementor-element-ef3cb5d elementor-section-boxed elementor-section-height-default elementor-section-height-default\" data-id=\"ef3cb5d\" data-element_type=\"section\" data-e-type=\"section\">\n\t\t\t\t\t\t<div class=\"elementor-container elementor-column-gap-default\">\n\t\t\t\t\t<div class=\"elementor-column elementor-col-100 elementor-top-column elementor-element elementor-element-7e6852f\" data-id=\"7e6852f\" data-element_type=\"column\" data-e-type=\"column\">\n\t\t\t<div class=\"elementor-widget-wrap\">\n\t\t\t\t\t\t\t<\/div>\n\t\t<\/div>\n\t\t\t\t\t<\/div>\n\t\t<\/section>\n\t\t\t\t<section class=\"elementor-section elementor-top-section elementor-element elementor-element-3ee61aa elementor-section-boxed elementor-section-height-default elementor-section-height-default\" data-id=\"3ee61aa\" data-element_type=\"section\" data-e-type=\"section\">\n\t\t\t\t\t\t<div class=\"elementor-container elementor-column-gap-default\">\n\t\t\t\t\t<div class=\"elementor-column elementor-col-100 elementor-top-column elementor-element elementor-element-a9256d4\" data-id=\"a9256d4\" data-element_type=\"column\" data-e-type=\"column\">\n\t\t\t<div class=\"elementor-widget-wrap elementor-element-populated\">\n\t\t\t\t\t\t<div class=\"elementor-element elementor-element-33e673f elementor-widget elementor-widget-image\" data-id=\"33e673f\" data-element_type=\"widget\" data-e-type=\"widget\" data-widget_type=\"image.default\">\n\t\t\t\t<div class=\"elementor-widget-container\">\n\t\t\t\t\t\t\t\t\t\t\t\t\t\t\t<img fetchpriority=\"high\" decoding=\"async\" width=\"693\" height=\"1024\" src=\"https:\/\/jandaiadosul.ufpr.br\/engenhariadeproducao\/wp-content\/uploads\/sites\/13\/2026\/01\/fluxograma-ppc-2023-gerada-14-08-25-693x1024.jpg\" class=\"attachment-large size-large wp-image-1477\" alt=\"\" srcset=\"https:\/\/jandaiadosul.ufpr.br\/engenhariadeproducao\/wp-content\/uploads\/sites\/13\/2026\/01\/fluxograma-ppc-2023-gerada-14-08-25-693x1024.jpg 693w, https:\/\/jandaiadosul.ufpr.br\/engenhariadeproducao\/wp-content\/uploads\/sites\/13\/2026\/01\/fluxograma-ppc-2023-gerada-14-08-25-203x300.jpg 203w, https:\/\/jandaiadosul.ufpr.br\/engenhariadeproducao\/wp-content\/uploads\/sites\/13\/2026\/01\/fluxograma-ppc-2023-gerada-14-08-25-768x1135.jpg 768w, https:\/\/jandaiadosul.ufpr.br\/engenhariadeproducao\/wp-content\/uploads\/sites\/13\/2026\/01\/fluxograma-ppc-2023-gerada-14-08-25-1039x1536.jpg 1039w, https:\/\/jandaiadosul.ufpr.br\/engenhariadeproducao\/wp-content\/uploads\/sites\/13\/2026\/01\/fluxograma-ppc-2023-gerada-14-08-25-1386x2048.jpg 1386w, https:\/\/jandaiadosul.ufpr.br\/engenhariadeproducao\/wp-content\/uploads\/sites\/13\/2026\/01\/fluxograma-ppc-2023-gerada-14-08-25-66x98.jpg 66w, https:\/\/jandaiadosul.ufpr.br\/engenhariadeproducao\/wp-content\/uploads\/sites\/13\/2026\/01\/fluxograma-ppc-2023-gerada-14-08-25-39x57.jpg 39w\" sizes=\"(max-width: 693px) 100vw, 693px\" \/>\t\t\t\t\t\t\t\t\t\t\t\t\t\t\t<\/div>\n\t\t\t\t<\/div>\n\t\t\t\t<div class=\"elementor-element elementor-element-1823bab elementor-widget elementor-widget-text-editor\" data-id=\"1823bab\" data-element_type=\"widget\" data-e-type=\"widget\" data-widget_type=\"text-editor.default\">\n\t\t\t\t<div class=\"elementor-widget-container\">\n\t\t\t\t\t\t\t\t\t<p><span style=\"text-decoration: underline;font-size: 10pt\"><strong><span style=\"color: #000000;text-decoration: underline\"><a style=\"color: #000000;text-decoration: underline\" href=\"https:\/\/jandaiadosul.ufpr.br\/engenhariadeproducao\/wp-content\/uploads\/sites\/13\/2023\/02\/2023_perfil-formacao-profissional.pdf\" target=\"_blank\" rel=\"noopener\">Download do Perfil Profissional em PDF<\/a><\/span><\/strong><\/span><\/p>\t\t\t\t\t\t\t\t<\/div>\n\t\t\t\t<\/div>\n\t\t\t\t\t<\/div>\n\t\t<\/div>\n\t\t\t\t\t<\/div>\n\t\t<\/section>\n\t\t\t\t<\/div>\n\t\t","protected":false},"excerpt":{"rendered":"<p>O curso de Engenharia de Produ\u00e7\u00e3o passou por um processo de reformula\u00e7\u00e3o, onde ser\u00e1 ofertada uma nova grade para os alunos ingressantes a partir de [&hellip;]<\/p>\n","protected":false},"author":3629,"featured_media":0,"parent":0,"menu_order":0,"comment_status":"closed","ping_status":"closed","template":"","meta":{"_acf_changed":false,"footnotes":""},"class_list":["post-152","page","type-page","status-publish","hentry"],"acf":[],"_links":{"self":[{"href":"https:\/\/jandaiadosul.ufpr.br\/engenhariadeproducao\/wp-json\/wp\/v2\/pages\/152","targetHints":{"allow":["GET"]}}],"collection":[{"href":"https:\/\/jandaiadosul.ufpr.br\/engenhariadeproducao\/wp-json\/wp\/v2\/pages"}],"about":[{"href":"https:\/\/jandaiadosul.ufpr.br\/engenhariadeproducao\/wp-json\/wp\/v2\/types\/page"}],"author":[{"embeddable":true,"href":"https:\/\/jandaiadosul.ufpr.br\/engenhariadeproducao\/wp-json\/wp\/v2\/users\/3629"}],"replies":[{"embeddable":true,"href":"https:\/\/jandaiadosul.ufpr.br\/engenhariadeproducao\/wp-json\/wp\/v2\/comments?post=152"}],"version-history":[{"count":138,"href":"https:\/\/jandaiadosul.ufpr.br\/engenhariadeproducao\/wp-json\/wp\/v2\/pages\/152\/revisions"}],"predecessor-version":[{"id":1887,"href":"https:\/\/jandaiadosul.ufpr.br\/engenhariadeproducao\/wp-json\/wp\/v2\/pages\/152\/revisions\/1887"}],"wp:attachment":[{"href":"https:\/\/jandaiadosul.ufpr.br\/engenhariadeproducao\/wp-json\/wp\/v2\/media?parent=152"}],"curies":[{"name":"wp","href":"https:\/\/api.w.org\/{rel}","templated":true}]}}