{"id":922,"date":"2026-03-09T15:29:05","date_gmt":"2026-03-09T18:29:05","guid":{"rendered":"https:\/\/jandaiadosul.ufpr.br\/engalimentos\/?page_id=922"},"modified":"2026-03-24T14:59:25","modified_gmt":"2026-03-24T17:59:25","slug":"matriz-2023","status":"publish","type":"page","link":"https:\/\/jandaiadosul.ufpr.br\/engalimentos\/matriz-2023\/","title":{"rendered":"Matriz 2023"},"content":{"rendered":"<p><a href=\"http:\/\/jandaiadosul.ufpr.br\/engalimentos\/wp-content\/uploads\/sites\/23\/2023\/09\/projeto-politico-pedagogico-do-curso.pdf\">Projeto Pol\u00edtico Pedag\u00f3gico do Curso &#8211; 2023<\/a><\/p>\n<p><a href=\"http:\/\/jandaiadosul.ufpr.br\/engalimentos\/wp-content\/uploads\/sites\/23\/2026\/03\/2023_matriz-curricular_siga_2026.pdf\">Matriz Curricular do Curso de Engenharia de Alimentos &#8211; 2023<\/a> (com optativas)<\/p>\n<p><strong>Regulamentos<\/strong><\/p>\n<p><a href=\"http:\/\/jandaiadosul.ufpr.br\/engalimentos\/wp-content\/uploads\/sites\/23\/2026\/03\/regulamento-das-atividades-formativas_ppc2023.pdf\">Regulamento das Atividades Formativas de Engenharia de Alimentos &#8211; 2023<\/a><\/p>\n<p><a href=\"http:\/\/jandaiadosul.ufpr.br\/engalimentos\/wp-content\/uploads\/sites\/23\/2026\/03\/regulamento-de-estagio_ppc2023.pdf\">Regulamento de Est\u00e1gio de Engenharia de Alimentos &#8211; 2023<\/a><\/p>\n<p><a href=\"http:\/\/jandaiadosul.ufpr.br\/engalimentos\/wp-content\/uploads\/sites\/23\/2026\/03\/regulamento-de-extensao-do-curso-de-engenharia-de-alimentos-do-campus-jandaia-do-sul.pdf\">Regulamento de Extens\u00e3o de Engenharia de Alimentos &#8211; 2023<\/a><\/p>\n<p><a href=\"http:\/\/jandaiadosul.ufpr.br\/engalimentos\/wp-content\/uploads\/sites\/23\/2026\/03\/regulamento-do-programa-de-orientacao-academica_ppc2023.pdf\">Regulamento do Programa de Orienta\u00e7\u00e3o Acad\u00eamica de Engenharia de Alimentos &#8211; 2023<\/a><\/p>\n<p><a href=\"http:\/\/jandaiadosul.ufpr.br\/engalimentos\/wp-content\/uploads\/sites\/23\/2026\/03\/regulamento-de-trabalho-de-conclusao-de-curso_ppc2023.pdf\">Regulamento de Trabalho de Conclus\u00e3o de Curso de Engenharia de Alimentos &#8211; 2023<\/a><\/p>\n<p>&nbsp;<\/p>\n<p>&nbsp;<\/p>\n","protected":false},"excerpt":{"rendered":"<p>Projeto Pol\u00edtico Pedag\u00f3gico do Curso &#8211; 2023 Matriz Curricular do Curso de Engenharia de Alimentos &#8211; 2023 (com optativas) Regulamentos Regulamento das Atividades Formativas de [&hellip;]<\/p>\n","protected":false},"author":3666,"featured_media":0,"parent":0,"menu_order":0,"comment_status":"closed","ping_status":"closed","template":"","meta":{"_acf_changed":false,"footnotes":""},"class_list":["post-922","page","type-page","status-publish","hentry"],"acf":[],"_links":{"self":[{"href":"https:\/\/jandaiadosul.ufpr.br\/engalimentos\/wp-json\/wp\/v2\/pages\/922","targetHints":{"allow":["GET"]}}],"collection":[{"href":"https:\/\/jandaiadosul.ufpr.br\/engalimentos\/wp-json\/wp\/v2\/pages"}],"about":[{"href":"https:\/\/jandaiadosul.ufpr.br\/engalimentos\/wp-json\/wp\/v2\/types\/page"}],"author":[{"embeddable":true,"href":"https:\/\/jandaiadosul.ufpr.br\/engalimentos\/wp-json\/wp\/v2\/users\/3666"}],"replies":[{"embeddable":true,"href":"https:\/\/jandaiadosul.ufpr.br\/engalimentos\/wp-json\/wp\/v2\/comments?post=922"}],"version-history":[{"count":10,"href":"https:\/\/jandaiadosul.ufpr.br\/engalimentos\/wp-json\/wp\/v2\/pages\/922\/revisions"}],"predecessor-version":[{"id":1119,"href":"https:\/\/jandaiadosul.ufpr.br\/engalimentos\/wp-json\/wp\/v2\/pages\/922\/revisions\/1119"}],"wp:attachment":[{"href":"https:\/\/jandaiadosul.ufpr.br\/engalimentos\/wp-json\/wp\/v2\/media?parent=922"}],"curies":[{"name":"wp","href":"https:\/\/api.w.org\/{rel}","templated":true}]}}