{"id":377,"date":"2023-09-11T14:07:40","date_gmt":"2023-09-11T17:07:40","guid":{"rendered":"https:\/\/jandaiadosul.ufpr.br\/engagricola\/?page_id=377"},"modified":"2023-09-13T16:17:16","modified_gmt":"2023-09-13T19:17:16","slug":"laboratorios","status":"publish","type":"page","link":"https:\/\/jandaiadosul.ufpr.br\/engagricola\/laboratorios\/","title":{"rendered":"Laborat\u00f3rios"},"content":{"rendered":"<p><strong>Laborat\u00f3rios das \u00e1reas de atua\u00e7\u00e3o da Engenharia Agr\u00edcola:<\/strong><\/p>\n<ul>\n<li><a href=\"https:\/\/jandaiadosul.ufpr.br\/engagricola\/geotec\/\">Laborat\u00f3rio de geotecnologias (GEOTEC)<\/a><\/li>\n<li><a href=\"https:\/\/jandaiadosul.ufpr.br\/engagricola\/lapos\/\">Laborat\u00f3rio de P\u00f3s-colheita de produtos agr\u00edcolas (LAP\u00d3S)<\/a><\/li>\n<li><a href=\"https:\/\/jandaiadosul.ufpr.br\/engagricola\/liea\/\">Laborat\u00f3rio de instala\u00e7\u00f5es el\u00e9tricas e automa\u00e7\u00e3o<\/a><\/li>\n<li><a href=\"https:\/\/jandaiadosul.ufpr.br\/engagricola\/lpma\/\">Laborat\u00f3rio de prot\u00f3tipos e mecaniza\u00e7\u00e3o agr\u00edcola (LPMA)<\/a><\/li>\n<li><a href=\"https:\/\/jandaiadosul.ufpr.br\/engagricola\/laboratorio-de-producao-vegetal\/\">Laborat\u00f3rio de produ\u00e7\u00e3o vegetal<\/a><\/li>\n<li><a href=\"https:\/\/jandaiadosul.ufpr.br\/engagricola\/laboratorio-de-fisica-do-solo\/\">Laborat\u00f3rio de f\u00edsica do solo<\/a><\/li>\n<li><a href=\"https:\/\/jandaiadosul.ufpr.br\/engagricola\/laboratorio-de-recursos-hidricos\/\">Laborat\u00f3rio de recursos h\u00eddricos<\/a><\/li>\n<li><a href=\"https:\/\/jandaiadosul.ufpr.br\/engagricola\/labmate\/\">Laborat\u00f3rio de hidr\u00e1ulica, materiais de constru\u00e7\u00f5es e estruturas (LabMATE)<\/a><\/li>\n<\/ul>\n<p><strong>Laborat\u00f3rios das \u00e1reas b\u00e1sicas da Engenharia Agr\u00edcola:<\/strong><\/p>\n<ul>\n<li>Laborat\u00f3rios de qu\u00edmica<\/li>\n<li>Laborat\u00f3rio de f\u00edsica<\/li>\n<li>Laborat\u00f3rios de inform\u00e1tica<\/li>\n<li>Laborat\u00f3rio Maker<\/li>\n<li>Laborat\u00f3rio de fen\u00f4menos de transporte<\/li>\n<\/ul>\n","protected":false},"excerpt":{"rendered":"<p>Laborat\u00f3rios das \u00e1reas de atua\u00e7\u00e3o da Engenharia Agr\u00edcola: Laborat\u00f3rio de geotecnologias (GEOTEC) Laborat\u00f3rio de P\u00f3s-colheita de produtos agr\u00edcolas (LAP\u00d3S) Laborat\u00f3rio de instala\u00e7\u00f5es el\u00e9tricas e automa\u00e7\u00e3o Laborat\u00f3rio de prot\u00f3tipos e mecaniza\u00e7\u00e3o agr\u00edcola (LPMA) Laborat\u00f3rio de produ\u00e7\u00e3o vegetal Laborat\u00f3rio de f\u00edsica do solo Laborat\u00f3rio de recursos h\u00eddricos Laborat\u00f3rio de hidr\u00e1ulica, materiais de constru\u00e7\u00f5es e estruturas (LabMATE) Laborat\u00f3rios [&hellip;]<\/p>\n","protected":false},"author":3662,"featured_media":0,"parent":0,"menu_order":0,"comment_status":"closed","ping_status":"closed","template":"","meta":{"_acf_changed":false,"footnotes":""},"class_list":["post-377","page","type-page","status-publish","hentry"],"acf":[],"_links":{"self":[{"href":"https:\/\/jandaiadosul.ufpr.br\/engagricola\/wp-json\/wp\/v2\/pages\/377","targetHints":{"allow":["GET"]}}],"collection":[{"href":"https:\/\/jandaiadosul.ufpr.br\/engagricola\/wp-json\/wp\/v2\/pages"}],"about":[{"href":"https:\/\/jandaiadosul.ufpr.br\/engagricola\/wp-json\/wp\/v2\/types\/page"}],"author":[{"embeddable":true,"href":"https:\/\/jandaiadosul.ufpr.br\/engagricola\/wp-json\/wp\/v2\/users\/3662"}],"replies":[{"embeddable":true,"href":"https:\/\/jandaiadosul.ufpr.br\/engagricola\/wp-json\/wp\/v2\/comments?post=377"}],"version-history":[{"count":11,"href":"https:\/\/jandaiadosul.ufpr.br\/engagricola\/wp-json\/wp\/v2\/pages\/377\/revisions"}],"predecessor-version":[{"id":472,"href":"https:\/\/jandaiadosul.ufpr.br\/engagricola\/wp-json\/wp\/v2\/pages\/377\/revisions\/472"}],"wp:attachment":[{"href":"https:\/\/jandaiadosul.ufpr.br\/engagricola\/wp-json\/wp\/v2\/media?parent=377"}],"curies":[{"name":"wp","href":"https:\/\/api.w.org\/{rel}","templated":true}]}}