{"id":245,"date":"2023-04-14T14:12:47","date_gmt":"2023-04-14T17:12:47","guid":{"rendered":"https:\/\/jandaiadosul.ufpr.br\/engagricola\/?page_id=245"},"modified":"2025-04-07T10:58:21","modified_gmt":"2025-04-07T13:58:21","slug":"orientacao-academica","status":"publish","type":"page","link":"https:\/\/jandaiadosul.ufpr.br\/engagricola\/orientacao-academica\/","title":{"rendered":"Orienta\u00e7\u00e3o Acad\u00eamica"},"content":{"rendered":"<p><strong><a href=\"http:\/\/jandaiadosul.ufpr.br\/engagricola\/wp-content\/uploads\/sites\/24\/2025\/04\/regulamento.pdf\">REGULAMENTO DO PROGRAMA DE ORIENTA\u00c7\u00c3O ACAD\u00caMICA<\/a>\u00a0<\/strong><\/p>\n<p><strong><a href=\"http:\/\/jandaiadosul.ufpr.br\/engagricola\/wp-content\/uploads\/sites\/24\/2025\/04\/anexo-i-registro-individual-de-orientacao-academica.pdf\">ANEXO I &#8211; REGISTRO INDIVIDUAL DE ORIENTA\u00c7\u00c3O ACAD\u00caMICA<\/a><\/strong><\/p>\n<p><strong><a href=\"http:\/\/jandaiadosul.ufpr.br\/engagricola\/wp-content\/uploads\/sites\/24\/2025\/04\/anexo-ii-termo-de-aceite-e-sigilo-estudante.pdf\">ANEXO II -TERMO DE ACEITE E SIGILO (Estudante)<\/a><\/strong><\/p>\n<p><strong><a href=\"http:\/\/jandaiadosul.ufpr.br\/engagricola\/wp-content\/uploads\/sites\/24\/2025\/04\/anexo-iii-termo-de-confidencialidade-e-sigilo-tutor.pdf\">ANEXO III &#8211; TERMO DE CONFIDENCIALIDADE E SIGILO (Tutor)<\/a><\/strong><\/p>\n<p><strong><a href=\"http:\/\/jandaiadosul.ufpr.br\/engagricola\/wp-content\/uploads\/sites\/24\/2025\/04\/anexo-iv-relatorio-semestral-das-atividades.pdf\">ANEXO IV &#8211; RELAT\u00d3RIO SEMESTRAL DAS ATIVIDADES<\/a><\/strong><\/p>\n","protected":false},"excerpt":{"rendered":"<p>REGULAMENTO DO PROGRAMA DE ORIENTA\u00c7\u00c3O ACAD\u00caMICA\u00a0 ANEXO I &#8211; REGISTRO INDIVIDUAL DE ORIENTA\u00c7\u00c3O ACAD\u00caMICA ANEXO II -TERMO DE ACEITE E SIGILO (Estudante) ANEXO III &#8211; [&hellip;]<\/p>\n","protected":false},"author":3657,"featured_media":0,"parent":0,"menu_order":0,"comment_status":"closed","ping_status":"closed","template":"","meta":{"_acf_changed":false,"footnotes":""},"class_list":["post-245","page","type-page","status-publish","hentry"],"acf":[],"_links":{"self":[{"href":"https:\/\/jandaiadosul.ufpr.br\/engagricola\/wp-json\/wp\/v2\/pages\/245","targetHints":{"allow":["GET"]}}],"collection":[{"href":"https:\/\/jandaiadosul.ufpr.br\/engagricola\/wp-json\/wp\/v2\/pages"}],"about":[{"href":"https:\/\/jandaiadosul.ufpr.br\/engagricola\/wp-json\/wp\/v2\/types\/page"}],"author":[{"embeddable":true,"href":"https:\/\/jandaiadosul.ufpr.br\/engagricola\/wp-json\/wp\/v2\/users\/3657"}],"replies":[{"embeddable":true,"href":"https:\/\/jandaiadosul.ufpr.br\/engagricola\/wp-json\/wp\/v2\/comments?post=245"}],"version-history":[{"count":4,"href":"https:\/\/jandaiadosul.ufpr.br\/engagricola\/wp-json\/wp\/v2\/pages\/245\/revisions"}],"predecessor-version":[{"id":876,"href":"https:\/\/jandaiadosul.ufpr.br\/engagricola\/wp-json\/wp\/v2\/pages\/245\/revisions\/876"}],"wp:attachment":[{"href":"https:\/\/jandaiadosul.ufpr.br\/engagricola\/wp-json\/wp\/v2\/media?parent=245"}],"curies":[{"name":"wp","href":"https:\/\/api.w.org\/{rel}","templated":true}]}}