{"id":205,"date":"2023-03-23T22:41:59","date_gmt":"2023-03-24T01:41:59","guid":{"rendered":"https:\/\/jandaiadosul.ufpr.br\/engagricola\/?page_id=205"},"modified":"2025-03-19T14:55:35","modified_gmt":"2025-03-19T17:55:35","slug":"fale-conosco","status":"publish","type":"page","link":"https:\/\/jandaiadosul.ufpr.br\/engagricola\/fale-conosco\/","title":{"rendered":"Fale Conosco"},"content":{"rendered":"<table style=\"width: 53.2415%\" width=\"131\">\n<tbody>\n<tr>\n<td style=\"width: 196.907%\" colspan=\"3\">\n<h2><strong>Coordena\u00e7\u00e3o\u00a0<\/strong><\/h2>\n<h4>Prof. Carlos Henrique Wachholz de Souza<\/h4>\n<h4><a href=\"http:\/\/lattes.cnpq.br\/2804633646710952\" target=\"_blank\" rel=\"noopener noreferrer\"><img decoding=\"async\" src=\"https:\/\/jandaiadosul.ufpr.br\/novosite\/wp-content\/uploads\/2014\/04\/lattes.png\" alt=\"\" width=\"14\" height=\"15\" \/> http:\/\/lattes.cnpq.br\/2804633646710952<\/a><\/h4>\n<h4><a href=\"mailto:carlossouza@ufpr.br\" target=\"_blank\" rel=\"noopener noreferrer\" data-auth=\"NotApplicable\">carlossouza@ufpr.br<\/a><\/h4>\n<h4><\/h4>\n<h2><strong>Vice-Coordena\u00e7\u00e3o\u00a0<\/strong><\/h2>\n<h4>\u00a0Prof. Osvaldo Guedes Filho<\/h4>\n<h4><img decoding=\"async\" src=\"https:\/\/jandaiadosul.ufpr.br\/novosite\/wp-content\/uploads\/2014\/04\/lattes.png\" alt=\"\" width=\"14\" height=\"15\" \/> <a href=\"http:\/\/lattes.cnpq.br\/9177335062472972\">http:\/\/lattes.cnpq.br\/9177335062472972<\/a><\/h4>\n<h4><a href=\"mailto:osvaldoguedes@ufpr.br\">osvaldoguedes@ufpr.br<\/a><\/h4>\n<h2><strong>Assessoria<\/strong><\/h2>\n<h3>Andriara Lyziane Tossani<\/h3>\n<h4><a href=\"mailto:coordenacao.engagricola.ja@ufpr.br; coordenacao.geral.ja@ufpr.br\"><img decoding=\"async\" src=\"https:\/\/jandaiadosul.ufpr.br\/novosite\/wp-content\/uploads\/2014\/04\/mail.png\" alt=\"\" width=\"15\" height=\"11\" \/>\u00a0E-mail Coordena\u00e7\u00e3o<\/a><\/h4>\n<\/td>\n<\/tr>\n<\/tbody>\n<\/table>\n<p>&nbsp;<\/p>\n<p>&nbsp;<\/p>\n<p><span style=\"font-size: 14pt\"><strong>CORPO DOCENTE<\/strong><\/span><\/p>\n<table style=\"border-collapse: collapse;width: 100%;height: 295px\">\n<tbody>\n<tr style=\"height: 271px\">\n<td style=\"width: 17.0074%;height: 271px\"><img decoding=\"async\" class=\"alignnone wp-image-326\" src=\"http:\/\/jandaiadosul.ufpr.br\/engagricola\/wp-content\/uploads\/sites\/24\/2023\/05\/andre_justi-193x300.jpg\" alt=\"\" width=\"161\" height=\"250\" srcset=\"https:\/\/jandaiadosul.ufpr.br\/engagricola\/wp-content\/uploads\/sites\/24\/2023\/05\/andre_justi-193x300.jpg 193w, https:\/\/jandaiadosul.ufpr.br\/engagricola\/wp-content\/uploads\/sites\/24\/2023\/05\/andre_justi-63x98.jpg 63w, https:\/\/jandaiadosul.ufpr.br\/engagricola\/wp-content\/uploads\/sites\/24\/2023\/05\/andre_justi-37x57.jpg 37w, https:\/\/jandaiadosul.ufpr.br\/engagricola\/wp-content\/uploads\/sites\/24\/2023\/05\/andre_justi.jpg 458w\" sizes=\"(max-width: 161px) 100vw, 161px\" \/><\/td>\n<td style=\"width: 82.9926%;height: 271px\"><span style=\"font-family: inherit, serif\"><span style=\"color: #000000\">NOME: <span style=\"font-size: 12pt\">Andr\u00e9 Luiz Justi<\/span><\/span><\/span><\/p>\n<p><span style=\"font-family: inherit, serif\"><span style=\"color: #000000\">EMAIL: <a href=\"mailto:aljusti@ufpr.br\"><span style=\"font-size: 12pt\">aljusti@ufpr.br<\/span><\/a><\/span><\/span><\/p>\n<p><span style=\"font-family: inherit, serif\"><span style=\"color: #000000\">CURR\u00cdCULO LATTES:<span style=\"font-size: 12pt\">\u00a0<\/span><\/span><\/span><u><a href=\"http:\/\/lattes.cnpq.br\/6336985419738703\" target=\"_blank\" rel=\"noopener\"><span style=\"font-family: Tahoma, serif\"><span style=\"font-size: xx-small\"><span style=\"color: #0000ff\"><span style=\"font-size: 12pt\">http:\/\/lattes.cnpq.br\/6336985419738703<\/span><\/span><\/span><\/span><\/a><\/u><\/td>\n<\/tr>\n<tr style=\"height: 24px\">\n<td style=\"width: 100%;height: 24px\" colspan=\"2\">\n<p style=\"text-align: justify\"><span style=\"font-family: inherit, serif\"><span style=\"color: #000000\">\u00c1REA DE ATUA\u00c7\u00c3O: Atua\u00e7\u00e3o nas disciplinas de Hidr\u00e1ulica de Hidr\u00e1ulica, Materiais de Constru\u00e7\u00e3o, Mec\u00e2nica Geral, Resist\u00eancia dos Materiais e Estruturas de Concreto Armado. Pesquisa nas \u00e1reas de hidr\u00e1ulica, com foco em sistemas de tubula\u00e7\u00f5es e de bombeamento e tamb\u00e9m na \u00e1rea de Constru\u00e7\u00f5es Rurais, com \u00eanfase em Materiais e Concreto. Na extens\u00e3o coordena o projeto \u201c<\/span><\/span><span style=\"font-family: Times, serif\"><span style=\"font-size: large\"><span style=\"color: #000000\">Boas pr\u00e1ticas de trabalho nas atividades agropecu\u00e1rias, de constru\u00e7\u00f5es civis e rurais\u201d.<\/span><\/span><\/span><\/p>\n<\/td>\n<\/tr>\n<\/tbody>\n<\/table>\n<p>&nbsp;<\/p>\n<table style=\"width: 100%\">\n<tbody>\n<tr>\n<td style=\"width: 17.4721%\"><img loading=\"lazy\" decoding=\"async\" class=\"alignnone wp-image-319\" src=\"http:\/\/jandaiadosul.ufpr.br\/engagricola\/wp-content\/uploads\/sites\/24\/2023\/05\/carlos_henrique_foto.jpg\" alt=\"\" width=\"170\" height=\"226\" srcset=\"https:\/\/jandaiadosul.ufpr.br\/engagricola\/wp-content\/uploads\/sites\/24\/2023\/05\/carlos_henrique_foto.jpg 92w, https:\/\/jandaiadosul.ufpr.br\/engagricola\/wp-content\/uploads\/sites\/24\/2023\/05\/carlos_henrique_foto-74x98.jpg 74w, https:\/\/jandaiadosul.ufpr.br\/engagricola\/wp-content\/uploads\/sites\/24\/2023\/05\/carlos_henrique_foto-43x57.jpg 43w\" sizes=\"(max-width: 170px) 100vw, 170px\" \/><\/td>\n<td style=\"width: 81.7844%\">&nbsp;<\/p>\n<p><span style=\"font-family: inherit, serif\"><span style=\"color: #000000\">NOME: Carlos Henrique Wachholz de Souza\u00a0\u00a0\u00a0\u00a0\u00a0\u00a0\u00a0<\/span><\/span><\/p>\n<p><span style=\"font-family: inherit, serif\"><span lang=\"en-US\"><span style=\"color: #000000\">EMAIL: <a href=\"mailto:carlossouza@ufpr.br\"><span style=\"font-size: 12pt\">carlossouza@ufpr.br<\/span><\/a><\/span><\/span><\/span><\/p>\n<p><span style=\"font-family: inherit, serif\"><span lang=\"en-US\"><span style=\"color: #000000\">CURR\u00cdCULO LATTES:\u00a0<\/span><\/span><\/span><a href=\"http:\/\/lattes.cnpq.br\/2804633646710952\" target=\"_blank\" rel=\"noopener\"><span style=\"font-size: 12pt\"><span lang=\"en-US\"><span style=\"color: #000000\">http:\/\/lattes.cnpq.br\/2804633646710952<\/span><\/span><\/span><\/a><\/p>\n<p>&nbsp;<\/td>\n<\/tr>\n<tr>\n<td style=\"width: 99.2565%\" colspan=\"2\">\n<p style=\"text-align: justify\"><span style=\"font-family: inherit, serif\"><span style=\"color: #000000\">\u00c1REA DE ATUA\u00c7\u00c3O:\u00a0<\/span><\/span><span style=\"font-family: inherit, serif\"><span style=\"color: #000000\">Possui experi\u00eancia na \u00e1rea de Geoprocessamento, Sensoriamento Remoto e Agricultura de Precis\u00e3o. Suas pesquisas abrangem principalmente os seguintes temas: sensoriamento remoto agr\u00edcola, mapeamento e estudo da din\u00e2mica de \u00e1reas agr\u00edcolas, uso de Aeronaves Remotamente Pilotadas (RPAs) na agricultura, estat\u00edstica espacial de dados agr\u00edcolas e agricultura de precis\u00e3o.<\/span><\/span><\/p>\n<\/td>\n<\/tr>\n<\/tbody>\n<\/table>\n<p>&nbsp;<\/p>\n<p>&nbsp;<\/p>\n<table style=\"width: 100%\">\n<tbody>\n<tr>\n<td style=\"width: 17.658%\"><img loading=\"lazy\" decoding=\"async\" class=\"alignnone wp-image-320\" src=\"http:\/\/jandaiadosul.ufpr.br\/engagricola\/wp-content\/uploads\/sites\/24\/2023\/05\/jose_gabriel-178x300.jpg\" alt=\"\" width=\"148\" height=\"250\" srcset=\"https:\/\/jandaiadosul.ufpr.br\/engagricola\/wp-content\/uploads\/sites\/24\/2023\/05\/jose_gabriel-178x300.jpg 178w, https:\/\/jandaiadosul.ufpr.br\/engagricola\/wp-content\/uploads\/sites\/24\/2023\/05\/jose_gabriel-608x1024.jpg 608w, https:\/\/jandaiadosul.ufpr.br\/engagricola\/wp-content\/uploads\/sites\/24\/2023\/05\/jose_gabriel-768x1294.jpg 768w, https:\/\/jandaiadosul.ufpr.br\/engagricola\/wp-content\/uploads\/sites\/24\/2023\/05\/jose_gabriel-911x1536.jpg 911w, https:\/\/jandaiadosul.ufpr.br\/engagricola\/wp-content\/uploads\/sites\/24\/2023\/05\/jose_gabriel-1215x2048.jpg 1215w, https:\/\/jandaiadosul.ufpr.br\/engagricola\/wp-content\/uploads\/sites\/24\/2023\/05\/jose_gabriel-58x98.jpg 58w, https:\/\/jandaiadosul.ufpr.br\/engagricola\/wp-content\/uploads\/sites\/24\/2023\/05\/jose_gabriel-34x57.jpg 34w, https:\/\/jandaiadosul.ufpr.br\/engagricola\/wp-content\/uploads\/sites\/24\/2023\/05\/jose_gabriel-scaled.jpg 1519w\" sizes=\"(max-width: 148px) 100vw, 148px\" \/><\/td>\n<td style=\"width: 81.5985%\">\n<p class=\"western\"><span style=\"color: #242424\"><span style=\"font-family: Segoe UI, serif\"><span style=\"font-size: medium\">NOME: Jos\u00e9 Gabriel Vieira Neto\u00a0<\/span><\/span><\/span><\/p>\n<p class=\"western\"><span style=\"color: #242424\"><span style=\"font-family: Segoe UI, serif\"><span style=\"font-size: medium\">O EMAIL: <a href=\"mailto:jose.vieira@ufpr.br\">jose.vieira@ufpr.br<\/a><\/span><\/span><\/span><\/p>\n<p class=\"western\"><span style=\"font-family: inherit, serif\"><span style=\"color: #000000\">CURR\u00cdCULO<\/span><\/span><span style=\"color: #242424\"><span style=\"font-family: Segoe UI, serif\"><span style=\"font-size: medium\"> LATTES: <a href=\"http:\/\/lattes.cnpq.br\/0195313899591168\" target=\"_blank\" rel=\"noopener\">http:\/\/lattes.cnpq.br\/0195313899591168<\/a><\/span><\/span><\/span><\/p>\n<\/td>\n<\/tr>\n<tr>\n<td style=\"width: 99.2565%\" colspan=\"2\">\n<p class=\"western\" style=\"text-align: justify\"><span style=\"color: #242424;font-family: georgia, palatino, serif;font-size: 12pt\">\u00c1REA DE ATUA\u00c7\u00c3O: Docente da \u00e1rea de p\u00f3s-colheita de produtos agr\u00edcolas, atuando com projetos de silos e armaz\u00e9ns, a\u00e7\u00e3o de vento nas estruturas agr\u00edcolas, conserva\u00e7\u00e3o e armazenamento de gr\u00e3os e simula\u00e7\u00f5es computacionais de estruturas e sistemas para fins rurais.<\/span><\/p>\n<\/td>\n<\/tr>\n<\/tbody>\n<\/table>\n<p>&nbsp;<\/p>\n<p>&nbsp;<\/p>\n<table style=\"width: 100%\">\n<tbody>\n<tr>\n<td style=\"width: 18.3086%\"><img loading=\"lazy\" decoding=\"async\" class=\"alignnone wp-image-321\" src=\"http:\/\/jandaiadosul.ufpr.br\/engagricola\/wp-content\/uploads\/sites\/24\/2023\/05\/marcelo_franco-190x300.jpeg\" alt=\"\" width=\"158\" height=\"250\" srcset=\"https:\/\/jandaiadosul.ufpr.br\/engagricola\/wp-content\/uploads\/sites\/24\/2023\/05\/marcelo_franco-190x300.jpeg 190w, https:\/\/jandaiadosul.ufpr.br\/engagricola\/wp-content\/uploads\/sites\/24\/2023\/05\/marcelo_franco-62x98.jpeg 62w, https:\/\/jandaiadosul.ufpr.br\/engagricola\/wp-content\/uploads\/sites\/24\/2023\/05\/marcelo_franco-36x57.jpeg 36w, https:\/\/jandaiadosul.ufpr.br\/engagricola\/wp-content\/uploads\/sites\/24\/2023\/05\/marcelo_franco.jpeg 517w\" sizes=\"(max-width: 158px) 100vw, 158px\" \/><\/td>\n<td style=\"width: 80.948%\">\n<p class=\"western\"><span style=\"font-family: inherit, serif\"><span style=\"color: #000000\">NOME: Marcelo Franco de Oliveira<\/span><\/span><\/p>\n<p class=\"western\"><span style=\"color: #000000\"><span style=\"font-family: inherit, serif\">EMAIL: <a href=\"mailto:marcelo.franco@ufpr.br\">marcelo.franco@ufpr.br<\/a><\/span><\/span><\/p>\n<p class=\"western\"><span style=\"font-family: inherit, serif\"><span style=\"color: #000000\">CURR\u00cdCULO<\/span><\/span><span style=\"color: #000000\"><span style=\"font-family: inherit, serif\"> LATTES:\u00a0<\/span><\/span><span style=\"color: #0000ff;font-size: 12pt\"><span style=\"font-family: inherit, serif\"><u><a href=\"http:\/\/lattes.cnpq.br\/8645447933660186\" target=\"_blank\" rel=\"noopener\">http:\/\/lattes.cnpq.br\/8645447933660186<\/a><\/u><\/span><\/span><\/p>\n<\/td>\n<\/tr>\n<tr>\n<td style=\"width: 99.2565%\" colspan=\"2\">\n<p class=\"western\" style=\"text-align: justify\"><span style=\"font-family: georgia, palatino, serif;font-size: 12pt\"><span style=\"font-family: inherit, serif\"><span style=\"color: #000000\">\u00c1REA DE ATUA\u00c7\u00c3O:\u00a0<\/span><\/span><span style=\"color: #000000\">Possui gradua\u00e7\u00e3o em MATEM\u00c1TICA pela Faculdade Estadual de Ci\u00eancias e Letras de Campo Mour\u00e3o (2007) e Bacharel em Engenharia El\u00e9trica (2018). Mestre em M\u00e9todos Num\u00e9ricos em Engenharia pela Universidade Federal do Paran\u00e1, bolsista do CAPES\/REUNI. Doutor pela UFPR em M\u00e9todos Num\u00e9ricos em Engenharia com foco em Engenharia Ambiental &#8211; Modelagem de transporte de poluentes. Professor Adjunto da UFPR no campus de Jandaia do Sul. Tem experi\u00eancia na \u00e1rea de Engenharia, com \u00eanfase em Modelagem Num\u00e9rica e Equa\u00e7\u00f5es Diferenciais.<\/span><\/span><\/p>\n<\/td>\n<\/tr>\n<\/tbody>\n<\/table>\n<p>&nbsp;<\/p>\n<p>&nbsp;<\/p>\n<table style=\"width: 100%\">\n<tbody>\n<tr>\n<td style=\"width: 19.8885%\"><img loading=\"lazy\" decoding=\"async\" class=\"alignnone wp-image-322\" src=\"http:\/\/jandaiadosul.ufpr.br\/engagricola\/wp-content\/uploads\/sites\/24\/2023\/05\/marcelojs1-233x300.jpg\" alt=\"\" width=\"172\" height=\"222\" srcset=\"https:\/\/jandaiadosul.ufpr.br\/engagricola\/wp-content\/uploads\/sites\/24\/2023\/05\/marcelojs1-233x300.jpg 233w, https:\/\/jandaiadosul.ufpr.br\/engagricola\/wp-content\/uploads\/sites\/24\/2023\/05\/marcelojs1-795x1024.jpg 795w, https:\/\/jandaiadosul.ufpr.br\/engagricola\/wp-content\/uploads\/sites\/24\/2023\/05\/marcelojs1-768x989.jpg 768w, https:\/\/jandaiadosul.ufpr.br\/engagricola\/wp-content\/uploads\/sites\/24\/2023\/05\/marcelojs1-76x98.jpg 76w, https:\/\/jandaiadosul.ufpr.br\/engagricola\/wp-content\/uploads\/sites\/24\/2023\/05\/marcelojs1-44x57.jpg 44w, https:\/\/jandaiadosul.ufpr.br\/engagricola\/wp-content\/uploads\/sites\/24\/2023\/05\/marcelojs1.jpg 1041w\" sizes=\"(max-width: 172px) 100vw, 172px\" \/><\/td>\n<td style=\"width: 79.368%\">&nbsp;<\/p>\n<p class=\"western\"><span style=\"font-family: inherit, serif\"><span style=\"color: #000000\">NOME: Marcelo Jos\u00e9 da Silva<\/span><\/span><\/p>\n<p class=\"western\"><span style=\"color: #000000\"><span style=\"font-family: inherit, serif\"><span lang=\"en-US\">EMAIL: <a href=\"mailto:marcelo.jose@ufpr.br\">marcelo.jose@ufpr.br<\/a><\/span><\/span><\/span><\/p>\n<p class=\"western\"><span style=\"font-family: inherit, serif\"><span style=\"color: #000000\">CURR\u00cdCULO<\/span><\/span><span style=\"color: #000000\"><span style=\"font-family: inherit, serif\"> LATTES:\u00a0 <\/span><\/span><a href=\"http:\/\/lattes.cnpq.br\/8030190312101995\" target=\"_blank\" rel=\"noopener\"><span style=\"color: #326c99;font-size: 12pt\"><span style=\"font-family: Tahoma, serif\">http:\/\/lattes.cnpq.br\/8030190312101995<\/span><\/span><\/a><\/p>\n<p>&nbsp;<\/td>\n<\/tr>\n<tr>\n<td style=\"width: 99.2565%\" colspan=\"2\">\n<p class=\"western\" style=\"text-align: justify\"><span style=\"font-size: 12pt\"><span style=\"font-family: inherit, serif\"><span style=\"color: #000000\">\u00c1REA DE ATUA\u00c7\u00c3O:\u00a0<\/span><\/span><span style=\"font-family: Tahoma, serif\"><span style=\"color: #000000\">Projeto e otimiza\u00e7\u00e3o de m\u00e1quinas agr\u00edcolas de: equipamentos para aplica\u00e7\u00e3o de fertilizante l\u00edquido, sistemas mec\u00e2nicos para semeadura e aduba\u00e7\u00e3o, por exemplo. An\u00e1lise da qualidade e desempenho de opera\u00e7\u00f5es da: semeadura, pulveriza\u00e7\u00e3o e colheita de produtos agr\u00edcolas. E coordena\u00e7\u00e3o de projeto de extens\u00e3o \u201cM\u00e1quinas do Campo ao Campus\u201d.<\/span><\/span><\/span><\/p>\n<\/td>\n<\/tr>\n<\/tbody>\n<\/table>\n<p>&nbsp;<\/p>\n<p>&nbsp;<\/p>\n<table style=\"width: 100%\">\n<tbody>\n<tr>\n<td style=\"width: 20.7249%\"><img loading=\"lazy\" decoding=\"async\" class=\"alignnone wp-image-323\" src=\"http:\/\/jandaiadosul.ufpr.br\/engagricola\/wp-content\/uploads\/sites\/24\/2023\/05\/maycon_diego-225x300.jpg\" alt=\"\" width=\"180\" height=\"240\" srcset=\"https:\/\/jandaiadosul.ufpr.br\/engagricola\/wp-content\/uploads\/sites\/24\/2023\/05\/maycon_diego-225x300.jpg 225w, https:\/\/jandaiadosul.ufpr.br\/engagricola\/wp-content\/uploads\/sites\/24\/2023\/05\/maycon_diego-768x1024.jpg 768w, https:\/\/jandaiadosul.ufpr.br\/engagricola\/wp-content\/uploads\/sites\/24\/2023\/05\/maycon_diego-74x98.jpg 74w, https:\/\/jandaiadosul.ufpr.br\/engagricola\/wp-content\/uploads\/sites\/24\/2023\/05\/maycon_diego-43x57.jpg 43w, https:\/\/jandaiadosul.ufpr.br\/engagricola\/wp-content\/uploads\/sites\/24\/2023\/05\/maycon_diego.jpg 1149w\" sizes=\"(max-width: 180px) 100vw, 180px\" \/><\/td>\n<td style=\"width: 78.5316%\">\n<p class=\"western\"><span style=\"color: #000000\"><span style=\"font-family: Calibri, serif\">NOME: Maycon Diego Ribeiro<\/span><\/span><\/p>\n<p class=\"western\"><span style=\"color: #000000\"><span style=\"font-family: Calibri, serif\">EMAIL:\u00a0<\/span><\/span><u><a href=\"mailto:mribeiro@ufpr.br\" target=\"_blank\" rel=\"noopener\"><span style=\"font-family: Calibri, serif\"><span style=\"color: #0000ff\"><span style=\"font-size: 12pt\">mribeiro@ufpr.br<\/span><\/span><\/span><\/a><\/u><\/p>\n<p class=\"western\"><span style=\"font-family: inherit, serif\"><span style=\"color: #000000\">CURR\u00cdCULO<\/span><\/span><span style=\"color: #000000\"><span style=\"font-family: Calibri, serif\"> LATTES<span style=\"font-size: 12pt\">:<\/span><\/span><\/span><u><a href=\"http:\/\/lattes.cnpq.br\/0717013304871620\" target=\"_blank\" rel=\"noopener\"><span style=\"font-family: Tahoma, serif\"><span style=\"font-size: xx-small\"><span style=\"color: #0000ff\"><span style=\"font-size: 12pt\">http:\/\/lattes.cnpq.br\/0717013304871620<\/span><\/span><\/span><\/span><\/a><\/u><\/p>\n<\/td>\n<\/tr>\n<tr>\n<td style=\"width: 99.2565%\" colspan=\"2\">\n<p class=\"western\" style=\"text-align: justify\"><span style=\"font-size: 12pt\"><span style=\"color: #000000\"><span style=\"font-family: Calibri, serif\">\u00c1REA DE ATUA\u00c7\u00c3O: <\/span><\/span><span style=\"font-family: Tahoma, serif\"><span style=\"color: #666666\">Trabalha na grande \u00e1rea de \u00c1gua e Solo, sendo os principais temas: Engenharia de irriga\u00e7\u00e3o, irriga\u00e7\u00e3o na agricultura familiar, irriga\u00e7\u00e3o em ambiente protegido, irriga\u00e7\u00e3o com \u00e1gua residu\u00e1ria, entupimento de emissores de irriga\u00e7\u00e3o, uniformidade e efici\u00eancia de sistemas de irriga\u00e7\u00e3o.<\/span><\/span><\/span><\/p>\n<\/td>\n<\/tr>\n<\/tbody>\n<\/table>\n<p>&nbsp;<\/p>\n<p>&nbsp;<\/p>\n<table style=\"width: 100%\">\n<tbody>\n<tr>\n<td style=\"width: 21.8401%\"><img loading=\"lazy\" decoding=\"async\" class=\"alignnone wp-image-324\" src=\"http:\/\/jandaiadosul.ufpr.br\/engagricola\/wp-content\/uploads\/sites\/24\/2023\/05\/osvaldo_guedes.jpg\" alt=\"\" width=\"199\" height=\"208\" srcset=\"https:\/\/jandaiadosul.ufpr.br\/engagricola\/wp-content\/uploads\/sites\/24\/2023\/05\/osvaldo_guedes.jpg 226w, https:\/\/jandaiadosul.ufpr.br\/engagricola\/wp-content\/uploads\/sites\/24\/2023\/05\/osvaldo_guedes-94x98.jpg 94w, https:\/\/jandaiadosul.ufpr.br\/engagricola\/wp-content\/uploads\/sites\/24\/2023\/05\/osvaldo_guedes-55x57.jpg 55w\" sizes=\"(max-width: 199px) 100vw, 199px\" \/><\/td>\n<td style=\"width: 77.4164%\">&nbsp;<\/p>\n<p class=\"western\"><span style=\"font-family: inherit, serif\"><span style=\"color: #000000\">NOME: Osvaldo Guedes Filho<\/span><\/span><\/p>\n<p class=\"western\"><span style=\"color: #000000\"><span style=\"font-family: inherit, serif\">EMAIL: <a href=\"mailto:osvaldoguedes@ufpr.br\">osvaldoguedes@ufpr.br<\/a><\/span><\/span><\/p>\n<p class=\"western\"><span style=\"font-family: inherit, serif\"><span style=\"color: #000000\">CURR\u00cdCULO<\/span><\/span><span style=\"color: #000000\"><span style=\"font-family: inherit, serif\"> LATTES:\u00a0<\/span><\/span><span style=\"font-family: Tahoma, serif;font-size: 12pt\"><span style=\"color: #326c99\">\u00a0<\/span><\/span><u><a href=\"http:\/\/lattes.cnpq.br\/9177335062472972\" target=\"_blank\" rel=\"noopener\"><span style=\"font-family: Tahoma, serif\"><span style=\"font-size: xx-small\"><span style=\"color: #0000ff\"><span style=\"font-size: 12pt\">http:\/\/lattes.cnpq.br\/9177335062472972<\/span><\/span><\/span><\/span><\/a><\/u><\/p>\n<p>&nbsp;<\/td>\n<\/tr>\n<tr>\n<td style=\"width: 99.2565%\" colspan=\"2\">\n<p class=\"western\" style=\"text-align: justify\"><span style=\"font-family: inherit, serif\"><span style=\"color: #000000\">\u00c1REA DE ATUA\u00c7\u00c3O: Atua nas linhas de pesquisa em f\u00edsica do solo aplicada, manejo da entrelinha das culturas, manejo da variabilidade espacial das propriedades do solo, rela\u00e7\u00e3o solo-m\u00e1quina. Na extens\u00e3o, \u00e9 coordenador do Projeto Solo na Escola.<\/span><\/span><\/p>\n<\/td>\n<\/tr>\n<\/tbody>\n<\/table>\n<p>&nbsp;<\/p>\n<p>&nbsp;<\/p>\n<table style=\"width: 100%\">\n<tbody>\n<tr>\n<td style=\"width: 21.7472%\"><img loading=\"lazy\" decoding=\"async\" class=\"alignnone wp-image-325\" src=\"http:\/\/jandaiadosul.ufpr.br\/engagricola\/wp-content\/uploads\/sites\/24\/2023\/05\/renata_mazzini-276x300.jpeg\" alt=\"\" width=\"199\" height=\"217\" srcset=\"https:\/\/jandaiadosul.ufpr.br\/engagricola\/wp-content\/uploads\/sites\/24\/2023\/05\/renata_mazzini-276x300.jpeg 276w, https:\/\/jandaiadosul.ufpr.br\/engagricola\/wp-content\/uploads\/sites\/24\/2023\/05\/renata_mazzini-768x834.jpeg 768w, https:\/\/jandaiadosul.ufpr.br\/engagricola\/wp-content\/uploads\/sites\/24\/2023\/05\/renata_mazzini-90x98.jpeg 90w, https:\/\/jandaiadosul.ufpr.br\/engagricola\/wp-content\/uploads\/sites\/24\/2023\/05\/renata_mazzini-52x57.jpeg 52w, https:\/\/jandaiadosul.ufpr.br\/engagricola\/wp-content\/uploads\/sites\/24\/2023\/05\/renata_mazzini.jpeg 943w\" sizes=\"(max-width: 199px) 100vw, 199px\" \/><\/td>\n<td style=\"width: 77.5093%\">&nbsp;<\/p>\n<p class=\"western\"><span style=\"font-family: georgia, palatino, serif\"><span style=\"color: #000000\">NOME: <span style=\"font-size: 12pt\">Renata Bachin Mazzini Guedes<\/span><\/span><\/span><\/p>\n<p class=\"western\"><span style=\"color: #000000\"><span style=\"font-family: Calibri, serif\"><span style=\"font-family: georgia, palatino, serif\">EMAIL:<\/span><a href=\"mailto:renataguedes@ufpr.br\"><span style=\"font-size: 12pt;font-family: georgia, palatino, serif\"> renataguedes@ufpr.br<\/span><\/a><\/span><\/span><\/p>\n<p class=\"western\"><span style=\"font-family: inherit, serif\"><span style=\"color: #000000\">CURR\u00cdCULO<\/span><\/span><span style=\"color: #000000\"><span style=\"font-family: Calibri, serif\"> LATTES:<span style=\"font-family: georgia, palatino, serif;font-size: 12pt\">\u00a0<\/span><\/span><\/span><u><a href=\"http:\/\/lattes.cnpq.br\/3283591573637295\" target=\"_blank\" rel=\"noopener\"><span style=\"font-family: Calibri, serif\"><span style=\"color: #0000ff\"><span style=\"font-family: georgia, palatino, serif;font-size: 12pt\">http:\/\/lattes.cnpq.br\/3283591573637295<\/span><\/span><\/span><\/a><\/u><\/p>\n<p>&nbsp;<\/td>\n<\/tr>\n<tr>\n<td style=\"width: 99.2565%\" colspan=\"2\">\n<p class=\"western\" style=\"text-align: justify\"><span style=\"font-family: georgia, palatino, serif;font-size: 12pt\"><span style=\"color: #000000\">\u00c1REA DE ATUA\u00c7\u00c3O: Engenheira agr\u00f4noma e arquiteta e urbanista, tem mestrado, doutorado e p\u00f3s-doutorado em Produ\u00e7\u00e3o Vegetal, atuando principalmente nas grandes \u00e1reas de Cultivo Protegido e Floricultura e Plantas Ornamentais. Desenvolve experimentos relacionados \u00e0 produ\u00e7\u00e3o de flores e plantas ornamentais, trabalhando<\/span><span style=\"color: #000000\">\u00a0com fatores do cultivo, como disponibilidade h\u00eddrica e radia\u00e7\u00e3o, sempre buscando maior produtividade. Tamb\u00e9m atua em conjunto com profissionais da Engenharia de Alimentos, pesquisando diversos aspectos das flores comest\u00edveis.<\/span><\/span><\/p>\n<\/td>\n<\/tr>\n<\/tbody>\n<\/table>\n<p>&nbsp;<\/p>\n<p>&nbsp;<\/p>\n","protected":false},"excerpt":{"rendered":"<p>Coordena\u00e7\u00e3o\u00a0 Prof. Carlos Henrique Wachholz de Souza http:\/\/lattes.cnpq.br\/2804633646710952 carlossouza@ufpr.br Vice-Coordena\u00e7\u00e3o\u00a0 \u00a0Prof. Osvaldo Guedes Filho http:\/\/lattes.cnpq.br\/9177335062472972 osvaldoguedes@ufpr.br Assessoria Andriara Lyziane Tossani \u00a0E-mail Coordena\u00e7\u00e3o &nbsp; &nbsp; CORPO [&hellip;]<\/p>\n","protected":false},"author":3657,"featured_media":0,"parent":0,"menu_order":0,"comment_status":"closed","ping_status":"closed","template":"","meta":{"_acf_changed":false,"footnotes":""},"class_list":["post-205","page","type-page","status-publish","hentry"],"acf":[],"_links":{"self":[{"href":"https:\/\/jandaiadosul.ufpr.br\/engagricola\/wp-json\/wp\/v2\/pages\/205","targetHints":{"allow":["GET"]}}],"collection":[{"href":"https:\/\/jandaiadosul.ufpr.br\/engagricola\/wp-json\/wp\/v2\/pages"}],"about":[{"href":"https:\/\/jandaiadosul.ufpr.br\/engagricola\/wp-json\/wp\/v2\/types\/page"}],"author":[{"embeddable":true,"href":"https:\/\/jandaiadosul.ufpr.br\/engagricola\/wp-json\/wp\/v2\/users\/3657"}],"replies":[{"embeddable":true,"href":"https:\/\/jandaiadosul.ufpr.br\/engagricola\/wp-json\/wp\/v2\/comments?post=205"}],"version-history":[{"count":7,"href":"https:\/\/jandaiadosul.ufpr.br\/engagricola\/wp-json\/wp\/v2\/pages\/205\/revisions"}],"predecessor-version":[{"id":840,"href":"https:\/\/jandaiadosul.ufpr.br\/engagricola\/wp-json\/wp\/v2\/pages\/205\/revisions\/840"}],"wp:attachment":[{"href":"https:\/\/jandaiadosul.ufpr.br\/engagricola\/wp-json\/wp\/v2\/media?parent=205"}],"curies":[{"name":"wp","href":"https:\/\/api.w.org\/{rel}","templated":true}]}}