{"id":36,"date":"2022-09-29T10:15:38","date_gmt":"2022-09-29T13:15:38","guid":{"rendered":"https:\/\/jandaiadosul.ufpr.br\/eleicoes\/?page_id=36"},"modified":"2022-09-29T10:16:25","modified_gmt":"2022-09-29T13:16:25","slug":"eleicao-para-coordenador-e-vice-coordenador-2022","status":"publish","type":"page","link":"https:\/\/jandaiadosul.ufpr.br\/eleicoes\/eleicao-para-coordenador-e-vice-coordenador-2022\/","title":{"rendered":"Elei\u00e7\u00e3o para Coordenador e Vice-coordenador 2022"},"content":{"rendered":"<p><a href=\"https:\/\/jandaiadosul.ufpr.br\/wp-content\/uploads\/2022\/02\/Portaria_6_2022_JA.pdf\">Portaria 06\/2022 &#8211; Membros da comiss\u00e3o eleitoral<\/a><\/p>\n<p><a href=\"https:\/\/jandaiadosul.ufpr.br\/wp-content\/uploads\/2022\/03\/Edital01_eleicao2022.pdf\">Edital de abertura para consulta p\u00fablica para os cursos: Engenharia Agr\u00edcola, Engenharia de Produ\u00e7\u00e3o, Licenciatura em Ci\u00eancias Exatas e Licenciatura em Computa\u00e7\u00e3o<\/a><\/p>\n<p><a href=\"https:\/\/jandaiadosul.ufpr.br\/wp-content\/uploads\/2022\/03\/Formulario_inscricao.docx\">Formul\u00e1rio de inscri\u00e7\u00e3o<\/a><\/p>\n<p><a href=\"https:\/\/jandaiadosul.ufpr.br\/wp-content\/uploads\/2022\/03\/Edital2_eleicao.pdf\">Edital 02\/2022 &#8211; N\u00ba de chapas inscritas inscritas at\u00e9 10\/03\/2022<\/a><\/p>\n<p><a href=\"https:\/\/jandaiadosul.ufpr.br\/wp-content\/uploads\/2022\/03\/Edital03_eleicao2022.pdf\">Edital 03\/2022 &#8211; Homologa\u00e7\u00e3o de Chapas<\/a><\/p>\n<p><a href=\"https:\/\/jandaiadosul.ufpr.br\/wp-content\/uploads\/2022\/03\/Lista_votantes-1.pdf\">Lista de Votantes<\/a><\/p>\n<p><a href=\"https:\/\/jandaiadosul.ufpr.br\/wp-content\/uploads\/2022\/03\/HELIOS_E_VOTING___Como_votar-1.pdf\">Como votar no sistema Helios<\/a><\/p>\n<p><a href=\"https:\/\/youtu.be\/ZLaP1vCoEgQ\">Apura\u00e7\u00e3o dos votos (v\u00eddeo)<\/a><\/p>\n<p><a href=\"https:\/\/jandaiadosul.ufpr.br\/wp-content\/uploads\/2022\/03\/agricola_alunos.pdf\">Apura\u00e7\u00e3o dos votos Engenharia agr\u00edcola &#8211; dicentes<\/a><\/p>\n<p><a href=\"https:\/\/jandaiadosul.ufpr.br\/wp-content\/uploads\/2022\/03\/agricola_servidores.pdf\">Apura\u00e7\u00e3o dos votos Engenharia agr\u00edcola &#8211; servidores<\/a><\/p>\n<p><a href=\"https:\/\/jandaiadosul.ufpr.br\/wp-content\/uploads\/2022\/03\/exatas_servidores.pdf\">Apura\u00e7\u00e3o dos votos Ci\u00eancias Exatas &#8211; servidores<\/a><\/p>\n<p><a href=\"https:\/\/jandaiadosul.ufpr.br\/wp-content\/uploads\/2022\/03\/producao_alunos.pdf\">Apura\u00e7\u00e3o dos votos Ci\u00eancias Exatas &#8211; dicentes<\/a><\/p>\n<p><a href=\"https:\/\/jandaiadosul.ufpr.br\/wp-content\/uploads\/2022\/03\/producao_servidores.pdf\">Apura\u00e7\u00e3o dos votos Engenharia de produ\u00e7\u00e3o &#8211; servidores<\/a><\/p>\n<p><a href=\"https:\/\/jandaiadosul.ufpr.br\/wp-content\/uploads\/2022\/03\/exatas_alunos-1.pdf\">Apura\u00e7\u00e3o dos votos Engenharia de produ\u00e7\u00e3o &#8211; dicentes<\/a><\/p>\n<p><a href=\"https:\/\/jandaiadosul.ufpr.br\/wp-content\/uploads\/2022\/03\/eleicao2022_ata_apuracao.pdf\">ATA da apura\u00e7\u00e3o e resultado final<\/a><\/p>\n","protected":false},"excerpt":{"rendered":"<p>Portaria 06\/2022 &#8211; Membros da comiss\u00e3o eleitoral Edital de abertura para consulta p\u00fablica para os cursos: Engenharia Agr\u00edcola, Engenharia de Produ\u00e7\u00e3o, Licenciatura em Ci\u00eancias Exatas [&hellip;]<\/p>\n","protected":false},"author":3618,"featured_media":0,"parent":0,"menu_order":0,"comment_status":"closed","ping_status":"closed","template":"","meta":{"_acf_changed":false,"footnotes":""},"class_list":["post-36","page","type-page","status-publish","hentry"],"acf":[],"_links":{"self":[{"href":"https:\/\/jandaiadosul.ufpr.br\/eleicoes\/wp-json\/wp\/v2\/pages\/36","targetHints":{"allow":["GET"]}}],"collection":[{"href":"https:\/\/jandaiadosul.ufpr.br\/eleicoes\/wp-json\/wp\/v2\/pages"}],"about":[{"href":"https:\/\/jandaiadosul.ufpr.br\/eleicoes\/wp-json\/wp\/v2\/types\/page"}],"author":[{"embeddable":true,"href":"https:\/\/jandaiadosul.ufpr.br\/eleicoes\/wp-json\/wp\/v2\/users\/3618"}],"replies":[{"embeddable":true,"href":"https:\/\/jandaiadosul.ufpr.br\/eleicoes\/wp-json\/wp\/v2\/comments?post=36"}],"version-history":[{"count":1,"href":"https:\/\/jandaiadosul.ufpr.br\/eleicoes\/wp-json\/wp\/v2\/pages\/36\/revisions"}],"predecessor-version":[{"id":37,"href":"https:\/\/jandaiadosul.ufpr.br\/eleicoes\/wp-json\/wp\/v2\/pages\/36\/revisions\/37"}],"wp:attachment":[{"href":"https:\/\/jandaiadosul.ufpr.br\/eleicoes\/wp-json\/wp\/v2\/media?parent=36"}],"curies":[{"name":"wp","href":"https:\/\/api.w.org\/{rel}","templated":true}]}}

Eleição para Coordenador e Vice-coordenador 2022

<p><a href="https://jandaiadosul.ufpr.br/wp-content/uploads/2022/02/Portaria_6_2022_JA.pdf">Portaria 06/2022 &#8211; Membros da comissão eleitoral</a></p>
<p><a href="https://jandaiadosul.ufpr.br/wp-content/uploads/2022/03/Edital01_eleicao2022.pdf">Edital de abertura para consulta pública para os cursos: Engenharia Agrícola, Engenharia de Produção, Licenciatura em Ciências Exatas e Licenciatura em Computação</a></p>
<p><a href="https://jandaiadosul.ufpr.br/wp-content/uploads/2022/03/Formulario_inscricao.docx">Formulário de inscrição</a></p>
<p><a href="https://jandaiadosul.ufpr.br/wp-content/uploads/2022/03/Edital2_eleicao.pdf">Edital 02/2022 &#8211; Nº de chapas inscritas inscritas até 10/03/2022</a></p>
<p><a href="https://jandaiadosul.ufpr.br/wp-content/uploads/2022/03/Edital03_eleicao2022.pdf">Edital 03/2022 &#8211; Homologação de Chapas</a></p>
<p><a href="https://jandaiadosul.ufpr.br/wp-content/uploads/2022/03/Lista_votantes-1.pdf">Lista de Votantes</a></p>
<p><a href="https://jandaiadosul.ufpr.br/wp-content/uploads/2022/03/HELIOS_E_VOTING___Como_votar-1.pdf">Como votar no sistema Helios</a></p>
<p><a href="https://youtu.be/ZLaP1vCoEgQ">Apuração dos votos (vídeo)</a></p>
<p><a href="https://jandaiadosul.ufpr.br/wp-content/uploads/2022/03/agricola_alunos.pdf">Apuração dos votos Engenharia agrícola &#8211; dicentes</a></p>
<p><a href="https://jandaiadosul.ufpr.br/wp-content/uploads/2022/03/agricola_servidores.pdf">Apuração dos votos Engenharia agrícola &#8211; servidores</a></p>
<p><a href="https://jandaiadosul.ufpr.br/wp-content/uploads/2022/03/exatas_servidores.pdf">Apuração dos votos Ciências Exatas &#8211; servidores</a></p>
<p><a href="https://jandaiadosul.ufpr.br/wp-content/uploads/2022/03/producao_alunos.pdf">Apuração dos votos Ciências Exatas &#8211; dicentes</a></p>
<p><a href="https://jandaiadosul.ufpr.br/wp-content/uploads/2022/03/producao_servidores.pdf">Apuração dos votos Engenharia de produção &#8211; servidores</a></p>
<p><a href="https://jandaiadosul.ufpr.br/wp-content/uploads/2022/03/exatas_alunos-1.pdf">Apuração dos votos Engenharia de produção &#8211; dicentes</a></p>
<p><a href="https://jandaiadosul.ufpr.br/wp-content/uploads/2022/03/eleicao2022_ata_apuracao.pdf">ATA da apuração e resultado final</a></p>

<p>Portaria 06/2022 &#8211; Membros da comissão eleitoral Edital de abertura para consulta pública para os cursos: Engenharia Agrícola, Engenharia de Produção, Licenciatura em Ciências Exatas [&hellip;]</p>
