{"id":34,"date":"2022-09-29T10:15:06","date_gmt":"2022-09-29T13:15:06","guid":{"rendered":"https:\/\/jandaiadosul.ufpr.br\/eleicoes\/?page_id=34"},"modified":"2022-09-29T10:15:06","modified_gmt":"2022-09-29T13:15:06","slug":"eleicao-da-coordenacao-de-engenharia-de-alimentos-2021","status":"publish","type":"page","link":"https:\/\/jandaiadosul.ufpr.br\/eleicoes\/eleicao-da-coordenacao-de-engenharia-de-alimentos-2021\/","title":{"rendered":"Elei\u00e7\u00e3o da Coordena\u00e7\u00e3o de Engenharia de Alimentos &#8211; 2021"},"content":{"rendered":"<p><a href=\"https:\/\/jandaiadosul.ufpr.br\/wp-content\/uploads\/2021\/06\/SEI_UFPR-3599721-Portaria-21-eleicao-coord-agricola-e-representantes-coun-e-cepe.pdf\">Portaria 21\/2021 \u2013 nomea\u00e7\u00e3o dos membros da comiss\u00e3o eleitoral<\/a><\/p>\n<p><a href=\"https:\/\/jandaiadosul.ufpr.br\/wp-content\/uploads\/2021\/06\/SEI_UFPR-3615685-Edital.pdf\">Edital de abertura para consulta p\u00fablica para escolha deCoordenador e Vice-Coordenador do Curso de Engenharia de Alimentos para o Campus Avan\u00e7ado em Jandaia do Sul<\/a><\/p>\n<p><a href=\"https:\/\/jandaiadosul.ufpr.br\/wp-content\/uploads\/2021\/06\/Formulario-de-Inscricao-Direcao-e-Vice-UFPR-Jandaia-do-Sul.doc\">Formul\u00e1rio de inscri\u00e7\u00e3o<\/a><\/p>\n<p><a href=\"https:\/\/jandaiadosul.ufpr.br\/wp-content\/uploads\/2021\/07\/despacho.pdf\">Despacho<\/a><\/p>\n","protected":false},"excerpt":{"rendered":"<p>Portaria 21\/2021 \u2013 nomea\u00e7\u00e3o dos membros da comiss\u00e3o eleitoral Edital de abertura para consulta p\u00fablica para escolha deCoordenador e Vice-Coordenador do Curso de Engenharia de [&hellip;]<\/p>\n","protected":false},"author":3618,"featured_media":0,"parent":0,"menu_order":0,"comment_status":"closed","ping_status":"closed","template":"","meta":{"_acf_changed":false,"footnotes":""},"class_list":["post-34","page","type-page","status-publish","hentry"],"acf":[],"_links":{"self":[{"href":"https:\/\/jandaiadosul.ufpr.br\/eleicoes\/wp-json\/wp\/v2\/pages\/34","targetHints":{"allow":["GET"]}}],"collection":[{"href":"https:\/\/jandaiadosul.ufpr.br\/eleicoes\/wp-json\/wp\/v2\/pages"}],"about":[{"href":"https:\/\/jandaiadosul.ufpr.br\/eleicoes\/wp-json\/wp\/v2\/types\/page"}],"author":[{"embeddable":true,"href":"https:\/\/jandaiadosul.ufpr.br\/eleicoes\/wp-json\/wp\/v2\/users\/3618"}],"replies":[{"embeddable":true,"href":"https:\/\/jandaiadosul.ufpr.br\/eleicoes\/wp-json\/wp\/v2\/comments?post=34"}],"version-history":[{"count":1,"href":"https:\/\/jandaiadosul.ufpr.br\/eleicoes\/wp-json\/wp\/v2\/pages\/34\/revisions"}],"predecessor-version":[{"id":35,"href":"https:\/\/jandaiadosul.ufpr.br\/eleicoes\/wp-json\/wp\/v2\/pages\/34\/revisions\/35"}],"wp:attachment":[{"href":"https:\/\/jandaiadosul.ufpr.br\/eleicoes\/wp-json\/wp\/v2\/media?parent=34"}],"curies":[{"name":"wp","href":"https:\/\/api.w.org\/{rel}","templated":true}]}}

Eleição da Coordenação de Engenharia de Alimentos &#8211; 2021

<p><a href="https://jandaiadosul.ufpr.br/wp-content/uploads/2021/06/SEI_UFPR-3599721-Portaria-21-eleicao-coord-agricola-e-representantes-coun-e-cepe.pdf">Portaria 21/2021 – nomeação dos membros da comissão eleitoral</a></p>
<p><a href="https://jandaiadosul.ufpr.br/wp-content/uploads/2021/06/SEI_UFPR-3615685-Edital.pdf">Edital de abertura para consulta pública para escolha deCoordenador e Vice-Coordenador do Curso de Engenharia de Alimentos para o Campus Avançado em Jandaia do Sul</a></p>
<p><a href="https://jandaiadosul.ufpr.br/wp-content/uploads/2021/06/Formulario-de-Inscricao-Direcao-e-Vice-UFPR-Jandaia-do-Sul.doc">Formulário de inscrição</a></p>
<p><a href="https://jandaiadosul.ufpr.br/wp-content/uploads/2021/07/despacho.pdf">Despacho</a></p>

<p>Portaria 21/2021 – nomeação dos membros da comissão eleitoral Edital de abertura para consulta pública para escolha deCoordenador e Vice-Coordenador do Curso de Engenharia de [&hellip;]</p>
