{"id":824,"date":"2025-03-31T09:49:35","date_gmt":"2025-03-31T12:49:35","guid":{"rendered":"https:\/\/jandaiadosul.ufpr.br\/concursos\/?page_id=824"},"modified":"2025-03-31T09:49:35","modified_gmt":"2025-03-31T12:49:35","slug":"edital-039-2025-matematica","status":"publish","type":"page","link":"https:\/\/jandaiadosul.ufpr.br\/concursos\/edital-039-2025-matematica\/","title":{"rendered":"Edital 039\/2025 \u2013 Matem\u00e1tica"},"content":{"rendered":"<h1 class=\"post-title entry-title\">Teste Seletivo Edital n\u00ba 039\/2025 \u2013 PROGEPE<\/h1>\n<p class=\"x_Texto_Justificado\"><strong>\u00c1rea de Conhecimento:<\/strong>Matem\u00e1tica<\/p>\n<p class=\"x_Texto_Justificado\"><strong>Mat\u00e9ria Espec\u00edfica:<\/strong>C\u00e1lculo I, C\u00e1lculo II, C\u00e1lculo III, \u00c1lgebra Linear e Geometria Anal\u00edtica, Geometria Euclidiana Plana, Geometria Euclidiana Espacial e An\u00e1lise na Reta<\/p>\n<p class=\"x_Texto_Justificado\"><strong>Processo:<\/strong> 23075.000772\/2025-30<\/p>\n<p class=\"x_Texto_Justificado\"><strong>N\u00famero de Vagas<\/strong>: 01 (uma)<\/p>\n<p class=\"x_Texto_Justificado\"><strong>Regime de Trabalho<\/strong>: 40 (quarenta) horas semanais<\/p>\n<p class=\"x_Texto_Justificado\"><strong>Requisito:<\/strong> Licenciatura em Matem\u00e1tica ou Licenciatura em Ci\u00eancias Exatas (Habilita\u00e7\u00e3o em Matem\u00e1tica), obtidos na forma de lei<\/p>\n<p class=\"x_Texto_Justificado\"><strong>Tipos de Provas<\/strong>: An\u00e1lise de Curr\u00edculo e Prova Did\u00e1tica. Sendo a prova did\u00e1tica realizada de forma\u00a0presencial<\/p>\n<p class=\"x_Texto_Justificado\"><strong>Local das Inscri\u00e7\u00f5es<\/strong>: \u00a0As inscri\u00e7\u00f5es ser\u00e3o enviadas exclusivamente para o email\u00a0<strong>uaa.jandaia@ufpr.br<\/strong>, que gerar\u00e1 ao candidato um protocolo de recebimento da inscri\u00e7\u00e3o.<\/p>\n<p class=\"x_Texto_Justificado\"><strong>O per\u00edodo das inscri\u00e7\u00f5es ser\u00e1:<\/strong> 7 (SETE) DIAS \u00daTEIS\u00a0a partir do dia \u00fatil subsequente ao dia da publica\u00e7\u00e3o do presente Edital no Di\u00e1rio Oficial da Uni\u00e3o<\/p>\n<p>&nbsp;<\/p>\n<table style=\"width: 95.7326%;height: 265px\">\n<tbody>\n<tr style=\"height: 24px\">\n<td style=\"height: 24px;width: 84.1057%\" colspan=\"2\"><strong>EDITAIS, COMUNICADOS E INFORMA\u00c7\u00d5ES<\/strong><\/td>\n<td style=\"width: 94.9689%;height: 24px\"><strong>\u00a0<\/strong><\/td>\n<\/tr>\n<tr style=\"height: 25px\">\n<td style=\"width: 56.0954%;height: 25px\"><strong>Edital de Abertura<\/strong><\/td>\n<td style=\"width: 28.0103%;height: 25px\"><a href=\"https:\/\/progepe.ufpr.br\/a\/concursos\/docente\/concursos_publicos\/editais\/edital039-25.pdf\">Edital 39\/2025<\/a><\/td>\n<td style=\"width: 94.9689%;height: 25px\">17\/02\/2025<\/td>\n<\/tr>\n<tr style=\"height: 24px\">\n<td style=\"width: 56.0954%;height: 24px\">Comiss\u00e3o de Homologa\u00e7\u00e3o das Inscri\u00e7\u00f5es<\/td>\n<td style=\"width: 28.0103%;height: 24px\"><a href=\"https:\/\/jandaiadosul.ufpr.br\/concursos\/wp-content\/uploads\/sites\/38\/2025\/02\/sei_7503109_portaria_4-comissao-homologacao-inscricoes-subst-matematica.pdf\">Portaria 04\/25<\/a><\/td>\n<td style=\"width: 94.9689%;height: 24px\">17\/02\/2025<\/td>\n<\/tr>\n<tr style=\"height: 24px\">\n<td style=\"width: 56.0954%;height: 24px\">Edital de Homologa\u00e7\u00e3o das Inscri\u00e7\u00f5es<\/td>\n<td style=\"width: 28.0103%;height: 24px\"><a href=\"https:\/\/jandaiadosul.ufpr.br\/concursos\/wp-content\/uploads\/sites\/38\/2025\/03\/sei_7541583_edital_1-1.pdf\">Edital 01\/25<\/a><\/td>\n<td style=\"width: 94.9689%;height: 24px\">28\/02\/2025<\/td>\n<\/tr>\n<tr style=\"height: 24px\">\n<td style=\"width: 56.0954%;height: 24px\">Comiss\u00e3o Julgadora do Teste Seletivo<\/td>\n<td style=\"width: 28.0103%;height: 24px\"><a href=\"https:\/\/jandaiadosul.ufpr.br\/concursos\/wp-content\/uploads\/sites\/38\/2025\/03\/sei_7560576_portaria_11.pdf\">Portaria 11\/25<\/a><\/td>\n<td style=\"width: 94.9689%;height: 24px\">10\/03\/2025<\/td>\n<\/tr>\n<tr style=\"height: 24px\">\n<td style=\"width: 56.0954%;height: 24px\">Cronograma<\/td>\n<td style=\"width: 28.0103%;height: 24px\"><a href=\"https:\/\/jandaiadosul.ufpr.br\/concursos\/wp-content\/uploads\/sites\/38\/2025\/03\/sei_7576305_edital_2.pdf\">Edital 02\/25<\/a><\/td>\n<td style=\"width: 94.9689%;height: 24px\">14\/03\/2025<\/td>\n<\/tr>\n<tr style=\"height: 24px\">\n<td style=\"width: 56.0954%;height: 24px\">Nota An\u00e1lise de Curr\u00edculo<\/td>\n<td style=\"width: 28.0103%;height: 24px\"><a href=\"https:\/\/jandaiadosul.ufpr.br\/concursos\/wp-content\/uploads\/sites\/38\/2025\/03\/sei_7585717_edital_3-1.pdf\">Edital 03\/25<\/a><\/td>\n<td style=\"width: 94.9689%;height: 24px\">18\/03\/2025<\/td>\n<\/tr>\n<tr style=\"height: 24px\">\n<td style=\"width: 56.0954%;height: 24px\">Sorteio do Ponto da Prova Did\u00e1tica<\/td>\n<td style=\"width: 28.0103%;height: 24px\"><a href=\"https:\/\/jandaiadosul.ufpr.br\/concursos\/wp-content\/uploads\/sites\/38\/2025\/03\/sei_7585821_edital_4-1.pdf\">Edital 04\/25<\/a><\/td>\n<td style=\"width: 94.9689%;height: 24px\">18\/03\/2025<\/td>\n<\/tr>\n<tr style=\"height: 24px\">\n<td style=\"width: 56.0954%;height: 24px\">Resultado Sorteio Ponto Prova Did\u00e1tica<\/td>\n<td style=\"width: 28.0103%;height: 24px\"><a href=\"https:\/\/jandaiadosul.ufpr.br\/concursos\/wp-content\/uploads\/sites\/38\/2025\/03\/sei_7609777_edital_5.pdf\">Edital 05\/25<\/a><\/td>\n<td style=\"width: 94.9689%;height: 24px\">21\/03\/2025<\/td>\n<\/tr>\n<tr style=\"height: 24px\">\n<td style=\"width: 56.0954%;height: 24px\">Resultado Prova Did\u00e1tica<\/td>\n<td style=\"width: 28.0103%;height: 24px\"><a href=\"https:\/\/jandaiadosul.ufpr.br\/concursos\/wp-content\/uploads\/sites\/38\/2025\/03\/sei_7610030_edital_6.pdf\">Edital 06\/25<\/a><\/td>\n<td style=\"width: 94.9689%;height: 24px\">21\/03\/2025<\/td>\n<\/tr>\n<tr style=\"height: 24px\">\n<td style=\"width: 56.0954%;height: 24px\">Parecer Conclusivo<\/td>\n<td style=\"width: 28.0103%;height: 24px\"><a href=\"https:\/\/jandaiadosul.ufpr.br\/concursos\/wp-content\/uploads\/sites\/38\/2025\/03\/sei_7610082_edital_7.pdf\">Edital 07\/25<\/a><\/td>\n<td style=\"width: 94.9689%;height: 24px\">21\/03\/2025<\/td>\n<\/tr>\n<\/tbody>\n<\/table>\n<p>&nbsp;<\/p>\n<h1><\/h1>\n","protected":false},"excerpt":{"rendered":"<p>Teste Seletivo Edital n\u00ba 039\/2025 \u2013 PROGEPE \u00c1rea de Conhecimento:Matem\u00e1tica Mat\u00e9ria Espec\u00edfica:C\u00e1lculo I, C\u00e1lculo II, C\u00e1lculo III, \u00c1lgebra Linear e Geometria Anal\u00edtica, Geometria Euclidiana Plana, [&hellip;]<\/p>\n","protected":false},"author":3654,"featured_media":0,"parent":0,"menu_order":0,"comment_status":"closed","ping_status":"closed","template":"","meta":{"_acf_changed":false,"footnotes":""},"class_list":["post-824","page","type-page","status-publish","hentry"],"acf":[],"_links":{"self":[{"href":"https:\/\/jandaiadosul.ufpr.br\/concursos\/wp-json\/wp\/v2\/pages\/824","targetHints":{"allow":["GET"]}}],"collection":[{"href":"https:\/\/jandaiadosul.ufpr.br\/concursos\/wp-json\/wp\/v2\/pages"}],"about":[{"href":"https:\/\/jandaiadosul.ufpr.br\/concursos\/wp-json\/wp\/v2\/types\/page"}],"author":[{"embeddable":true,"href":"https:\/\/jandaiadosul.ufpr.br\/concursos\/wp-json\/wp\/v2\/users\/3654"}],"replies":[{"embeddable":true,"href":"https:\/\/jandaiadosul.ufpr.br\/concursos\/wp-json\/wp\/v2\/comments?post=824"}],"version-history":[{"count":1,"href":"https:\/\/jandaiadosul.ufpr.br\/concursos\/wp-json\/wp\/v2\/pages\/824\/revisions"}],"predecessor-version":[{"id":827,"href":"https:\/\/jandaiadosul.ufpr.br\/concursos\/wp-json\/wp\/v2\/pages\/824\/revisions\/827"}],"wp:attachment":[{"href":"https:\/\/jandaiadosul.ufpr.br\/concursos\/wp-json\/wp\/v2\/media?parent=824"}],"curies":[{"name":"wp","href":"https:\/\/api.w.org\/{rel}","templated":true}]}}