{"id":747,"date":"2025-02-17T10:36:53","date_gmt":"2025-02-17T13:36:53","guid":{"rendered":"https:\/\/jandaiadosul.ufpr.br\/concursos\/?page_id=747"},"modified":"2025-02-17T10:37:47","modified_gmt":"2025-02-17T13:37:47","slug":"edital-227-2024","status":"publish","type":"page","link":"https:\/\/jandaiadosul.ufpr.br\/concursos\/edital-227-2024\/","title":{"rendered":"Edital 227\/2024"},"content":{"rendered":"<h1 class=\"post-title entry-title\">I. Teste Seletivo Edital 227\/2024 \u2013 PROGEPE<\/h1>\n<p class=\"x_Texto_Justificado\"><strong>\u00c1rea de Conhecimento:\u00a0<\/strong>Engenharia Agr\u00edcola\/M\u00e1quinas e mecaniza\u00e7\u00e3o<\/p>\n<p class=\"x_Texto_Justificado\"><strong>Mat\u00e9ria Espec\u00edfica:\u00a0<\/strong>Desenho assistido por computador; Fundamentos em Extens\u00e3o; Tratores e Motores; M\u00e1quinas e Implementos; Elementos de M\u00e1quinas; Projetos de M\u00e1quinas; Projeto Integrado III (M\u00e1quinas).<\/p>\n<p class=\"x_Texto_Justificado\"><strong>Processo:<\/strong>\u00a023075.032325\/2024-69<\/p>\n<p class=\"x_Texto_Justificado\"><strong>N\u00famero de Vagas<\/strong>: 01 (uma)<\/p>\n<p class=\"x_Texto_Justificado\"><strong>Regime de Trabalho<\/strong>: 40 (quarenta) horas semanais<\/p>\n<p class=\"x_Texto_Justificado\"><strong>Requisito:\u00a0<\/strong>Gradua\u00e7\u00e3o em Engenharia Agr\u00edcola, ou Agronomia, ou Engenharia Mec\u00e2nica, ou Engenharia Agr\u00edcola e Ambiental ou Engenharia de Biossistemas, obtidos na forma da lei.<\/p>\n<p class=\"x_Texto_Justificado\"><strong>Tipos de Provas<\/strong>: An\u00e1lise de Curr\u00edculo e Prova Did\u00e1tica. Sendo a prova did\u00e1tica realizada de forma presencial<\/p>\n<p class=\"x_Texto_Justificado\"><strong>Local das Inscri\u00e7\u00f5es<\/strong>: \u00a0As inscri\u00e7\u00f5es ser\u00e3o enviadas exclusivamente para o email\u00a0<strong>uaa.jandaia@ufpr.br<\/strong>, que gerar\u00e1 ao candidato um protocolo de recebimento da inscri\u00e7\u00e3o.<\/p>\n<p class=\"x_Texto_Justificado\"><strong>O per\u00edodo das inscri\u00e7\u00f5es ser\u00e1:\u00a0<\/strong>10 (DEZ) DIAS \u00daTEIS a partir do dia \u00fatil subsequente ao dia da publica\u00e7\u00e3o do presente Edital no Di\u00e1rio Oficial da Uni\u00e3o.<\/p>\n<p>&nbsp;<\/p>\n<table>\n<tbody>\n<tr>\n<td colspan=\"3\"><strong>EDITAIS, COMUNICADOS E INFORMA\u00c7\u00d5ES<\/strong><\/td>\n<\/tr>\n<tr>\n<td><strong>Edital de Abertura<\/strong><\/td>\n<td><a href=\"https:\/\/jandaiadosul.ufpr.br\/concursos\/wp-content\/uploads\/sites\/38\/2024\/07\/sei_6861237_edital_227-eng-agricola.pdf\">Edital 227\/2024<\/a><\/td>\n<td><strong>26\/07\/2024<\/strong><\/td>\n<\/tr>\n<tr>\n<td><strong>Edital de Homologa\u00e7\u00e3o das Inscri\u00e7\u00f5es\u00a0<\/strong><\/td>\n<td><a href=\"https:\/\/jandaiadosul.ufpr.br\/concursos\/wp-content\/uploads\/sites\/38\/2024\/08\/sei_6919819_edital_1.pdf\">Edital 01\/24<\/a><\/td>\n<td><strong>13\/08\/2024<\/strong><\/td>\n<\/tr>\n<tr>\n<td><strong>Cronograma<\/strong><\/td>\n<td><a href=\"https:\/\/jandaiadosul.ufpr.br\/concursos\/wp-content\/uploads\/sites\/38\/2024\/08\/sei_6949309_edital_2-1.pdf\">Edital 02\/24<\/a><\/td>\n<td><strong>21\/08\/2024<\/strong><\/td>\n<\/tr>\n<tr>\n<td><strong>Sorteio do ponto e instru\u00e7\u00f5es prova did\u00e1tica<\/strong><\/td>\n<td><a href=\"https:\/\/jandaiadosul.ufpr.br\/concursos\/wp-content\/uploads\/sites\/38\/2024\/08\/sei_6949800_edital_3.pdf\">Edital 03\/24<\/a><\/td>\n<td><strong>21\/08\/2024<\/strong><\/td>\n<\/tr>\n<tr>\n<td><strong>Programa Prova Did\u00e1tica<\/strong><\/td>\n<td><a href=\"https:\/\/jandaiadosul.ufpr.br\/concursos\/wp-content\/uploads\/sites\/38\/2024\/08\/sei_6949893_edital_4.pdf\">Edital 04\/24<\/a><\/td>\n<td><strong>21\/08\/2024<\/strong><\/td>\n<\/tr>\n<tr>\n<td><strong>Resultado do Sorteio do Ponto para Prova Pr\u00e1tica\u00a0<\/strong><\/td>\n<td><a href=\"https:\/\/jandaiadosul.ufpr.br\/concursos\/wp-content\/uploads\/sites\/38\/2024\/07\/sei_6955788_edital_5.pdf\">Edital 05\/24<\/a><\/td>\n<td><strong>22\/08\/2024<\/strong><\/td>\n<\/tr>\n<tr>\n<td><strong>Resultado Final<\/strong><\/td>\n<td><a href=\"https:\/\/jandaiadosul.ufpr.br\/concursos\/wp-content\/uploads\/sites\/38\/2024\/08\/sei_6960618_edital_6-1.pdf\">Edital 06\/24<\/a><\/td>\n<td><strong>23\/08\/2024<\/strong><\/td>\n<\/tr>\n<\/tbody>\n<\/table>\n","protected":false},"excerpt":{"rendered":"<p>I. Teste Seletivo Edital 227\/2024 \u2013 PROGEPE \u00c1rea de Conhecimento:\u00a0Engenharia Agr\u00edcola\/M\u00e1quinas e mecaniza\u00e7\u00e3o Mat\u00e9ria Espec\u00edfica:\u00a0Desenho assistido por computador; Fundamentos em Extens\u00e3o; Tratores e Motores; M\u00e1quinas [&hellip;]<\/p>\n","protected":false},"author":3658,"featured_media":0,"parent":0,"menu_order":0,"comment_status":"closed","ping_status":"closed","template":"","meta":{"_acf_changed":false,"footnotes":""},"class_list":["post-747","page","type-page","status-publish","hentry"],"acf":[],"_links":{"self":[{"href":"https:\/\/jandaiadosul.ufpr.br\/concursos\/wp-json\/wp\/v2\/pages\/747","targetHints":{"allow":["GET"]}}],"collection":[{"href":"https:\/\/jandaiadosul.ufpr.br\/concursos\/wp-json\/wp\/v2\/pages"}],"about":[{"href":"https:\/\/jandaiadosul.ufpr.br\/concursos\/wp-json\/wp\/v2\/types\/page"}],"author":[{"embeddable":true,"href":"https:\/\/jandaiadosul.ufpr.br\/concursos\/wp-json\/wp\/v2\/users\/3658"}],"replies":[{"embeddable":true,"href":"https:\/\/jandaiadosul.ufpr.br\/concursos\/wp-json\/wp\/v2\/comments?post=747"}],"version-history":[{"count":1,"href":"https:\/\/jandaiadosul.ufpr.br\/concursos\/wp-json\/wp\/v2\/pages\/747\/revisions"}],"predecessor-version":[{"id":750,"href":"https:\/\/jandaiadosul.ufpr.br\/concursos\/wp-json\/wp\/v2\/pages\/747\/revisions\/750"}],"wp:attachment":[{"href":"https:\/\/jandaiadosul.ufpr.br\/concursos\/wp-json\/wp\/v2\/media?parent=747"}],"curies":[{"name":"wp","href":"https:\/\/api.w.org\/{rel}","templated":true}]}}