{"id":318,"date":"2024-01-17T13:41:48","date_gmt":"2024-01-17T16:41:48","guid":{"rendered":"https:\/\/jandaiadosul.ufpr.br\/concursos\/?page_id=318"},"modified":"2025-07-18T13:19:44","modified_gmt":"2025-07-18T16:19:44","slug":"contratacao-de-professor-substituto","status":"publish","type":"page","link":"https:\/\/jandaiadosul.ufpr.br\/concursos\/contratacao-de-professor-substituto\/","title":{"rendered":"Contrata\u00e7\u00e3o de Professor Substituto"},"content":{"rendered":"<h1><span style=\"font-size: 14pt\"><strong><a href=\"https:\/\/jandaiadosul.ufpr.br\/concursos\/quimica\/\">Teste Seletivo Qu\u00edmica Geral e F\u00edsico-Qu\u00edmica &#8211; EDITAL N\u00ba 227\/2025 &#8211; Progepe<\/a><\/strong><\/span><\/h1>\n<h1><span style=\"font-size: 14pt\"><strong><a href=\"https:\/\/jandaiadosul.ufpr.br\/concursos\/substfisica\/\">Teste Seletivo F\u00edsica Geral &#8211; EDITAL N\u00ba 177\/2025 &#8211; Progepe<\/a><\/strong><\/span><\/h1>\n<h1><span style=\"font-size: 14pt\"><strong><a href=\"https:\/\/jandaiadosul.ufpr.br\/concursos\/teste-seletivo-ensino-de-quimica-e-quimica-geral-edital-155-25\/\">Teste Seletivo Ensino de Qu\u00edmica e Qu\u00edmica Geral &#8211; Edital 155\/25 &#8211; Progepe<\/a><\/strong><\/span><\/h1>\n<h1><span style=\"font-size: 14pt\"><strong><a href=\"https:\/\/jandaiadosul.ufpr.br\/concursos\/edital-progepe-101-25-computacao\/\">Teste Seletivo COMPUTA\u00c7\u00c3O &#8211; Edital 101\/25 &#8211; Progepe<\/a><\/strong><\/span><\/h1>\n<p><span style=\"font-size: 14pt\"><strong><a href=\"https:\/\/jandaiadosul.ufpr.br\/concursos\/edital-039-2025-matematica\/\">Teste Seletivo Matem\u00e1tica &#8211; edital 039\/25 &#8211; Progepe<\/a><\/strong><\/span><\/p>\n<p>&nbsp;<\/p>\n<p>&nbsp;<\/p>\n<p>&nbsp;<\/p>\n<p><span style=\"font-size: 14pt\"><strong><a href=\"https:\/\/jandaiadosul.ufpr.br\/concursos\/testes-e-concursos-finalizados\/\">Testes Seletivos Finalizados<\/a><\/strong><\/span><\/p>\n","protected":false},"excerpt":{"rendered":"<p>Teste Seletivo Qu\u00edmica Geral e F\u00edsico-Qu\u00edmica &#8211; EDITAL N\u00ba 227\/2025 &#8211; Progepe Teste Seletivo F\u00edsica Geral &#8211; EDITAL N\u00ba 177\/2025 &#8211; Progepe Teste Seletivo Ensino [&hellip;]<\/p>\n","protected":false},"author":3633,"featured_media":0,"parent":0,"menu_order":0,"comment_status":"closed","ping_status":"closed","template":"","meta":{"_acf_changed":false,"footnotes":""},"class_list":["post-318","page","type-page","status-publish","hentry"],"acf":[],"_links":{"self":[{"href":"https:\/\/jandaiadosul.ufpr.br\/concursos\/wp-json\/wp\/v2\/pages\/318","targetHints":{"allow":["GET"]}}],"collection":[{"href":"https:\/\/jandaiadosul.ufpr.br\/concursos\/wp-json\/wp\/v2\/pages"}],"about":[{"href":"https:\/\/jandaiadosul.ufpr.br\/concursos\/wp-json\/wp\/v2\/types\/page"}],"author":[{"embeddable":true,"href":"https:\/\/jandaiadosul.ufpr.br\/concursos\/wp-json\/wp\/v2\/users\/3633"}],"replies":[{"embeddable":true,"href":"https:\/\/jandaiadosul.ufpr.br\/concursos\/wp-json\/wp\/v2\/comments?post=318"}],"version-history":[{"count":78,"href":"https:\/\/jandaiadosul.ufpr.br\/concursos\/wp-json\/wp\/v2\/pages\/318\/revisions"}],"predecessor-version":[{"id":1246,"href":"https:\/\/jandaiadosul.ufpr.br\/concursos\/wp-json\/wp\/v2\/pages\/318\/revisions\/1246"}],"wp:attachment":[{"href":"https:\/\/jandaiadosul.ufpr.br\/concursos\/wp-json\/wp\/v2\/media?parent=318"}],"curies":[{"name":"wp","href":"https:\/\/api.w.org\/{rel}","templated":true}]}}