{"id":1020,"date":"2025-05-26T12:55:31","date_gmt":"2025-05-26T15:55:31","guid":{"rendered":"https:\/\/jandaiadosul.ufpr.br\/concursos\/?page_id=1020"},"modified":"2025-06-18T09:42:15","modified_gmt":"2025-06-18T12:42:15","slug":"substfisica","status":"publish","type":"page","link":"https:\/\/jandaiadosul.ufpr.br\/concursos\/substfisica\/","title":{"rendered":""},"content":{"rendered":"<p>TESTE SELETIVO F\u00cdSICA GERAL &#8211; \u00a0EDITAL N\u00ba 177\/2025 &#8211; PROGEPE<\/p>\n<p class=\"x_Texto_Justificado\"><strong>\u00c1rea de Conhecimento: <\/strong>F\u00edsica Geral<\/p>\n<p class=\"x_Texto_Justificado\"><strong>Mat\u00e9ria Espec\u00edfica: <\/strong>F\u00edsica Geral e F\u00edsica Matem\u00e1tica<\/p>\n<p class=\"x_Texto_Justificado\"><strong>Processo:<\/strong> 23075.027485\/2025-77<\/p>\n<p class=\"x_Texto_Justificado\"><strong>N\u00famero de Vagas<\/strong>: 01 (uma)<\/p>\n<p class=\"x_Texto_Justificado\"><strong>Regime de Trabalho<\/strong>: 20 (vinte) horas semanais<\/p>\n<p class=\"x_Texto_Justificado\"><strong>Requisito:<\/strong> Licenciatura em Ci\u00eancias Exatas F\u00edsica, Licenciatura ou Bacharelado em F\u00edsica, com Mestrado em F\u00edsica, Mestrado em Ensino de F\u00edsica, Mestrado em Ensino de Ci\u00eancias e Matem\u00e1tica (com disserta\u00e7\u00e3o na \u00e1rea de F\u00edsica) obtidos na forma da lei.<\/p>\n<p class=\"x_Texto_Justificado\"><strong>Tipos de Provas<\/strong>: An\u00e1lise de Curr\u00edculo e Prova Did\u00e1tica. Sendo a prova did\u00e1tica de forma presencial.<\/p>\n<p class=\"x_Texto_Justificado\"><strong>Local das Inscri\u00e7\u00f5es<\/strong>: \u00a0As inscri\u00e7\u00f5es ser\u00e3o enviadas exclusivamente para o email\u00a0<strong>uaa.jandaia@ufpr.br<\/strong>, que gerar\u00e1 ao candidato um protocolo de recebimento da inscri\u00e7\u00e3o.<\/p>\n<p class=\"x_Texto_Justificado\"><strong>O per\u00edodo das inscri\u00e7\u00f5es ser\u00e1:<\/strong> 26\/05\/2025 at\u00e9 03\/06\/2025<\/p>\n<p>&nbsp;<\/p>\n<table style=\"border-collapse: collapse;width: 64.9585%;height: 216px\">\n<tbody>\n<tr style=\"height: 24px\">\n<td style=\"width: 30.4468%;height: 24px\"><strong>Edital n\u00b0 177\/2025 &#8211; PROGEPE<\/strong><\/td>\n<td style=\"width: 19.915%;height: 24px\"><span style=\"color: #0000ff\"><strong><a style=\"color: #0000ff\" href=\"https:\/\/progepe.ufpr.br\/a\/concursos\/docente\/concursos_publicos\/editais\/edital177-25.pdf\">Edital n\u00b0 177\/2025<\/a><\/strong><\/span><\/td>\n<td style=\"width: 17.4229%;height: 24px\">22\/05\/2025<\/td>\n<\/tr>\n<tr style=\"height: 24px\">\n<td style=\"width: 30.4468%;height: 24px\"><strong>Comiss\u00e3o de Homologa\u00e7\u00e3o das Inscri\u00e7\u00f5es<\/strong><\/td>\n<td style=\"width: 19.915%;height: 24px\"><span style=\"color: #0000ff\"><strong><a style=\"color: #0000ff\" href=\"https:\/\/jandaiadosul.ufpr.br\/concursos\/wp-content\/uploads\/sites\/38\/2025\/06\/sei_7836412_portaria_35.pdf\">Portaria 35\/25<\/a><\/strong><\/span><\/td>\n<td style=\"width: 17.4229%;height: 24px\">04\/06\/2025<\/td>\n<\/tr>\n<tr style=\"height: 24px\">\n<td style=\"width: 30.4468%;height: 24px\"><strong>Comiss\u00e3o Julgadora<\/strong><\/td>\n<td style=\"width: 19.915%;height: 24px\"><span style=\"color: #0000ff\"><strong><a style=\"color: #0000ff\" href=\"https:\/\/jandaiadosul.ufpr.br\/concursos\/wp-content\/uploads\/sites\/38\/2025\/06\/sei_7836439_portaria_36-1.pdf\">Portaria 36\/25<\/a><\/strong><\/span><\/td>\n<td style=\"width: 17.4229%;height: 24px\">04\/06\/2025<\/td>\n<\/tr>\n<tr style=\"height: 24px\">\n<td style=\"width: 30.4468%;height: 24px\"><strong>Edital de Homologa\u00e7\u00e3o das Inscri\u00e7\u00f5es<\/strong><\/td>\n<td style=\"width: 19.915%;height: 24px\"><span style=\"color: #0000ff\"><strong><a style=\"color: #0000ff\" href=\"https:\/\/jandaiadosul.ufpr.br\/concursos\/wp-content\/uploads\/sites\/38\/2025\/06\/sei_7839272_edital_1.pdf\">Edital 01\/25<\/a><\/strong><\/span><\/td>\n<td style=\"width: 17.4229%;height: 24px\">04\/06\/2025<\/td>\n<\/tr>\n<tr style=\"height: 24px\">\n<td style=\"width: 30.4468%;height: 24px\"><strong>Retifica\u00e7\u00e3o da Homologa\u00e7\u00e3o das Inscri\u00e7\u00f5es<\/strong><\/td>\n<td style=\"width: 19.915%;height: 24px\"><span style=\"color: #0000ff\"><strong><a style=\"color: #0000ff\" href=\"https:\/\/jandaiadosul.ufpr.br\/concursos\/wp-content\/uploads\/sites\/38\/2025\/06\/sei_7852800_edital_1_retificado.pdf\">Edital 01\/25 &#8211; RETIFICADO<\/a><\/strong><\/span><\/td>\n<td style=\"width: 17.4229%;height: 24px\">09\/06\/2025<\/td>\n<\/tr>\n<tr style=\"height: 24px\">\n<td style=\"width: 30.4468%;height: 24px\"><strong>Cronograma<\/strong><\/td>\n<td style=\"width: 19.915%;height: 24px\"><span style=\"color: #0000ff\"><strong><a href=\"https:\/\/jandaiadosul.ufpr.br\/concursos\/wp-content\/uploads\/sites\/38\/2025\/06\/sei_7856552_edital_2.pdf\">Edital 02\/25<\/a><\/strong><\/span><\/td>\n<td style=\"width: 17.4229%;height: 24px\">11\/06\/2025<\/td>\n<\/tr>\n<tr style=\"height: 24px\">\n<td style=\"width: 30.4468%;height: 24px\"><strong>Candidatos Habilitados para a Prova Did\u00e1tica<\/strong><\/td>\n<td style=\"width: 19.915%;height: 24px\"><span style=\"color: #0000ff\"><strong><a href=\"https:\/\/jandaiadosul.ufpr.br\/concursos\/wp-content\/uploads\/sites\/38\/2025\/06\/sei_7856591_edital_3-1.pdf\">Edital 03\/25<\/a><\/strong><\/span><\/td>\n<td style=\"width: 17.4229%;height: 24px\">11\/06\/2025<\/td>\n<\/tr>\n<tr style=\"height: 24px\">\n<td style=\"width: 30.4468%;height: 24px\"><strong>Instru\u00e7\u00f5es para a Prova Did\u00e1tica<\/strong><\/td>\n<td style=\"width: 19.915%;height: 24px\"><span style=\"color: #0000ff\"><strong><a href=\"https:\/\/jandaiadosul.ufpr.br\/concursos\/wp-content\/uploads\/sites\/38\/2025\/06\/sei_7856625_edital_4.pdf\">Edital 04\/25<\/a><\/strong><\/span><\/td>\n<td style=\"width: 17.4229%;height: 24px\">11\/06\/2025<\/td>\n<\/tr>\n<tr style=\"height: 24px\">\n<td style=\"width: 30.4468%;height: 24px\"><strong>Edital de Sorteio de Tema da Prova Did\u00e1tica<\/strong><\/td>\n<td style=\"width: 19.915%;height: 24px\"><span style=\"color: #0000ff\"><strong><a href=\"https:\/\/jandaiadosul.ufpr.br\/concursos\/wp-content\/uploads\/sites\/38\/2025\/06\/sei_7872780_edital_5-2.pdf\">Edital 05\/25<\/a><\/strong><\/span><\/td>\n<td style=\"width: 17.4229%;height: 24px\">17\/06\/2025<\/td>\n<\/tr>\n<tr>\n<td style=\"width: 30.4468%\"><strong>Notas da Prova Did\u00e1tica<\/strong><\/td>\n<td style=\"width: 19.915%\"><span style=\"color: #0000ff\"><strong><br \/>\n<\/strong><a href=\"https:\/\/jandaiadosul.ufpr.br\/concursos\/wp-content\/uploads\/sites\/38\/2025\/06\/sei_7877609_edital_6.pdf\"><strong>Edital 06\/25<\/strong><\/a><\/span><\/td>\n<td style=\"width: 17.4229%\">18\/06\/2025<\/td>\n<\/tr>\n<tr>\n<td style=\"width: 30.4468%\"><strong>Resultado Final<\/strong><\/td>\n<td style=\"width: 19.915%\"><span style=\"color: #0000ff\"><strong><a href=\"https:\/\/jandaiadosul.ufpr.br\/concursos\/wp-content\/uploads\/sites\/38\/2025\/06\/sei_7877667_edital_7.pdf\">Edital 07\/25<\/a><\/strong><\/span><\/td>\n<td style=\"width: 17.4229%\">18\/06\/2025<\/td>\n<\/tr>\n<\/tbody>\n<\/table>\n","protected":false},"excerpt":{"rendered":"<p>TESTE SELETIVO F\u00cdSICA GERAL &#8211; \u00a0EDITAL N\u00ba 177\/2025 &#8211; PROGEPE \u00c1rea de Conhecimento: F\u00edsica Geral Mat\u00e9ria Espec\u00edfica: F\u00edsica Geral e F\u00edsica Matem\u00e1tica Processo: 23075.027485\/2025-77 N\u00famero [&hellip;]<\/p>\n","protected":false},"author":3658,"featured_media":0,"parent":0,"menu_order":0,"comment_status":"closed","ping_status":"closed","template":"","meta":{"_acf_changed":false,"footnotes":""},"class_list":["post-1020","page","type-page","status-publish","hentry"],"acf":[],"_links":{"self":[{"href":"https:\/\/jandaiadosul.ufpr.br\/concursos\/wp-json\/wp\/v2\/pages\/1020","targetHints":{"allow":["GET"]}}],"collection":[{"href":"https:\/\/jandaiadosul.ufpr.br\/concursos\/wp-json\/wp\/v2\/pages"}],"about":[{"href":"https:\/\/jandaiadosul.ufpr.br\/concursos\/wp-json\/wp\/v2\/types\/page"}],"author":[{"embeddable":true,"href":"https:\/\/jandaiadosul.ufpr.br\/concursos\/wp-json\/wp\/v2\/users\/3658"}],"replies":[{"embeddable":true,"href":"https:\/\/jandaiadosul.ufpr.br\/concursos\/wp-json\/wp\/v2\/comments?post=1020"}],"version-history":[{"count":14,"href":"https:\/\/jandaiadosul.ufpr.br\/concursos\/wp-json\/wp\/v2\/pages\/1020\/revisions"}],"predecessor-version":[{"id":1198,"href":"https:\/\/jandaiadosul.ufpr.br\/concursos\/wp-json\/wp\/v2\/pages\/1020\/revisions\/1198"}],"wp:attachment":[{"href":"https:\/\/jandaiadosul.ufpr.br\/concursos\/wp-json\/wp\/v2\/media?parent=1020"}],"curies":[{"name":"wp","href":"https:\/\/api.w.org\/{rel}","templated":true}]}}