{"id":736,"date":"2023-05-23T16:50:55","date_gmt":"2023-05-23T19:50:55","guid":{"rendered":"https:\/\/jandaiadosul.ufpr.br\/sas\/?page_id=736"},"modified":"2023-06-13T17:19:15","modified_gmt":"2023-06-13T20:19:15","slug":"conheca-os-rins","status":"publish","type":"page","link":"https:\/\/jandaiadosul.ufpr.br\/alpem\/conheca-os-rins\/","title":{"rendered":"Conhe\u00e7a os rins"},"content":{"rendered":"<p>&nbsp;<\/p>\n<p><span style=\"font-size: 14pt\"><b>Conhecendo os rins<\/b><\/span><\/p>\n<p>Os rins localizam-se na parte posterior do abdome, um de cada lado da coluna vertebral. Eles t\u00eam o tamanho aproximado de uma m\u00e3o fechada e a apar\u00eancia que lembra um gr\u00e3o de feij\u00e3o.<\/p>\n<p>&nbsp;<\/p>\n<p><img fetchpriority=\"high\" decoding=\"async\" class=\"wp-image-13812 aligncenter\" src=\"https:\/\/jandaiadosul.ufpr.br\/wp-content\/uploads\/2021\/06\/rim-1.jpg\" alt=\"\" width=\"275\" height=\"249\" \/><\/p>\n<p>&nbsp;<\/p>\n<p>Os rins s\u00e3o conhecidos pela fun\u00e7\u00e3o de \u201cfiltrar\u201d o sangue, mas o que isso significa de fato?<\/p>\n<p>Voc\u00ea sabia que a quantidade de \u00e1gua corporal deve ser mantida relativamente constante para o bom funcionamento do organismo? J\u00e1 parou para pensar que o seu corpo est\u00e1 constantemente executando rea\u00e7\u00f5es qu\u00edmicas e que, para isso, \u00e9 necess\u00e1rio que o sangue se mantenha em uma determinada faixa de pH? E que os eletr\u00f3litos como s\u00f3dio, pot\u00e1ssio, c\u00e1lcio e outros devem ser tamb\u00e9m mantidos em um determinado valor? J\u00e1 parou para ponderar que, sem todo esse controle, voc\u00ea pode ir a \u00f3bito? Adivinha qual \u00f3rg\u00e3o controla todos estes par\u00e2metros? Pois \u00e9, o rim. Ele n\u00e3o \u00e9 apenas um \u201cprodutor de urina\u201d e a sua fun\u00e7\u00e3o de \u201cfiltrar\u201d o sangue \u00e9 muito mais complexa do que parece. Os rins s\u00e3o essenciais para a sobreviv\u00eancia do ser humano, por isso dedicamos este texto a ele.<\/p>\n<p>&nbsp;<\/p>\n<p><span style=\"font-size: 14pt\"><b>\u00c1gua<\/b><\/span><\/p>\n<p><img decoding=\"async\" class=\" wp-image-13803 alignleft\" src=\"https:\/\/jandaiadosul.ufpr.br\/wp-content\/uploads\/2021\/06\/agua-1-150x150.png\" alt=\"\" width=\"87\" height=\"86\" \/>Como a quantidade de \u00e1gua que entra no organismo por meio de ingest\u00e3o de l\u00edquidos e alimentos varia consideravelmente, deve haver controle tamb\u00e9m da sa\u00edda para que o equil\u00edbrio se mantenha. N\u00f3s perdemos \u00e1gua pela pele, pela respira\u00e7\u00e3o, pelo suor, at\u00e9 pelas fezes, por\u00e9m, em caso de excesso de \u00e1gua no corpo, s\u00e3o os rins que eliminam o excedente, por meio da urina.<\/p>\n<p>A quantidade m\u00e9dia de urina por dia que produzimos \u00e9 de 1,5 a 2,5 litros, com varia\u00e7\u00f5es entre os indiv\u00edduos. Para se ter uma ideia da efici\u00eancia dos rins no controle h\u00eddrico do organismo, a quantidade di\u00e1ria de urina produzida pode variar de 500mL, em uma pessoa desidratada, at\u00e9 20 litros, em um indiv\u00edduo ingerindo grande quantidade de l\u00edquidos.<\/p>\n<p>&nbsp;<\/p>\n<p><span style=\"font-size: 14pt\"><b>S\u00f3dio<\/b><\/span><\/p>\n<p>A mesma coisa acontece com a quantidade de s\u00f3dio (presente no sal de cozinha). H\u00e1 pessoas que consomem pouco s\u00f3dio e pessoas que consomem muito. Cabe aos rins manter o equil\u00edbrio desse sal no organismo.<img decoding=\"async\" class=\"wp-image-13804 alignright\" src=\"https:\/\/jandaiadosul.ufpr.br\/wp-content\/uploads\/2021\/06\/sal-1-pixabay.jpg\" alt=\"\" width=\"221\" height=\"147\" \/><\/p>\n<p>Se voc\u00ea est\u00e1 com excesso de s\u00f3dio no sangue, quando este sangue chega ao rim, o \u00f3rg\u00e3o \u201cpercebe\u201d o excesso e retira uma parte, encaminhando-a para ser eliminada na urina. Ao contr\u00e1rio, se voc\u00ea est\u00e1 com pouco s\u00f3dio no sangue, o rim reabsorve esse \u00edon, impedindo-o de ser eliminado na urina.<\/p>\n<p>Em termos pr\u00e1ticos, nosso organismo pode perder s\u00f3dio quando h\u00e1 diarreia ou v\u00f4mito, por exemplo, ou ent\u00e3o quando h\u00e1 uso excessivo de medicamento diur\u00e9tico. A queda, especialmente se r\u00e1pida, da quantidade de s\u00f3dio no sangue pode causar edema cerebral, com sintomas de dor de cabe\u00e7a, desorienta\u00e7\u00e3o, convuls\u00f5es, coma, podendo chegar a les\u00e3o cerebral permanente e morte.<\/p>\n<p>&nbsp;<\/p>\n<p><span style=\"font-size: 14pt\"><b>Outros<\/b><\/span><\/p>\n<p>Al\u00e9m de controlar a \u00e1gua e os \u00edons, os rins eliminam as subst\u00e2ncias t\u00f3xicas do organismo, como as resultantes do metabolismo (ureia, creatinina, \u00e1cido \u00farico) ou da ingest\u00e3o de medicamentos, drogas e aditivos aliment\u00edcios.<\/p>\n<p>Os rins ainda impedem a elimina\u00e7\u00e3o pela urina de subst\u00e2ncias \u00fateis ao corpo, como prote\u00ednas, a\u00e7\u00facares e amino\u00e1cidos.<\/p>\n<p>&nbsp;<\/p>\n<p><span style=\"font-size: 14pt\"><b>A urina<\/b><\/span><\/p>\n<p><img loading=\"lazy\" decoding=\"async\" class=\"wp-image-13806 alignleft\" src=\"https:\/\/jandaiadosul.ufpr.br\/wp-content\/uploads\/2021\/06\/rim-3-pixabay.jpg\" alt=\"\" width=\"141\" height=\"184\" \/><\/p>\n<p>O sangue chega ao rim e \u00e9 \u201cseparado\u201d: uma parte retorna \u00e0 corrente sangu\u00ednea e outra entra nos t\u00fabulos renais para ser eliminada em forma de urina.<\/p>\n<p>A urina \u00e9 o l\u00edquido resultante de todos esses processos de \u201cfiltra\u00e7\u00e3o\u201d que os rins fizeram no sangue. Ela segue pelos os ureteres at\u00e9 a bexiga, respons\u00e1vel por seu armazenamento.<\/p>\n<p>&nbsp;<\/p>\n<p>&nbsp;<\/p>\n<p>&nbsp;<\/p>\n<p><span style=\"font-size: 14pt\"><b>Ureteres, bexiga urin\u00e1ria e uretra<\/b><\/span><\/p>\n<p>Os ureteres s\u00e3o ductos que conduzem a urina dos rins at\u00e9 a bexiga. Quando o ureter \u00e9 obstru\u00eddo por um c\u00e1lculo renal, por exemplo, h\u00e1 dor intensa, fazendo que o indiv\u00edduo busque o pronto atendimento rapidamente.<\/p>\n<p>A bexiga \u00e9 um \u00f3rg\u00e3o oco que armazena a urina produzida pelos rins. O percurso da urina ent\u00e3o \u00e9: rins <strong>\u2192<\/strong> ureteres <strong>\u2192<\/strong> bexiga <strong>\u2192<\/strong> uretra<\/p>\n<p>A uretra \u00e9 o \u00faltimo ducto, presente no p\u00eanis e na vagina, respons\u00e1vel pela elimina\u00e7\u00e3o definitiva da urina para o meio externo.<\/p>\n<p>&nbsp;<\/p>\n<p><span style=\"font-size: 14pt\"><b>Insufici\u00eancia renal \u2013 Quando o rim est\u00e1 doente<\/b><\/span><\/p>\n<p>Entendendo melhor as fun\u00e7\u00f5es dos rins, n\u00e3o fica dif\u00edcil compreender que \u201crins doentes\u201d geram: altera\u00e7\u00f5es na press\u00e3o arterial, incha\u00e7o, ac\u00famulo de subst\u00e2ncias t\u00f3xicas, presen\u00e7a de sangue e\/ou prote\u00ednas na urina, desequil\u00edbrio hidreletrol\u00edtico, desequil\u00edbrio \u00e1cido-b\u00e1sico.<\/p>\n<p>Insufici\u00eancia renal, como o nome j\u00e1 diz, \u00e9 o est\u00e1gio em que o rim encontra-se \u201cinsuficiente\u201d. Houve perda consider\u00e1vel da fun\u00e7\u00e3o renal devido a alguma doen\u00e7a que \u201cmachucou\u201d estes \u00f3rg\u00e3os. Sabe quais as doen\u00e7as mais comuns que causam insufici\u00eancia renal cr\u00f4nica? Hipertens\u00e3o arterial (\u201c<a href=\"https:\/\/jandaiadosul.ufpr.br\/sas\/pressao-alta\/\" target=\"_blank\" rel=\"noopener\"><span style=\"text-decoration: underline\"><span style=\"color: #0000ff;text-decoration: underline\">press\u00e3o alta<\/span><\/span><\/a>\u201d) e <a href=\"https:\/\/jandaiadosul.ufpr.br\/sas\/diabetes-mellitus\/\" target=\"_blank\" rel=\"noopener\"><span style=\"text-decoration: underline\"><span style=\"color: #0000ff;text-decoration: underline\">diabetes <i>mellitus<\/i><\/span><\/span><\/a>.<\/p>\n<p>&nbsp;<\/p>\n<p>Se a insufici\u00eancia renal for grave, o indiv\u00edduo dever\u00e1 ser submetido a hemodi\u00e1lise ou a transplante renal, caso contr\u00e1rio, ir\u00e1 a \u00f3bito.<\/p>\n<p>&nbsp;<\/p>\n<p><span style=\"font-size: 14pt\"><b>Hemodi\u00e1lise<\/b><\/span><\/p>\n<p>\u00c9 um procedimento realizado em indiv\u00edduos com insufici\u00eancia renal grave, ou seja, quando os rins praticamente n\u00e3o funcionam mais. O sangue \u00e9 levado, por meio de um circuito tubular, at\u00e9 uma m\u00e1quina onde h\u00e1 um filtro e depois de volta ao corpo. Esse sistema substitui parcialmente as fun\u00e7\u00f5es renais, a ponto de permitir a sobreviv\u00eancia das pessoas que n\u00e3o tem estes \u00f3rg\u00e3os funcionando adequadamente.<\/p>\n<p><img loading=\"lazy\" decoding=\"async\" class=\"wp-image-13813 aligncenter\" src=\"https:\/\/jandaiadosul.ufpr.br\/wp-content\/uploads\/2021\/06\/hemodialise-1.jpg\" alt=\"\" width=\"370\" height=\"225\" \/><\/p>\n<p>&nbsp;<\/p>\n<p>&nbsp;<\/p>\n<p><span style=\"font-size: 10pt\"><b>Autoria<\/b>: Tayn\u00e1<\/span><\/p>\n<p><span style=\"font-size: 10pt\"><strong><b>Junho\/2021<\/b><\/strong><\/span><\/p>\n<p><span style=\"font-size: 10pt\"><b>Refer\u00eancias<\/b>:<\/span><\/p>\n<p><span style=\"font-size: 10pt\">MOORE, K. L.; DALLEY, A. F.; AGUR, A. M. R. Anatomia orientada para a cl\u00ednica \u2013 6<sup>a<\/sup> edi\u00e7\u00e3o<\/span><\/p>\n<p><span style=\"font-size: 10pt\">GUYTON, A. C.; HALL, J. E. Tratado de fisiologia m\u00e9dica \u2013 12<sup>a<\/sup> edi\u00e7\u00e3o<\/span><\/p>\n<p><span style=\"font-size: 10pt\">Sociedade Brasileira de Nefrologia, dispon\u00edvel em: &lt;https:\/\/www.sbn.org.br&gt;<\/span><\/p>\n<p><span style=\"font-size: 10pt\"><strong><b>Imagens dispon\u00edveis em:<\/b><\/strong><\/span><\/p>\n<p><span style=\"font-size: 8pt\">&lt;https:\/\/hubrasilia.com.br\/index.php\/campanha-alerta-amarelo-calculo-renal-pedra-nos-rins\/&gt;<\/span><\/p>\n<p><span style=\"font-size: 8pt\"><strong>&lt;<\/strong>https:\/\/www.flaticon.com\/free-icon\/water_684626?term=water&amp;page=1&amp;position=6&amp;page=1&amp;position=6&amp;related_id=684626&amp;origin=search<strong>&gt;<\/strong><\/span><\/p>\n<p><span style=\"font-size: 8pt\">&lt;https:\/\/pixabay.com\/pt\/photos\/sal-saleiro-o-sal-de-mesa-3285024\/&gt;<\/span><\/p>\n<p><span style=\"font-size: 8pt\">&lt;https:\/\/pixabay.com\/pt\/photos\/bruxelas-manneken-pis-est\u00e1tua-1818803\/&gt;<\/span><\/p>\n<p><span style=\"font-size: 8pt\">&lt;http:\/\/www.institutoendovascular.com.br\/doencas-vasculares\/fistula-para-hemodialise\/&gt;<\/span><\/p>\n","protected":false},"excerpt":{"rendered":"<p>&nbsp; Conhecendo os rins Os rins localizam-se na parte posterior do abdome, um de cada lado da coluna vertebral. Eles t\u00eam o tamanho aproximado de [&hellip;]<\/p>\n","protected":false},"author":3631,"featured_media":0,"parent":0,"menu_order":0,"comment_status":"closed","ping_status":"closed","template":"","meta":{"_acf_changed":false,"footnotes":""},"class_list":["post-736","page","type-page","status-publish","hentry"],"acf":[],"_links":{"self":[{"href":"https:\/\/jandaiadosul.ufpr.br\/alpem\/wp-json\/wp\/v2\/pages\/736","targetHints":{"allow":["GET"]}}],"collection":[{"href":"https:\/\/jandaiadosul.ufpr.br\/alpem\/wp-json\/wp\/v2\/pages"}],"about":[{"href":"https:\/\/jandaiadosul.ufpr.br\/alpem\/wp-json\/wp\/v2\/types\/page"}],"author":[{"embeddable":true,"href":"https:\/\/jandaiadosul.ufpr.br\/alpem\/wp-json\/wp\/v2\/users\/3631"}],"replies":[{"embeddable":true,"href":"https:\/\/jandaiadosul.ufpr.br\/alpem\/wp-json\/wp\/v2\/comments?post=736"}],"version-history":[{"count":6,"href":"https:\/\/jandaiadosul.ufpr.br\/alpem\/wp-json\/wp\/v2\/pages\/736\/revisions"}],"predecessor-version":[{"id":989,"href":"https:\/\/jandaiadosul.ufpr.br\/alpem\/wp-json\/wp\/v2\/pages\/736\/revisions\/989"}],"wp:attachment":[{"href":"https:\/\/jandaiadosul.ufpr.br\/alpem\/wp-json\/wp\/v2\/media?parent=736"}],"curies":[{"name":"wp","href":"https:\/\/api.w.org\/{rel}","templated":true}]}}