{"id":709,"date":"2023-05-23T15:58:36","date_gmt":"2023-05-23T18:58:36","guid":{"rendered":"https:\/\/jandaiadosul.ufpr.br\/sas\/?page_id=709"},"modified":"2023-06-13T16:57:46","modified_gmt":"2023-06-13T19:57:46","slug":"alcool-um-vilao-licito","status":"publish","type":"page","link":"https:\/\/jandaiadosul.ufpr.br\/alpem\/alcool-um-vilao-licito\/","title":{"rendered":"\u00c1lcool, um vil\u00e3o l\u00edcito"},"content":{"rendered":"<p>&nbsp;<\/p>\n<p><img decoding=\"async\" class=\"wp-image-970 alignleft\" src=\"http:\/\/jandaiadosul.ufpr.br\/sas\/wp-content\/uploads\/sites\/12\/2023\/06\/alcoolismo-3.jpg\" alt=\"\" width=\"166\" height=\"130\" srcset=\"https:\/\/jandaiadosul.ufpr.br\/alpem\/wp-content\/uploads\/sites\/12\/2023\/06\/alcoolismo-3.jpg 96w, https:\/\/jandaiadosul.ufpr.br\/alpem\/wp-content\/uploads\/sites\/12\/2023\/06\/alcoolismo-3-73x57.jpg 73w\" sizes=\"(max-width: 166px) 100vw, 166px\" \/><\/p>\n<p><span style=\"font-size: 12pt\">O etanol, \u00e1lcool et\u00edlico ou simplesmente \u00e1lcool \u00e9 uma subst\u00e2ncia considerada psicoativa (ver <a href=\"https:\/\/jandaiadosul.ufpr.br\/sas\/substancias-psicoativas\/\" target=\"_blank\" rel=\"noopener noreferrer\"><span style=\"text-decoration: underline;color: #0000ff\">Subst\u00e2ncias Psicoativas<\/span><\/a>), ou seja, que produz altera\u00e7\u00f5es nas fun\u00e7\u00f5es cerebrais. Pertence \u00e0 classe das drogas depressoras do sistema nervoso, isto \u00e9, subst\u00e2ncias que \u201clentificam\u201d e reduzem a atividade cerebral. Apesar de l\u00edcito, causa preju\u00edzos significativos tanto para pessoas dependentes (etilistas\/alcoolistas\/alco\u00f3latras) quanto para n\u00e3o dependentes que ingiram grandes quantidades.<\/span><\/p>\n<p>&nbsp;<\/p>\n<div>\n<p><span style=\"font-size: 14pt\"><strong>Bebidas fermentadas\u00a0 \u00a0X \u00a0\u00a0Bebidas destiladas<\/strong><\/span><\/p>\n<p>As bebidas alco\u00f3licas fermentadas s\u00e3o produzidas e ingeridas pela humanidade desde os povos antigos. A fermenta\u00e7\u00e3o alco\u00f3lica nada mais \u00e9 do que a produ\u00e7\u00e3o de \u00e1lcool a partir de a\u00e7\u00facares pela a\u00e7\u00e3o de microorganismos (fungos). \u00c9 um processo natural e o resultado \u00e9 uma bebida com relativamente pouco \u00e1lcool em sua composi\u00e7\u00e3o. S\u00e3o bebidas fermentadas: cerveja (3-7% de \u00e1lcool), vinho (12-15% de \u00e1lcool).<\/p>\n<p>J\u00e1 a destila\u00e7\u00e3o \u00e9 um processo por meio do qual se consegue produzir bebidas com teor alco\u00f3lico mais elevado. S\u00e3o bebidas destiladas: u\u00edsque, tequila, cacha\u00e7a, vodca, conhaque, todas com 40 a 60% de \u00e1lcool em sua composi\u00e7\u00e3o.<\/p>\n<\/div>\n<p>&nbsp;<\/p>\n<p>&nbsp;<\/p>\n<div>\n<p><span style=\"font-size: 14pt\"><strong>Efeitos do \u00e1lcool no organismo<\/strong><\/span><\/p>\n<p>Para saber os efeitos da ingest\u00e3o cr\u00f4nica e depend\u00eancia de \u00e1lcool (etilismo ou alcoolismo), leia o texto: <a href=\"https:\/\/jandaiadosul.ufpr.br\/sas\/por-que-a-venda-de-bebidas-alcoolicas-e-proibida-para-menores-de-18-anos\/\" target=\"_blank\" rel=\"noopener\"><span style=\"text-decoration: underline;color: #0000ff\">Por que a venda de bebidas alco\u00f3licas \u00e9 proibida para menores de 18<\/span><span style=\"text-decoration: underline;color: #0000ff\"> anos?<\/span><\/a>. Para saber sobre os efeitos da ingest\u00e3o aguda do \u00e1lcool no organismo, continue a seguir:<\/p>\n<\/div>\n<p>&nbsp;<\/p>\n<div>\n<p><span style=\"font-size: 14pt\"><strong>Intoxica\u00e7\u00e3o aguda pelo \u00e1lcool <\/strong><\/span><\/p>\n<p><strong><img decoding=\"async\" class=\"wp-image-12197 aligncenter\" src=\"https:\/\/jandaiadosul.ufpr.br\/wp-content\/uploads\/2020\/06\/alcool_3.jpg\" alt=\"\" width=\"198\" height=\"183\" \/><\/strong><\/p>\n<p>Intoxica\u00e7\u00e3o aguda \u00e9 o nome que se d\u00e1 quando o indiv\u00edduo ingere grandes quantidades de bebida alco\u00f3lica em um curto espa\u00e7o de tempo, em outras palavras, \u00e9 o ato de embriagar-se. A intoxica\u00e7\u00e3o aguda, portanto, n\u00e3o \u00e9 exclusiva dos alco\u00f3latras, mas sim ocorre com todas as pessoas que bebem em demasia durante uma festa ou um churrasco, por exemplo.<\/p>\n<p>Nos primeiros minutos ap\u00f3s a ingest\u00e3o alco\u00f3lica, os efeitos s\u00e3o considerados bons: sensa\u00e7\u00e3o de prazer, euforia (humor elevado), desinibi\u00e7\u00e3o, relaxamento. Por\u00e9m, com o passar do tempo, surgem os sinais de depress\u00e3o do sistema nervoso, o indiv\u00edduo fica com a fala arrastada, racioc\u00ednio lentificado, falta de coordena\u00e7\u00e3o motora, vis\u00e3o dupla, tontura, n\u00e1useas, v\u00f4mitos, comportamento inadequado, confus\u00e3o e desorienta\u00e7\u00e3o mentais, decl\u00ednio do ju\u00edzo cr\u00edtico, podendo chegar a perda da consci\u00eancia, coma e morte.<\/p>\n<p>Ainda no c\u00e9rebro, o \u00e1lcool inibe a libera\u00e7\u00e3o de um horm\u00f4nio chamado ADH. Isso faz que o indiv\u00edduo urine em grandes quantidades e fique desidratado. J\u00e1 reparou que quando voc\u00ea \u201cexagera na bebida\u201d voc\u00ea vai ao banheiro v\u00e1rias vezes? Pois \u00e9\u2026mais uma vez, \u00e9 o \u00e1lcool agindo no seu sistema nervoso.<\/p>\n<p>Al\u00e9m de todos os efeitos j\u00e1 citados, o \u00e1lcool \u201catrapalha\u201d o metabolismo do a\u00e7\u00facar no f\u00edgado, o que pode levar a hipoglicemia (pouco a\u00e7\u00facar no sangue), coma e morte.<\/p>\n<p>Relembrando: os efeitos supracitados n\u00e3o s\u00e3o exclusivos de indiv\u00edduos ditos alco\u00f3latras, mas sim ocorrem com todos que ingiram \u00e1lcool em quantidades maiores do que o organismo consegue metabolizar.<\/p>\n<\/div>\n<p>&nbsp;<\/p>\n<div>\n<p><span style=\"font-size: 14pt\"><strong>Por que algumas pessoas ficam alcoolizadas mais rapidamente do que outras?<\/strong><\/span><\/p>\n<p>A intensidade dos sintomas da intoxica\u00e7\u00e3o alco\u00f3lica aguda depende de v\u00e1rios fatores, por exemplo, quanto maior a quantidade de \u00e1lcool ingerida, maiores os efeitos no organismo. Lembre-se de que as bebidas destiladas t\u00eam mais \u00e1lcool do que as fermentadas, logo, a ingest\u00e3o de um copo de tequila ou u\u00edsque n\u00e3o equivale \u00e0 ingest\u00e3o de um copo de cerveja, j\u00e1 que a segunda tem bem menos \u00e1lcool do que as primeiras.<\/p>\n<p>Al\u00e9m disso, quanto maior a velocidade de ingest\u00e3o da bebida, maiores os efeitos. Aqui \u00e9 importante dizer que o \u00e1lcool \u00e9 rapidamente absorvido quando o trato gastrointestinal encontra-se vazio, ou seja, quando a pessoa est\u00e1 em jejum. A presen\u00e7a de alimentos no intestino retarda a absor\u00e7\u00e3o alco\u00f3lica e os seus efeitos, consequentemente.<\/p>\n<p>Existem tamb\u00e9m fatores pessoais que fazem os indiv\u00edduos \u201creagirem\u201d diferentemente ao \u00e1lcool, tais como: g\u00eanero, altura, peso, presen\u00e7a de doen\u00e7as, diferen\u00e7as no metabolismo, altera\u00e7\u00f5es gen\u00e9ticas. Os asi\u00e1ticos (ou os descendentes, aqui no Brasil), por exemplo, podem herdar uma altera\u00e7\u00e3o gen\u00e9tica que os fazem mais suscet\u00edveis a apresentar sintomas inc\u00f4modos da liba\u00e7\u00e3o alco\u00f3lica (rubor facial, dor de cabe\u00e7a, n\u00e1useas).<\/p>\n<p>&nbsp;<\/p>\n<p><span style=\"font-size: 14pt\"><strong>Outras consequ\u00eancias da intoxica\u00e7\u00e3o alco\u00f3lica aguda<\/strong><\/span><\/p>\n<p>O indiv\u00edduo embriagado coloca a si mesmo e a terceiros em in\u00fameras situa\u00e7\u00f5es de risco. S\u00e3o v\u00e1rios os exemplos:<\/p>\n<p><strong>\u2666<\/strong> Envolvimento em brigas e outras formas de viol\u00eancia e poss\u00edveis les\u00f5es decorrentes (contus\u00f5es, fraturas, ferimentos por arma branca e de fogo);<\/p>\n<p><strong>\u2666<\/strong> Envolvimento em acidentes de tr\u00e2nsito, com suas potenciais consequ\u00eancias, inclusive a terceiros;<\/p>\n<p><strong>\u2666<\/strong> Comportamento sexual de risco (sexo sem preservativo, sexo com m\u00faltiplos parceiros);<\/p>\n<p><strong>\u2666<\/strong> Quedas de alturas elevadas ou da pr\u00f3pria altura e poss\u00edveis les\u00f5es decorrentes (traumatismos, tetra ou paraplegia);<\/p>\n<p><strong>\u2666<\/strong> Manipula\u00e7\u00e3o inadequada de equipamentos potencialmente perigosos (maquin\u00e1rio industrial, maquin\u00e1rio agr\u00edcola, equipamentos de jardinagem ou mesmo ferramentas de uso comum em resid\u00eancias, como martelos, furadeiras e tesouras) e poss\u00edveis les\u00f5es decorrentes.<\/p>\n<p>&nbsp;<\/p>\n<p><span style=\"font-size: 14pt\"><strong>O que \u00e9 a ressaca?<\/strong><\/span><\/p>\n<p><strong><img decoding=\"async\" class=\"wp-image-12197 alignleft\" src=\"https:\/\/jandaiadosul.ufpr.br\/wp-content\/uploads\/2020\/06\/ressaca.jpg\" alt=\"\" width=\"96\" height=\"171\" \/><\/strong>S\u00e3o sintomas que surgem horas ap\u00f3s uma liba\u00e7\u00e3o alco\u00f3lica, assim que o organismo termina de metabolizar todo o \u00e1lcool ingerido; pode durar 24 horas ou mais. Caracteriza-se por dor de cabe\u00e7a, irritabilidade, ansiedade, cansa\u00e7o, tontura, dor no corpo, boca seca, sede, n\u00e1useas e v\u00f4mitos. A intensidade e a dura\u00e7\u00e3o dos sintomas variam de pessoa a pessoa, contudo, via de regra, quanto mais \u00e1lcool ingerido, pior a ressaca.<\/p>\n<p>A ressaca nada mais \u00e9 do que o organismo tentando se recuperar dos efeitos negativos provocados pelo excesso de \u00e1lcool.<\/p>\n<\/div>\n<p>&nbsp;<\/p>\n<p>&nbsp;<\/p>\n<div>\n<p><span style=\"font-size: 14pt\"><strong>Uma bebida barata pode custar caro<\/strong><\/span><\/p>\n<p>De acordo com a Organiza\u00e7\u00e3o Mundial da Sa\u00fade (OMS), o Brasil perdeu 7,3% do Produto Interno Bruto (PIB) de 2014 em decorr\u00eancia de problemas relacionados ao \u00e1lcool, o que equivaleu, \u00e0 \u00e9poca, a R$ 372 bilh\u00f5es.<\/p>\n<p><img loading=\"lazy\" decoding=\"async\" class=\"wp-image-12198 alignright\" src=\"https:\/\/jandaiadosul.ufpr.br\/wp-content\/uploads\/2020\/06\/alcool_acidente.jpg\" alt=\"\" width=\"200\" height=\"184\" \/>Voc\u00ea j\u00e1 parou para pensar no quanto que o consumo excessivo de \u00e1lcool gera gastos \u00e0 sa\u00fade p\u00fablica e ao bolso do indiv\u00edduo? J\u00e1 pensou nos acidentes de tr\u00e2nsito, por exemplo? Quando estes ocorrem, h\u00e1 custo com o deslocamento dos policiais, do servi\u00e7o de atendimento m\u00f3vel de urg\u00eancia (SAMU), dos bombeiros; h\u00e1 custo na interna\u00e7\u00e3o dos acidentados, nas poss\u00edveis cirurgias realizadas, nos leitos hospitalares (muitas vezes de UTI) ocupados, nas medica\u00e7\u00f5es dispensadas, no tratamento de reabilita\u00e7\u00e3o das les\u00f5es (fisioterapia, por exemplo)\u2026 algu\u00e9m poderia questionar que estes gastos ocorrem em qualquer acidente de tr\u00e2nsito, a diferen\u00e7a est\u00e1 no fato de que os acidentes que envolvem embriaguez s\u00e3o 100% preven\u00edveis.<\/p>\n<p>Al\u00e9m disso, o consumo cr\u00f4nico de \u00e1lcool resulta em v\u00e1rias doen\u00e7as (melhores discutidas em <span style=\"text-decoration: underline;color: #0000ff\"><a style=\"color: #0000ff;text-decoration: underline\" href=\"https:\/\/jandaiadosul.ufpr.br\/sas\/por-que-a-venda-de-bebidas-alcoolicas-e-proibida-para-menores-de-18-anos\/\" target=\"_blank\" rel=\"noopener noreferrer\">Por que a venda de bebidas alco\u00f3licas \u00e9 proibida para menores de 18 anos?<\/a><\/span>, <a href=\"https:\/\/jandaiadosul.ufpr.br\/sas\/pancreatite-aguda\/\" target=\"_blank\" rel=\"noopener noreferrer\"><span style=\"text-decoration: underline;color: #0000ff\">Pancreatite Aguda<\/span>,<\/a> <span style=\"text-decoration: underline;color: #0000ff\"><a style=\"color: #0000ff\" href=\"https:\/\/jandaiadosul.ufpr.br\/sas\/pancreatite-cronica\/\" target=\"_blank\" rel=\"noopener noreferrer\">Pancreatite Cr\u00f4nica<\/a>, <a style=\"color: #0000ff\" href=\"https:\/\/jandaiadosul.ufpr.br\/sas\/ja-ouviu-falar-em-cirrose-hepatica\/\" target=\"_blank\" rel=\"noopener noreferrer\">J\u00e1 ouviu falar em cirrose hep\u00e1tica?<\/a><\/span>), cada uma com sua fatia de custo ao Sistema \u00danico de Sa\u00fade (SUS).<\/p>\n<p>&nbsp;<\/p>\n<p><span style=\"font-size: 14pt\"><strong>Conclus\u00e3o<\/strong><\/span><\/p>\n<p>O \u00e1lcool, apesar de permitido por lei, n\u00e3o \u00e9 uma subst\u00e2ncia in\u00f3cua. Seu consumo exagerado, de forma aguda ou cr\u00f4nica, causa preju\u00edzos not\u00e1veis ao indiv\u00edduo e \u00e0 sociedade como um todo. Se for beber, tenha modera\u00e7\u00e3o, n\u00e3o dirija, n\u00e3o se coloque em situa\u00e7\u00f5es de risco, tampouco cause preju\u00edzo a terceiros. A \u201cpalavra m\u00e1gica\u201d aqui \u00e9 parcim\u00f4nia.<\/p>\n<p>&nbsp;<\/p>\n<p><span style=\"font-size: 10pt\"><strong>Autoria<\/strong>: Tayn\u00e1<\/span><\/p>\n<p><span style=\"font-size: 10pt\"><strong>Junho\/2020<\/strong><\/span><\/p>\n<p><span style=\"font-size: 10pt\"><strong>Refer\u00eancias<\/strong>:<\/span><\/p>\n<p><span style=\"font-size: 10pt\"><em>National Institute on Alcohol Abuse and Alcoholism <\/em>(NIAAA \u2013 <a href=\"https:\/\/www.niaaa.nih.gov\/\">https:\/\/www.niaaa.nih.gov\/<\/a>)<\/span><\/p>\n<p><span style=\"font-size: 10pt\">Centro de Informa\u00e7\u00f5es sobre Sa\u00fade e \u00c1lcool (CISA \u2013 <a href=\"https:\/\/cisa.org.br\/\">https:\/\/cisa.org.br\/<\/a>)<\/span><\/p>\n<p><span style=\"font-size: 10pt\">Livro Medicina Interna de Harrison<\/span><\/p>\n<p><span style=\"font-size: 10pt\">Livro Cl\u00ednica M\u00e9dica da Universidade de S\u00e3o Paulo, 2a edi\u00e7\u00e3o<\/span><\/p>\n<p><span style=\"font-size: 10pt\">Livro \u00c1lcool e suas consequ\u00eancias: uma abordagem multiconceitual<\/span><\/p>\n<p><span style=\"font-size: 10pt\">Artigo da Universidade Federal de S\u00e3o Paulo, dispon\u00edvel em: <strong>&lt;<\/strong><a href=\"https:\/\/www.unifesp.br\/reitoria\/dci\/publicacoes\/entreteses\/item\/2196-problemas-causados-pelo-consumo-custam-7-3-do-pib\">https:\/\/www.unifesp.br\/reitoria\/dci\/publicacoes\/entreteses\/item\/2196-problemas-causados-pelo-consumo-custam-7-3-do-pib<strong>&gt;<\/strong><\/a><\/span><\/p>\n<p><span style=\"font-size: 10pt\"><strong>Imagens dispon\u00edveis em:<\/strong><\/span><\/p>\n<p><span style=\"font-size: 8pt\"><strong>&lt;<\/strong>https:\/\/doctoradriancormillot.com\/el-alcohol-puede-danar-irreparable-en-el-cerebro<strong>&gt;<\/strong><\/span><\/p>\n<p><span style=\"font-size: 8pt\"><strong>&lt;<\/strong>https:\/\/wdrfree.com\/stock-vector\/download\/alcoholism-destroys-the-brain-drunk-fight-bottle-of-vodka-184786536<strong>&gt;<\/strong><\/span><\/p>\n<p><span style=\"font-size: 8pt\"><strong>&lt;<\/strong>https:\/\/cutewallpaper.org\/21\/hangover-images\/view-page-21.html<strong>&gt;<\/strong><\/span><\/p>\n<p><span style=\"font-size: 8pt\"><strong>&lt;<\/strong>http:\/\/oimparcialriopomba.com.br\/imprimir.php?pg=noticia&amp;id=3474&amp;imprimir=S<strong>&gt;<\/strong><\/span><\/p>\n<\/div>\n","protected":false},"excerpt":{"rendered":"<p>&nbsp; O etanol, \u00e1lcool et\u00edlico ou simplesmente \u00e1lcool \u00e9 uma subst\u00e2ncia considerada psicoativa (ver Subst\u00e2ncias Psicoativas), ou seja, que produz altera\u00e7\u00f5es nas fun\u00e7\u00f5es cerebrais. Pertence [&hellip;]<\/p>\n","protected":false},"author":3631,"featured_media":0,"parent":0,"menu_order":0,"comment_status":"closed","ping_status":"closed","template":"","meta":{"_acf_changed":false,"footnotes":""},"class_list":["post-709","page","type-page","status-publish","hentry"],"acf":[],"_links":{"self":[{"href":"https:\/\/jandaiadosul.ufpr.br\/alpem\/wp-json\/wp\/v2\/pages\/709","targetHints":{"allow":["GET"]}}],"collection":[{"href":"https:\/\/jandaiadosul.ufpr.br\/alpem\/wp-json\/wp\/v2\/pages"}],"about":[{"href":"https:\/\/jandaiadosul.ufpr.br\/alpem\/wp-json\/wp\/v2\/types\/page"}],"author":[{"embeddable":true,"href":"https:\/\/jandaiadosul.ufpr.br\/alpem\/wp-json\/wp\/v2\/users\/3631"}],"replies":[{"embeddable":true,"href":"https:\/\/jandaiadosul.ufpr.br\/alpem\/wp-json\/wp\/v2\/comments?post=709"}],"version-history":[{"count":11,"href":"https:\/\/jandaiadosul.ufpr.br\/alpem\/wp-json\/wp\/v2\/pages\/709\/revisions"}],"predecessor-version":[{"id":976,"href":"https:\/\/jandaiadosul.ufpr.br\/alpem\/wp-json\/wp\/v2\/pages\/709\/revisions\/976"}],"wp:attachment":[{"href":"https:\/\/jandaiadosul.ufpr.br\/alpem\/wp-json\/wp\/v2\/media?parent=709"}],"curies":[{"name":"wp","href":"https:\/\/api.w.org\/{rel}","templated":true}]}}