{"id":620,"date":"2023-02-14T11:54:21","date_gmt":"2023-02-14T14:54:21","guid":{"rendered":"https:\/\/jandaiadosul.ufpr.br\/sas\/?page_id=620"},"modified":"2023-06-13T14:47:32","modified_gmt":"2023-06-13T17:47:32","slug":"tenho-hipotireoidismo-e-por-isso-que-estou-acima-do-peso","status":"publish","type":"page","link":"https:\/\/jandaiadosul.ufpr.br\/alpem\/tenho-hipotireoidismo-e-por-isso-que-estou-acima-do-peso\/","title":{"rendered":"Tenho hipotireoidismo, \u00e9 por isso que estou acima do peso?"},"content":{"rendered":"<p>&nbsp;<\/p>\n<p><span style=\"font-size: 14pt\"><strong>O que \u00e9 a tireoide?<\/strong><\/span><\/p>\n<p>\u00c9 uma gl\u00e2ndula localizada no pesco\u00e7o. Ela produz horm\u00f4nios essenciais para o funcionamento do corpo humano, desde o embri\u00e3o, nas gestantes,\u00a0 at\u00e9 crian\u00e7as, adultos e idosos.<\/p>\n<p><img fetchpriority=\"high\" decoding=\"async\" class=\"wp-image-626 aligncenter\" src=\"http:\/\/jandaiadosul.ufpr.br\/sas\/wp-content\/uploads\/sites\/12\/2023\/02\/tireoide.jpg\" alt=\"\" width=\"294\" height=\"194\" srcset=\"https:\/\/jandaiadosul.ufpr.br\/alpem\/wp-content\/uploads\/sites\/12\/2023\/02\/tireoide.jpg 385w, https:\/\/jandaiadosul.ufpr.br\/alpem\/wp-content\/uploads\/sites\/12\/2023\/02\/tireoide-300x198.jpg 300w, https:\/\/jandaiadosul.ufpr.br\/alpem\/wp-content\/uploads\/sites\/12\/2023\/02\/tireoide-149x98.jpg 149w, https:\/\/jandaiadosul.ufpr.br\/alpem\/wp-content\/uploads\/sites\/12\/2023\/02\/tireoide-75x49.jpg 75w\" sizes=\"(max-width: 294px) 100vw, 294px\" \/><\/p>\n<p>&nbsp;<\/p>\n<p><span style=\"font-size: 14pt\"><strong>Para que serve a tireoide?<\/strong><\/span><\/p>\n<p>Mais f\u00e1cil perguntar para que n\u00e3o serve!!<\/p>\n<p>A tireoide tem in\u00fameras fun\u00e7\u00f5es em nosso organismo. Seguem algumas:<\/p>\n<p>\u21d2\u00a0controle do crescimento na inf\u00e2ncia e adolesc\u00eancia;<\/p>\n<p>\u21d2\u00a0est\u00edmulo \u00e0 contra\u00e7\u00e3o do cora\u00e7\u00e3o;<\/p>\n<p>\u21d2\u00a0est\u00edmulo \u00e0 motilidade intestinal (necess\u00e1ria \u00e0 digest\u00e3o);<\/p>\n<p>\u21d2\u00a0est\u00edmulo \u00e0 produ\u00e7\u00e3o de calor no organismo;<\/p>\n<p>\u21d2\u00a0est\u00edmulo \u00e0 produ\u00e7\u00e3o de sangue;<\/p>\n<p>\u21d2\u00a0participa\u00e7\u00e3o no metabolismo da glicose e do colesterol;<\/p>\n<p>\u21d2\u00a0participa\u00e7\u00e3o no metabolismo \u00f3sseo;<\/p>\n<p>\u21d2\u00a0influ\u00eancia no humor, na mem\u00f3ria, na regula\u00e7\u00e3o dos ciclos menstruais<\/p>\n<p>\u21d2\u00a0e por a\u00ed vai\u2026<\/p>\n<p>&nbsp;<\/p>\n<p><span style=\"font-size: 14pt\"><strong>O que \u00e9 o hipotireoidismo?<\/strong><\/span><\/p>\n<p>\u00c9 uma doen\u00e7a causada pela diminui\u00e7\u00e3o dos horm\u00f4nios tireoidianos.<\/p>\n<p>\u00c9 mais comum em mulheres, idosos (&gt;60 anos), pessoas com hist\u00f3ria de hipotireoidismo na fam\u00edlia, pessoas com S\u00edndrome de Down, pessoas com doen\u00e7as autoimunes.<\/p>\n<p>&nbsp;<\/p>\n<p><span style=\"font-size: 14pt\"><strong>O que causa o hipotireoidismo?<\/strong><\/span><\/p>\n<p>Primeiro \u00e9 importante lembrar que os horm\u00f4nios tireoidianos cont\u00eam o elemento iodo em sua composi\u00e7\u00e3o.<\/p>\n<p>Antigamente, no Brasil, a maior causa de hipotireoidismo era a defici\u00eancia de iodo na alimenta\u00e7\u00e3o. O governo brasileiro corrigiu esse problema ao obrigar, em lei de 1974, a adi\u00e7\u00e3o de iodo no sal de cozinha. Hoje em dia, em alguns pa\u00edses do mundo, especialmente na \u00c1frica, a defici\u00eancia de iodo ainda \u00e9 a principal causa de hipotireoidismo.<\/p>\n<p>A principal causa atual de hipotireoidismo no nosso pa\u00eds \u00e9 uma doen\u00e7a autoimune chamada Tireoidite de Hashimoto. Basicamente, o sistema imune do doente \u201cataca\u201d a pr\u00f3pria gl\u00e2ndula tireoide, reduzindo sua capacidade de produ\u00e7\u00e3o hormonal e causando in\u00fameros sintomas.<\/p>\n<p>&nbsp;<\/p>\n<p><span style=\"font-size: 14pt\"><strong>Quais os sintomas de hipotireoidismo?<\/strong><\/span><\/p>\n<p>Como os horm\u00f4nios tireoidianos agem no corpo todo, a falta deles causa sintomas dos mais diversos, tais como:<\/p>\n<p>\u2666 pele seca, \u00e1spera e fria<\/p>\n<p>\u2666 incha\u00e7o na regi\u00e3o das p\u00e1lpebras<\/p>\n<p>\u2666 queda de cabelo<\/p>\n<p>\u2666 cansa\u00e7o, fraqueza<\/p>\n<p>\u2666 sensa\u00e7\u00e3o de frio<\/p>\n<p>\u2666 redu\u00e7\u00e3o da frequ\u00eancia card\u00edaca<\/p>\n<p>\u2666 constipa\u00e7\u00e3o intestinal<\/p>\n<p>\u2666 infertilidade<\/p>\n<p>\u2666 depress\u00e3o<\/p>\n<p>\u2666 dem\u00eancia<\/p>\n<p>\u2666 altera\u00e7\u00f5es neurol\u00f3gicas<\/p>\n<p>\u2666 diversos outros\u2026<\/p>\n<p>&nbsp;<\/p>\n<p><span style=\"font-size: 14pt\"><strong>Como \u00e9 feito o diagn\u00f3stico de hipotireoidismo?<\/strong><\/span><\/p>\n<p>Exame de sangue para ver se os horm\u00f4nios est\u00e3o baixos.<\/p>\n<p>&nbsp;<\/p>\n<p><span style=\"font-size: 14pt\"><strong>Existe tratamento?<\/strong><\/span><\/p>\n<p>Sim, o tratamento \u00e9 feito com medicamento e \u00e9 necess\u00e1rio acompanhamento m\u00e9dico regular com solicita\u00e7\u00e3o\u00a0de exame de sangue para ver se as taxas de horm\u00f4nio est\u00e3o se normalizando.<\/p>\n<p>&nbsp;<\/p>\n<p><span style=\"font-size: 14pt\"><strong>Mas e a respeito do peso? \u00c9 verdade que hipotireoidismo causa obesidade?<\/strong><\/span><\/p>\n<p><strong>N\u00c3O!<\/strong>\u00a0O hipotireoidismo faz o paciente engordar, no m\u00e1ximo, de 3 a 5 quilos, por um ac\u00famulo de l\u00edquido que ocorre na doen\u00e7a. O hipotireoidismo n\u00e3o transforma ningu\u00e9m em obeso!!<\/p>\n<p>&nbsp;<\/p>\n<p><span style=\"color: #000000;font-size: 8pt\"><strong>Autoria<\/strong>: \u00a0Tayn\u00e1<\/span><\/p>\n<p><span style=\"color: #000000;font-size: 8pt\"><strong>Junho\/2020<\/strong><\/span><\/p>\n<p><span style=\"color: #000000;font-size: 8pt\"><strong>Refer\u00eancias<\/strong>:<\/span><\/p>\n<p><span style=\"color: #000000;font-size: 8pt\">Sociedade Brasileira de Endocrinologia e Metabologia<\/span><\/p>\n<p><span style=\"color: #000000;font-size: 8pt\">Minist\u00e9rio da Sa\u00fade<\/span><\/p>\n<p><span style=\"color: #000000;font-size: 8pt\"><strong>Imagem dispon\u00edvel em:<\/strong><\/span><\/p>\n<p><span style=\"color: #000000;font-size: 8pt\">&lt;<span style=\"text-decoration: underline\"><span style=\"color: #0000ff;text-decoration: underline\">https:\/\/abcdamedicina.com.br\/glandula-tireoide-hormonios-e-metabolismo-hipo-e-hipertiroidismo.html<\/span><\/span>&gt;<\/span><\/p>\n","protected":false},"excerpt":{"rendered":"<p>&nbsp; O que \u00e9 a tireoide? \u00c9 uma gl\u00e2ndula localizada no pesco\u00e7o. Ela produz horm\u00f4nios essenciais para o funcionamento do corpo humano, desde o embri\u00e3o, [&hellip;]<\/p>\n","protected":false},"author":3631,"featured_media":0,"parent":0,"menu_order":0,"comment_status":"closed","ping_status":"closed","template":"","meta":{"_acf_changed":false,"footnotes":""},"class_list":["post-620","page","type-page","status-publish","hentry"],"acf":[],"_links":{"self":[{"href":"https:\/\/jandaiadosul.ufpr.br\/alpem\/wp-json\/wp\/v2\/pages\/620","targetHints":{"allow":["GET"]}}],"collection":[{"href":"https:\/\/jandaiadosul.ufpr.br\/alpem\/wp-json\/wp\/v2\/pages"}],"about":[{"href":"https:\/\/jandaiadosul.ufpr.br\/alpem\/wp-json\/wp\/v2\/types\/page"}],"author":[{"embeddable":true,"href":"https:\/\/jandaiadosul.ufpr.br\/alpem\/wp-json\/wp\/v2\/users\/3631"}],"replies":[{"embeddable":true,"href":"https:\/\/jandaiadosul.ufpr.br\/alpem\/wp-json\/wp\/v2\/comments?post=620"}],"version-history":[{"count":9,"href":"https:\/\/jandaiadosul.ufpr.br\/alpem\/wp-json\/wp\/v2\/pages\/620\/revisions"}],"predecessor-version":[{"id":929,"href":"https:\/\/jandaiadosul.ufpr.br\/alpem\/wp-json\/wp\/v2\/pages\/620\/revisions\/929"}],"wp:attachment":[{"href":"https:\/\/jandaiadosul.ufpr.br\/alpem\/wp-json\/wp\/v2\/media?parent=620"}],"curies":[{"name":"wp","href":"https:\/\/api.w.org\/{rel}","templated":true}]}}