{"id":5,"date":"2022-09-05T16:15:41","date_gmt":"2022-09-05T19:15:41","guid":{"rendered":"https:\/\/jandaiadosul.ufpr.br\/sas\/?page_id=5"},"modified":"2025-01-07T10:27:13","modified_gmt":"2025-01-07T13:27:13","slug":"atestado","status":"publish","type":"page","link":"https:\/\/jandaiadosul.ufpr.br\/alpem\/atestado\/","title":{"rendered":"Orienta\u00e7\u00f5es sobre Atestado"},"content":{"rendered":"<p>Prezados(as) servidores(as), observem com bastante aten\u00e7\u00e3o as orienta\u00e7\u00f5es contidas nessa p\u00e1gina. Em caso de d\u00favidas, envie mensagem para pericias.ja@ufpr.br.<\/p>\n<p><a href=\"https:\/\/jandaiadosul.ufpr.br\/alpem\/infografico-o-que-o-atestado-deve-conter\/\" target=\"_blank\" rel=\"noopener\">\u00a0 \u00a0 \u00a0 \u00a0 \u00a0 \u00a0 \u00a0 \u00a0 \u00a0 \u00a0<img fetchpriority=\"high\" decoding=\"async\" class=\"alignnone wp-image-1372\" src=\"http:\/\/jandaiadosul.ufpr.br\/alpem\/wp-content\/uploads\/sites\/12\/2025\/01\/jan25-exigencias-atestado-1.jpg\" alt=\"\" width=\"200\" height=\"500\" srcset=\"https:\/\/jandaiadosul.ufpr.br\/alpem\/wp-content\/uploads\/sites\/12\/2025\/01\/jan25-exigencias-atestado-1.jpg 800w, https:\/\/jandaiadosul.ufpr.br\/alpem\/wp-content\/uploads\/sites\/12\/2025\/01\/jan25-exigencias-atestado-1-120x300.jpg 120w, https:\/\/jandaiadosul.ufpr.br\/alpem\/wp-content\/uploads\/sites\/12\/2025\/01\/jan25-exigencias-atestado-1-410x1024.jpg 410w, https:\/\/jandaiadosul.ufpr.br\/alpem\/wp-content\/uploads\/sites\/12\/2025\/01\/jan25-exigencias-atestado-1-768x1920.jpg 768w, https:\/\/jandaiadosul.ufpr.br\/alpem\/wp-content\/uploads\/sites\/12\/2025\/01\/jan25-exigencias-atestado-1-614x1536.jpg 614w, https:\/\/jandaiadosul.ufpr.br\/alpem\/wp-content\/uploads\/sites\/12\/2025\/01\/jan25-exigencias-atestado-1-39x98.jpg 39w, https:\/\/jandaiadosul.ufpr.br\/alpem\/wp-content\/uploads\/sites\/12\/2025\/01\/jan25-exigencias-atestado-1-23x57.jpg 23w\" sizes=\"(max-width: 200px) 100vw, 200px\" \/><\/a><span style=\"font-size: 8pt\"><strong>\u00a0 \u00a0 \u00a0 \u00a0 \u00a0 \u00a0 \u00a0 \u00a0 \u00a0 \u00a0 <\/strong><\/span>\u00a0<a href=\"https:\/\/jandaiadosul.ufpr.br\/alpem\/atestado-passo-a-passo\/\" target=\"_blank\" rel=\"noopener\"><img decoding=\"async\" class=\"alignnone wp-image-1378\" src=\"http:\/\/jandaiadosul.ufpr.br\/alpem\/wp-content\/uploads\/sites\/12\/2025\/01\/dez24-atestado-passo-a-passo-pdf.jpg\" alt=\"\" width=\"200\" height=\"500\" srcset=\"https:\/\/jandaiadosul.ufpr.br\/alpem\/wp-content\/uploads\/sites\/12\/2025\/01\/dez24-atestado-passo-a-passo-pdf.jpg 800w, https:\/\/jandaiadosul.ufpr.br\/alpem\/wp-content\/uploads\/sites\/12\/2025\/01\/dez24-atestado-passo-a-passo-pdf-120x300.jpg 120w, https:\/\/jandaiadosul.ufpr.br\/alpem\/wp-content\/uploads\/sites\/12\/2025\/01\/dez24-atestado-passo-a-passo-pdf-410x1024.jpg 410w, https:\/\/jandaiadosul.ufpr.br\/alpem\/wp-content\/uploads\/sites\/12\/2025\/01\/dez24-atestado-passo-a-passo-pdf-768x1920.jpg 768w, https:\/\/jandaiadosul.ufpr.br\/alpem\/wp-content\/uploads\/sites\/12\/2025\/01\/dez24-atestado-passo-a-passo-pdf-614x1536.jpg 614w, https:\/\/jandaiadosul.ufpr.br\/alpem\/wp-content\/uploads\/sites\/12\/2025\/01\/dez24-atestado-passo-a-passo-pdf-39x98.jpg 39w, https:\/\/jandaiadosul.ufpr.br\/alpem\/wp-content\/uploads\/sites\/12\/2025\/01\/dez24-atestado-passo-a-passo-pdf-23x57.jpg 23w\" sizes=\"(max-width: 200px) 100vw, 200px\" \/><\/a><span style=\"font-size: 10pt\">\u00a0 \u00a0 \u00a0\u00a0<\/span><\/p>\n<p><span style=\"font-size: 8pt\"><strong>\u00a0 \u00a0 \u00a0 \u00a0 \u00a0 \u00a0 \u00a0 \u00a0 \u00a0 \u00a0 \u00a0 \u00a0 \u00a0 \u00a0 \u00a0 \u00a0 \u00a0 \u00a0 \u00a0 \u00a0 \u00a0 \u00a0 \u00a0 \u00a0 \u00a0 \u00a0 \u00a0 \u00a0 \u00a0 \u00a0 \u00a0 \u00a0 \u00a0(clique na imagem para abrir em uma nova aba)<\/strong><\/span><\/p>\n<p><span style=\"font-size: 12pt;font-family: helvetica, arial, sans-serif\"><span style=\"font-size: 14pt\"><strong><span style=\"font-size: 18pt\">\u21d2<\/span> Como inserir<\/strong>\u00a0<strong>atestado no<\/strong> <strong>SouGov<\/strong>:<\/span>\u00a0<span style=\"text-decoration: underline;color: #0000ff\"><a style=\"color: #0000ff\" href=\"https:\/\/jandaiadosul.ufpr.br\/alpem\/como-inserir-atestado-no-sougov\/\" target=\"_blank\" rel=\"noopener\"><strong>aqui<\/strong><\/a><\/span><\/span><\/p>\n<h4><span style=\"font-size: 12pt;font-family: helvetica, arial, sans-serif\"><span style=\"font-size: 18pt\"><strong>\u21d2<\/strong><\/span> <span style=\"font-size: 14pt\">Orienta\u00e7\u00f5es sobre <b>atestados, per\u00edcias e licen\u00e7as de sa\u00fade<\/b>:<\/span> <a href=\"http:\/\/jandaiadosul.ufpr.br\/alpem\/wp-content\/uploads\/sites\/12\/2025\/01\/jan25-guia-resumido-atestados-e-licencas-saude-1.pdf\" target=\"_blank\" rel=\"noopener\"><span style=\"text-decoration: underline\"><span style=\"color: #0000ff;text-decoration: underline\">aqui<\/span><\/span><\/a><\/span><\/h4>\n<h4><span style=\"font-family: helvetica, arial, sans-serif\"><span style=\"font-size: 12pt\"><span style=\"font-size: 18pt\"><strong>\u21d2<\/strong><\/span> <span style=\"font-size: 14pt\">Orienta\u00e7\u00f5es sobre licen\u00e7a gestante: <\/span><\/span><span style=\"text-decoration: underline\"><span style=\"color: #0000ff;font-size: 12pt\"><a style=\"color: #0000ff;text-decoration: underline\" href=\"https:\/\/progepe.ufpr.br\/manual\/licenca-gestante\/\" target=\"_blank\" rel=\"noopener\">aqui<\/a><\/span><\/span><\/span><\/h4>\n<h4><span style=\"font-size: 12pt;font-family: helvetica, arial, sans-serif\"><span style=\"font-size: 18pt\"><strong>\u21d2<\/strong><\/span> <span style=\"font-size: 14pt\">Manual SIASS completo:<\/span>\u00a0<span style=\"color: #0000ff\"><strong><a style=\"color: #0000ff;text-decoration: underline\" href=\"https:\/\/jandaiadosul.ufpr.br\/wp-content\/uploads\/2017\/07\/MANUAL-DE-PERICIA-OFICIAL-EM-SAUDE-DO-SERVIDOR-PUBLICO-FEDERAL-3A-EDICAO-ANO-2017-VERSAO-28ABR2017.pdf\" target=\"_blank\" rel=\"noopener\">aqui<\/a><\/strong><\/span><\/span><\/h4>\n<h4><span style=\"font-size: 12pt;font-family: helvetica, arial, sans-serif\"><span style=\"font-size: 18pt\"><strong>\u21d2<\/strong><\/span> <span style=\"font-size: 14pt\">Esclarecimentos sobre declara\u00e7\u00e3o de comparecimento:<\/span> <span style=\"color: #0000ff\"><a style=\"color: #0000ff;text-decoration: underline\" href=\"http:\/\/jandaiadosul.ufpr.br\/alpem\/wp-content\/uploads\/sites\/12\/2024\/12\/declaracao-de-comparecimento-2.pdf\" target=\"_blank\" rel=\"noopener\">aqui<\/a><\/span><\/span><\/h4>\n","protected":false},"excerpt":{"rendered":"<p>Prezados(as) servidores(as), observem com bastante aten\u00e7\u00e3o as orienta\u00e7\u00f5es contidas nessa p\u00e1gina. Em caso de d\u00favidas, envie mensagem para pericias.ja@ufpr.br. \u00a0 \u00a0 \u00a0 \u00a0 \u00a0 \u00a0 [&hellip;]<\/p>\n","protected":false},"author":3618,"featured_media":0,"parent":0,"menu_order":0,"comment_status":"closed","ping_status":"closed","template":"","meta":{"_acf_changed":false,"footnotes":""},"class_list":["post-5","page","type-page","status-publish","hentry"],"acf":[],"_links":{"self":[{"href":"https:\/\/jandaiadosul.ufpr.br\/alpem\/wp-json\/wp\/v2\/pages\/5","targetHints":{"allow":["GET"]}}],"collection":[{"href":"https:\/\/jandaiadosul.ufpr.br\/alpem\/wp-json\/wp\/v2\/pages"}],"about":[{"href":"https:\/\/jandaiadosul.ufpr.br\/alpem\/wp-json\/wp\/v2\/types\/page"}],"author":[{"embeddable":true,"href":"https:\/\/jandaiadosul.ufpr.br\/alpem\/wp-json\/wp\/v2\/users\/3618"}],"replies":[{"embeddable":true,"href":"https:\/\/jandaiadosul.ufpr.br\/alpem\/wp-json\/wp\/v2\/comments?post=5"}],"version-history":[{"count":78,"href":"https:\/\/jandaiadosul.ufpr.br\/alpem\/wp-json\/wp\/v2\/pages\/5\/revisions"}],"predecessor-version":[{"id":1408,"href":"https:\/\/jandaiadosul.ufpr.br\/alpem\/wp-json\/wp\/v2\/pages\/5\/revisions\/1408"}],"wp:attachment":[{"href":"https:\/\/jandaiadosul.ufpr.br\/alpem\/wp-json\/wp\/v2\/media?parent=5"}],"curies":[{"name":"wp","href":"https:\/\/api.w.org\/{rel}","templated":true}]}}