{"id":1469,"date":"2025-02-11T09:22:29","date_gmt":"2025-02-11T12:22:29","guid":{"rendered":"https:\/\/jandaiadosul.ufpr.br\/alpem\/?page_id=1469"},"modified":"2025-02-11T09:27:34","modified_gmt":"2025-02-11T12:27:34","slug":"conheca-o-estomago","status":"publish","type":"page","link":"https:\/\/jandaiadosul.ufpr.br\/alpem\/conheca-o-estomago\/","title":{"rendered":"Conhe\u00e7a o est\u00f4mago"},"content":{"rendered":"<p>&nbsp;<\/p>\n<p><span style=\"font-size: 14pt\"><b>O que \u00e9 e qual a fun\u00e7\u00e3o do est\u00f4mago?<\/b><\/span><\/p>\n<p>O est\u00f4mago \u00e9 um \u00f3rg\u00e3o oco localizado na regi\u00e3o superior esquerda do abdome. Com capacidade de 1 a 1,5 litro, faz parte do sistema digest\u00f3rio e \u00e9 respons\u00e1vel, dentre outras coisas, pelo in\u00edcio da digest\u00e3o dos alimentos, especialmente das prote\u00ednas.<\/p>\n<p>Ap\u00f3s a degluti\u00e7\u00e3o, a comida passa por todo o es\u00f4fago e chega ao est\u00f4mago, que tritura os alimentos por meio de movimentos chamados perist\u00e1lticos.<\/p>\n<p>&nbsp;<\/p>\n<p><img fetchpriority=\"high\" decoding=\"async\" class=\"wp-image-1472 aligncenter\" src=\"http:\/\/jandaiadosul.ufpr.br\/alpem\/wp-content\/uploads\/sites\/12\/2025\/02\/abdome-2.jpg\" alt=\"\" width=\"331\" height=\"409\" srcset=\"https:\/\/jandaiadosul.ufpr.br\/alpem\/wp-content\/uploads\/sites\/12\/2025\/02\/abdome-2.jpg 392w, https:\/\/jandaiadosul.ufpr.br\/alpem\/wp-content\/uploads\/sites\/12\/2025\/02\/abdome-2-243x300.jpg 243w, https:\/\/jandaiadosul.ufpr.br\/alpem\/wp-content\/uploads\/sites\/12\/2025\/02\/abdome-2-79x98.jpg 79w, https:\/\/jandaiadosul.ufpr.br\/alpem\/wp-content\/uploads\/sites\/12\/2025\/02\/abdome-2-46x57.jpg 46w\" sizes=\"(max-width: 331px) 100vw, 331px\" \/><\/p>\n<p>&nbsp;<\/p>\n<p>&nbsp;<\/p>\n<p>O pH em que o est\u00f4mago trabalha \u00e9 bem baixo, pois ele produz \u00e1cido clor\u00eddrico (HCl), que \u00e9 necess\u00e1rio na digest\u00e3o das prote\u00ednas e na elimina\u00e7\u00e3o de micro-organismos que possam ter entrado no corpo por meio dos alimentos.<\/p>\n<p><img decoding=\"async\" class=\"wp-image-1475 aligncenter\" src=\"http:\/\/jandaiadosul.ufpr.br\/alpem\/wp-content\/uploads\/sites\/12\/2025\/02\/escala-ph-1.jpg\" alt=\"\" width=\"305\" height=\"367\" srcset=\"https:\/\/jandaiadosul.ufpr.br\/alpem\/wp-content\/uploads\/sites\/12\/2025\/02\/escala-ph-1.jpg 685w, https:\/\/jandaiadosul.ufpr.br\/alpem\/wp-content\/uploads\/sites\/12\/2025\/02\/escala-ph-1-249x300.jpg 249w, https:\/\/jandaiadosul.ufpr.br\/alpem\/wp-content\/uploads\/sites\/12\/2025\/02\/escala-ph-1-81x98.jpg 81w, https:\/\/jandaiadosul.ufpr.br\/alpem\/wp-content\/uploads\/sites\/12\/2025\/02\/escala-ph-1-47x57.jpg 47w\" sizes=\"(max-width: 305px) 100vw, 305px\" \/><\/p>\n<p>&nbsp;<\/p>\n<p>&nbsp;<\/p>\n<p>Uma curiosidade n\u00e3o muito conhecida \u00e9 a participa\u00e7\u00e3o do est\u00f4mago na absor\u00e7\u00e3o de vitamina B12. Essa vitamina \u00e9 absorvida no intestino, por\u00e9m para que isso ocorra, ela precisa estar ligada a uma prote\u00edna chamada fator intr\u00ednseco, produzida no est\u00f4mago.<\/p>\n<p>&nbsp;<\/p>\n<p><span style=\"font-size: 14pt\"><b>Por que o est\u00f4mago n\u00e3o se auto corr\u00f3i se ele \u00e9 t\u00e3o \u00e1cido?<\/b><\/span><\/p>\n<p>Porque existe uma grossa camada de muco rico em bicarbonato revestindo as paredes do \u00f3rg\u00e3o. O bicarbonato neutraliza o HCl, impedindo que ele perfure o est\u00f4mago.<\/p>\n<p>Por\u00e9m, caso haja desequil\u00edbrio na propor\u00e7\u00e3o muco\/HCl, pode ocorrer les\u00f5es no \u00f3rg\u00e3o, denominadas \u00falceras. Frequentemente, as \u00falceras g\u00e1stricas est\u00e3o associadas a uma bact\u00e9ria chamada H. pylori, portanto o tratamento da \u00falcera implica elimina\u00e7\u00e3o da bact\u00e9ria.<\/p>\n<p>O uso excessivo de anti-inflamat\u00f3rios tamb\u00e9m pode acarretar forma\u00e7\u00e3o de \u00falceras, por isso \u00e9 importante se medicar somente ap\u00f3s orienta\u00e7\u00e3o m\u00e9dica.<\/p>\n<p>As \u00falceras g\u00e1stricas, se n\u00e3o tratadas, podem perfurar a parede do est\u00f4mago e atingir \u00f3rg\u00e3os vizinhos ou a cavidade abdominal, podendo levar a complica\u00e7\u00f5es graves e at\u00e9 \u00e0 morte.<\/p>\n<p>&nbsp;<\/p>\n<p><span style=\"font-size: 14pt\"><b>Voc\u00ea sabia que a digest\u00e3o come\u00e7a antes mesmo de o alimento ser ingerido?<\/b><\/span><\/p>\n<p>A primeira fase da digest\u00e3o depende de componentes do sistema nervoso, que s\u00e3o ativados antes mesmo de o alimento chegar \u00e0 boca. Por exemplo, a proximidade da hora em que o indiv\u00edduo costuma se alimentar ou o cheiro da comida s\u00e3o fatores suficientes para iniciar o processo.<\/p>\n<p>Ap\u00f3s esse est\u00edmulo do sistema nervoso, o est\u00f4mago come\u00e7a a produzir \u00e1cido clor\u00eddrico e se prepara para receber o alimento deglutido. Com a ajuda desse \u00e1cido e com os movimentos perist\u00e1lticos, ele \u201cchacoalha\u201d a comida de um lado para outro, permitindo a quebra de mol\u00e9culas complexas em outras mais simples. Ap\u00f3s algumas horas, ele empurra o bolo alimentar para o intestino delgado, que dar\u00e1 continuidade ao processo de digest\u00e3o e absor\u00e7\u00e3o dos nutrientes.<\/p>\n<p>&nbsp;<\/p>\n<p><strong>Sugest\u00f5es de leitura:<\/strong> <span style=\"text-decoration: underline\"><a href=\"https:\/\/jandaiadosul.ufpr.br\/alpem\/ja-ouviu-alguem-reclamando-de-refluxo\/\" target=\"_blank\" rel=\"noopener\"><span style=\"color: #0000ff;text-decoration: underline\">refluxo<\/span><\/a><\/span>, <span style=\"text-decoration: underline\"><span style=\"color: #0000ff\"><a style=\"color: #0000ff;text-decoration: underline\" href=\"https:\/\/jandaiadosul.ufpr.br\/alpem\/cirurgia-da-obesidade\/\" target=\"_blank\" rel=\"noopener\">cirurgia da obesidade<\/a><\/span><\/span><\/p>\n<p>&nbsp;<\/p>\n<p><span style=\"font-size: 10pt\"><b>Autoria<\/b>: Tayn\u00e1 Rolim<\/span><\/p>\n<p><span style=\"font-size: 10pt\">Fev\/2025<\/span><\/p>\n<p><span style=\"font-size: 10pt\"><b>Refer\u00eancias:<\/b><\/span><\/p>\n<p><span style=\"font-size: 10pt\">Anatomia Cl\u00ednica, Sobotta, 1 ed., 2019.<\/span><\/p>\n<p><span style=\"font-size: 10pt\">Fisiologia Ilustrada, 1 ed., 2014.<\/span><\/p>\n<p><span style=\"font-size: 10pt\">Tratado de Fisiologia M\u00e9dica, Guyton e Hall, 14ed, 2021.<\/span><\/p>\n<p><span style=\"font-size: 10pt\"><strong>Imagens dispon\u00edveis em:<\/strong><\/span><\/p>\n<p><span style=\"font-size: 10pt\"><a href=\"http:\/\/biologiaparavida1.blogspot.com\/2014\/02\/sistema-digestorio-humano-digestao-e-um.html\" target=\"_blank\" rel=\"noopener\"><span style=\"font-family: Arial\"><u>http:\/\/biologiaparavida1.blogspot.com\/2014\/02\/sistema-digestorio-humano-digestao-e-um.html<\/u><\/span><\/a><\/span><\/p>\n<p><span style=\"font-size: 10pt\"><a href=\"https:\/\/medidorph.com.br\/o-que-e-ph\/\" target=\"_blank\" rel=\"noopener\"><span style=\"font-family: Arial\"><u>https:\/\/medidorph.com.br\/o-que-e-ph\/<\/u><\/span><\/a><\/span><\/p>\n","protected":false},"excerpt":{"rendered":"<p>&nbsp; O que \u00e9 e qual a fun\u00e7\u00e3o do est\u00f4mago? O est\u00f4mago \u00e9 um \u00f3rg\u00e3o oco localizado na regi\u00e3o superior esquerda do abdome. Com capacidade [&hellip;]<\/p>\n","protected":false},"author":3631,"featured_media":0,"parent":0,"menu_order":0,"comment_status":"closed","ping_status":"closed","template":"","meta":{"_acf_changed":false,"footnotes":""},"class_list":["post-1469","page","type-page","status-publish","hentry"],"acf":[],"_links":{"self":[{"href":"https:\/\/jandaiadosul.ufpr.br\/alpem\/wp-json\/wp\/v2\/pages\/1469","targetHints":{"allow":["GET"]}}],"collection":[{"href":"https:\/\/jandaiadosul.ufpr.br\/alpem\/wp-json\/wp\/v2\/pages"}],"about":[{"href":"https:\/\/jandaiadosul.ufpr.br\/alpem\/wp-json\/wp\/v2\/types\/page"}],"author":[{"embeddable":true,"href":"https:\/\/jandaiadosul.ufpr.br\/alpem\/wp-json\/wp\/v2\/users\/3631"}],"replies":[{"embeddable":true,"href":"https:\/\/jandaiadosul.ufpr.br\/alpem\/wp-json\/wp\/v2\/comments?post=1469"}],"version-history":[{"count":9,"href":"https:\/\/jandaiadosul.ufpr.br\/alpem\/wp-json\/wp\/v2\/pages\/1469\/revisions"}],"predecessor-version":[{"id":1493,"href":"https:\/\/jandaiadosul.ufpr.br\/alpem\/wp-json\/wp\/v2\/pages\/1469\/revisions\/1493"}],"wp:attachment":[{"href":"https:\/\/jandaiadosul.ufpr.br\/alpem\/wp-json\/wp\/v2\/media?parent=1469"}],"curies":[{"name":"wp","href":"https:\/\/api.w.org\/{rel}","templated":true}]}}